{"id":52,"date":"2020-10-07T09:21:13","date_gmt":"2020-10-07T09:21:13","guid":{"rendered":"http:\/\/blog.metu.edu.tr\/zakyurek\/?page_id=52"},"modified":"2020-10-07T09:21:13","modified_gmt":"2020-10-07T09:21:13","slug":"courses","status":"publish","type":"page","link":"https:\/\/blog.metu.edu.tr\/zakyurek\/courses\/","title":{"rendered":"Courses"},"content":{"rendered":"<h2>Prepared Courses<\/h2>\n<ul class=\"co-list\">\n<li class=\"co-data\">CE 378 &#8211; Water Resources Management<\/li>\n<li class=\"co-data\">CE 471 &#8211; Water Resources Management<\/li>\n<li class=\"co-data\">CE 376 &#8211; Engineering Hydrology<\/li>\n<li class=\"co-data\">CE 424 &#8211; Urban Hydrology and Hydraulics<\/li>\n<li class=\"co-data\">CE 477 &#8211; Design of Wastewater Collection Systems<\/li>\n<li class=\"co-data\">CE 413 &#8211; Introduction to GIS<\/li>\n<li class=\"co-data\">GGIT 530 &#8211; Advanced GIS<\/li>\n<li class=\"co-data\">MS 551 &#8211; Fundamentals of GIS<\/li>\n<li class=\"co-data\">GGIT 535 &#8211; Information Systems for Natural Resource Management<\/li>\n<li class=\"co-data\">GGIT 563 &#8211; Microwave Remote Sensing<\/li>\n<li class=\"co-data\">CE 531 &#8211; Advanced Hydrology I<\/li>\n<li class=\"co-data\">CVE 413 &#8211; Introduction to GIS (METU-KKK)<\/li>\n<\/ul>\n<h2>Short Courses Given<\/h2>\n<ul class=\"co-list\">\n<li class=\"co-data\">Introduction to GIS (Co\u011frafi Bilgi Sistemlerine Giri\u015f K\u0131sa Kursu), STM. 5-9.November.2009, Zuhal Aky\u00fcrek<\/li>\n<li class=\"co-data\">Introduction to GIS (Co\u011frafi Bilgi Sistemlerine Giri\u015f K\u0131sa Kursu), 5-9.September.2005, Zuhal Aky\u00fcrek<\/li>\n<li class=\"co-data\">Introduction to GIS (Co\u011frafi Bilgi Sistemlerine Giri\u015f K\u0131sa Kursu), TEIA\u015e. 14-29.March.2005, Zuhal Aky\u00fcrek<\/li>\n<li class=\"co-data\">Training Workshop on Geographic Information Systems and Remote Sensing. Funded by Islamic Bank. 3-14. June.2002, Nur\u00fcnnisa Usul, Zuhal Aky\u00fcrek<\/li>\n<li class=\"co-data\">Co\u011frafi Bilgi Sistemlerine Giri\u015f K\u0131sa Kursu, Afet \u0130\u015fleri Genel M\u00fcd.. 7-20. February.2002 Nur\u00fcnnisa Usul, Zuhal Aky\u00fcrek<\/li>\n<li class=\"co-data\">Introduction to GIS, TES Institute, 4-15.June.2001, Nur\u00fcnnisa Usul, Zuhal Aky\u00fcrek<\/li>\n<li class=\"co-data\">Co\u011frafi Bilgi Sistemlerine Giri\u015f K\u0131sa Kursu, T\u00fcrk TELEKOM. 15-25. August.2000 Nur\u00fcnnisa Usul, Zuhal Aky\u00fcrek<\/li>\n<\/ul>\n<p>&nbsp;<\/p>\n<p>&nbsp;<\/p>\n<p>&nbsp;<\/p>\n<p>&nbsp;<\/p>\n","protected":false},"excerpt":{"rendered":"<p>Prepared Courses CE 378 &#8211; Water Resources Management CE 471 &#8211; Water Resources Management CE 376 &#8211; Engineering Hydrology CE 424 &#8211; Urban Hydrology and Hydraulics CE 477 &#8211; Design of Wastewater Collection Systems CE 413 &#8211; Introduction to GIS GGIT 530 &#8211; Advanced GIS MS 551 &#8211; Fundamentals of GIS GGIT 535 &#8211; Information [&hellip;]<\/p>\n","protected":false},"author":7148,"featured_media":0,"parent":0,"menu_order":0,"comment_status":"closed","ping_status":"closed","template":"","meta":{"footnotes":"","_links_to":"","_links_to_target":""},"class_list":["post-52","page","type-page","status-publish","hentry"],"_links":{"self":[{"href":"https:\/\/blog.metu.edu.tr\/zakyurek\/wp-json\/wp\/v2\/pages\/52","targetHints":{"allow":["GET"]}}],"collection":[{"href":"https:\/\/blog.metu.edu.tr\/zakyurek\/wp-json\/wp\/v2\/pages"}],"about":[{"href":"https:\/\/blog.metu.edu.tr\/zakyurek\/wp-json\/wp\/v2\/types\/page"}],"author":[{"embeddable":true,"href":"https:\/\/blog.metu.edu.tr\/zakyurek\/wp-json\/wp\/v2\/users\/7148"}],"replies":[{"embeddable":true,"href":"https:\/\/blog.metu.edu.tr\/zakyurek\/wp-json\/wp\/v2\/comments?post=52"}],"version-history":[{"count":0,"href":"https:\/\/blog.metu.edu.tr\/zakyurek\/wp-json\/wp\/v2\/pages\/52\/revisions"}],"wp:attachment":[{"href":"https:\/\/blog.metu.edu.tr\/zakyurek\/wp-json\/wp\/v2\/media?parent=52"}],"curies":[{"name":"wp","href":"https:\/\/api.w.org\/{rel}","templated":true}]}}