{"id":7,"date":"2017-11-18T08:54:49","date_gmt":"2017-11-18T08:54:49","guid":{"rendered":"http:\/\/blog.metu.edu.tr\/yucelh\/?page_id=7"},"modified":"2026-04-17T13:45:36","modified_gmt":"2026-04-17T13:45:36","slug":"punlications","status":"publish","type":"page","link":"https:\/\/blog.metu.edu.tr\/yucelh\/punlications\/","title":{"rendered":"Publications"},"content":{"rendered":"<h3>Journal Papers in Review:<\/h3>\n<ul>\n<li style=\"text-align: justify\"><strong>M. Winkler and H. Y\u00fccel<\/strong>, <a href=\"https:\/\/arxiv.org\/abs\/2506.11479\" target=\"_blank\" rel=\"noopener\">A stochastic Galerkin method for optimal Dirichlet boundary control problems with uncertain data<\/a>, 2025.<\/li>\n<li style=\"text-align: justify\"><strong>O. H. Alt\u0131nta\u015f<\/strong>\u00a0 and <strong>H. Y\u00fccel<\/strong>, An Adaptive Algorithm for Shape Optimization, 2025.<\/li>\n<li style=\"text-align: justify\"><strong>P. Benner,\u00a0 M. Hinze, and H. Y\u00fccel<\/strong>, <a href=\"https:\/\/arxiv.org\/abs\/2601.18969\" target=\"_blank\" rel=\"noopener\">A Local Discontinuous Galerkin Method for Dirichlet Boundary Control Problems<\/a>, 2026.<\/li>\n<li style=\"text-align: justify\"><strong>O. H. Alt\u0131nta\u015f<\/strong>\u00a0 and <strong>H. Y\u00fccel<\/strong>,<a href=\"https:\/\/arxiv.org\/abs\/2602.05054\" target=\"_blank\" rel=\"noopener\"> An Adaptive Framework for Robust Structural Shape Optimization under Uncertainty<\/a>, 2026.<\/li>\n<\/ul>\n<h3>Journal Papers:<\/h3>\n<ul>\n<li style=\"text-align: justify\"><strong>P. \u00c7ilo\u011flu and H. Y\u00fccel<\/strong>, <a href=\"https:\/\/www.sciencedirect.com\/science\/article\/pii\/S0377042725005096?via%3Dihub#d1e28905\" target=\"_blank\" rel=\"noopener\">An adaptive algorithm based on stochastic discontinuous Galerkin for convection dominated equations with random data<\/a>, Journal of Computational and Applied Mathematics, 116995, 2025.<\/li>\n<li style=\"text-align: justify\"><strong>M. K\u00fct\u00fck and H. Y\u00fccel<\/strong>, <a href=\"https:\/\/www.sciencedirect.com\/science\/article\/pii\/S1877750325000547\" target=\"_blank\" rel=\"noopener\">Energy dissipation preserving physics informed neural network for Allen-Cahn equations<\/a>, Journal of Computational Science 87, 102577, 2025.<\/li>\n<li style=\"text-align: justify\"><strong>K. Anapa and H. Y\u00fccel<\/strong>, <a href=\"https:\/\/www.sciencedirect.com\/science\/article\/pii\/S0957417424005694?dgcid=author\">A strategy based on statistical modelling and multi-objective optimization to design a dishwasher cleaning cycle,<\/a> Expert Systems with Applications 249, 123703, 2024.<\/li>\n<li style=\"text-align: justify\"><strong>P. \u00c7ilo\u011flu and H. Y\u00fccel<\/strong>, <a href=\"https:\/\/doi.org\/10.1007\/s10444-023-10015-5\" target=\"_blank\" rel=\"noopener\">Stochastic discontinuous Galerkin methods for robust deterministic control of convection diffusion equations with uncertain coefficients<\/a>, Advances in Computational Mathematics, 49, 16, 2023.<\/li>\n<li style=\"text-align: justify\"><strong>S. Can Toraman and H. Y\u00fccel<\/strong>, <a href=\"https:\/\/www.sciencedirect.com\/science\/article\/pii\/S0377042722005179\" target=\"_blank\" rel=\"noopener\">A stochastic gradient algorithm with momentum terms for optimal control problems governed by\u00a0 a convection-diffusion equation with random diffusivity<\/a>, Journal of Computational and Applied Mathematics 422, 114949, 2023.<\/li>\n<li style=\"text-align: justify\"><strong>P. \u00c7ilo\u011flu and H. Y\u00fccel<\/strong>, <a href=\"https:\/\/doi.org\/10.1016\/j.apnum.2021.10.007\" target=\"_blank\" rel=\"noopener\">Stochastic discontinuous Galerkin methods with low&#8211;rank solvers for convection diffusion equations<\/a>, Applied Numerical Mathematics 172, 157-185, 2022.<\/li>\n<li style=\"text-align: justify\"><strong>L. Eksert, H. Y\u00fccel, and E. Onur<\/strong>, <a href=\"https:\/\/www.sciencedirect.com\/science\/article\/pii\/S1389128620312718\" target=\"_blank\" rel=\"noopener noreferrer\">Intra- and Inter-cluster link scheduling in CUPS-based ad hoc networks<\/a>, Computer Networks 185, 107659, 2021.<\/li>\n<li style=\"text-align: justify\"><strong>H. Y\u00fccel<\/strong>, <a href=\"https:\/\/www.sciencedirect.com\/science\/article\/pii\/S0377042720303034?via%3Dihub\">Goal\u2013oriented a posteriori error estimation for Dirichlet boundary control problems<\/a>, Journal of Computational and Applied Mathematics 381, 113012, 2021.<\/li>\n<li style=\"text-align: justify\"><strong>H. Y\u00fccel, M. Stoll and P. Benner<\/strong>, <a href=\"http:\/\/epub.oeaw.ac.at\/?arp=0x003a12c5\">Adaptive discontinuous Galerkin approximation of optimal control problems governed by transient convection-diffusion equations<\/a>, Electronic Transactions on Numerical Analysis (ETNA) 48, 407&#8211;434, 2018.<\/li>\n<li style=\"text-align: justify\"><strong>M. Stoll and H. Y\u00fccel<\/strong>, <a href=\"http:\/\/www.aimspress.com\/article\/10.3934\/Math.2018.1.66\" target=\"_blank\" rel=\"noopener noreferrer\">Symmetric interior penalty Galerkin method for fractional-in-space phase-field equations<\/a>, AIMS Mathematics 3(1), 66-95,\u00a0 2018.<\/li>\n<li style=\"text-align: justify\"><strong>B. Karas\u00f6zen, M. Uzunca, A. Sariaydin Filibelioglu and H. Y\u00fccel,<\/strong>\u00a0<a href=\"http:\/\/www.worldscientific.com\/doi\/abs\/10.1142\/S0219876218500135\" target=\"_blank\" rel=\"noopener noreferrer\">Energy stable discontinuous Galerkin finite element method for the Allen-Cahn equation<\/a>, International Journal of Computational Methods 15(3), 1850013, 2018.<\/li>\n<li style=\"text-align: justify\"><strong>P. Benner and H. Y\u00fccel,\u00a0<\/strong><a href=\"http:\/\/epubs.siam.org\/doi\/abs\/10.1137\/15M1034507\" target=\"_blank\" rel=\"noopener noreferrer\">Adaptive symmetric interior penalty Galerkin method for boundary control problems<\/a>, SIAM Journal on Numerical Analysis 55(2), 1101-1133, 2017.<\/li>\n<li style=\"text-align: justify\"><strong>M. Uzunca, T. K\u00fc\u00e7\u00fckseyhan, H. Y\u00fccel and B. Karas\u00f6zen<\/strong>,\u00a0<a href=\"http:\/\/www.sciencedirect.com\/science\/article\/pii\/S0898122117301074\" target=\"_blank\" rel=\"noopener noreferrer\">Optimal control of convective FitzHugh-Nagumo equation<\/a>, Computers &amp; Mathematics with Applications 73(9), 2151-2169, 2017.<\/li>\n<li style=\"text-align: justify\"><strong>H. Y\u00fccel, M. Stoll and P. Benner<\/strong>,\u00a0<a href=\"http:\/\/www.sciencedirect.com\/science\/article\/pii\/S0898122115004204\" target=\"_blank\" rel=\"noopener noreferrer\">A discontinuous Galerkin method for optimal control problems governed by a system of convection-diffusion PDEs with nonlinear reaction terms<\/a>, Computers &amp; Mathematics with Applications 70(10), 2414-2431, 2015.<\/li>\n<li style=\"text-align: justify\"><strong>H. Y\u00fccel and P. Benner<\/strong>,\u00a0<a href=\"https:\/\/link.springer.com\/article\/10.1007\/s10589-014-9691-7\" target=\"_blank\" rel=\"noopener noreferrer\">Adaptive discontinuous Galerkin methods for state constrained optimal control problems governed by convection diffusion equations<\/a>, Computational Optimization and Applications 62(1), 291-321, 2015.<\/li>\n<li style=\"text-align: justify\"><strong>Z. K. Seymen, H. Y\u00fccel and B. Karas\u00f6zen<\/strong>, <a href=\"http:\/\/www.sciencedirect.com\/science\/article\/pii\/S0377042713006250\" target=\"_blank\" rel=\"noopener noreferrer\">Distributed optimal control of time-dependent diffusion-convection-reaction equations using space-time discretization<\/a>, Journal of Computational and Applied Mathematics (261), 146-157, 2014.<\/li>\n<li style=\"text-align: justify\"><strong>T. Akman, H. Y\u00fccel and B. Karas\u00f6zen<\/strong>,\u00a0<a href=\"https:\/\/link.springer.com\/article\/10.1007\/s10589-013-9601-4\" target=\"_blank\" rel=\"noopener noreferrer\">A priori error analysis of the upwind symmetric interior penalty Galerkin (SIPG) method for the optimal control problems governed by unsteady convection diffusion equations<\/a>, Computational Optimization and Applications (57), 703-729, 2014.<\/li>\n<li style=\"text-align: justify\"><strong>H. Y\u00fccel and B. Karas\u00f6zen<\/strong>,<a href=\"http:\/\/www.tandfonline.com\/doi\/abs\/10.1080\/02331934.2013.801474\" target=\"_blank\" rel=\"noopener noreferrer\">\u00a0Adaptive symmetric interior penalty Galerkin (SIPG) method for optimal control of convection diffusion equations with control constraints<\/a>, Optimization (63), 145-166, 2014.<\/li>\n<li style=\"text-align: justify\"><strong>H. Y\u00fccel, M. Stoll and P. Benner<\/strong>,\u00a0<a href=\"http:\/\/www.sciencedirect.com\/science\/article\/pii\/S0098135413002317\" target=\"_blank\" rel=\"noopener noreferrer\">Discontinuous Galerkin finite element methods with shock-capturing for nonlinear convection dominated models,<\/a> Computers &amp; Chemical Engineering (58), 278-287, 2013.<\/li>\n<\/ul>\n<h3>Conference Proceedings (Refereed) Published:<\/h3>\n<ul>\n<li style=\"text-align: justify\"><strong>H. Y\u00fccel<\/strong>, <a href=\"https:\/\/www.esaim-proc.org\/component\/makeref\/?task=show&amp;type=html&amp;doi=10.1051\/proc\/202171185#:~:text=https%3A\/\/doi.org\/10.1051\/proc\/202171185\" target=\"_blank\" rel=\"noopener\">Residual based a posteriori error estimation for Dirichlet boundary control problems<\/a>, ESAIM: ProcS 71 185-195, 2021.<\/li>\n<li style=\"text-align: justify\"><strong>H. Y\u00fccel, and P. Benner<\/strong>,\u00a0<a href=\"http:\/\/www.springer.com\/in\/book\/9783319107042\" target=\"_blank\" rel=\"noopener noreferrer\">Distributed optimal control problems governed by coupled convection dominated PDEs with control constraints<\/a>, in Assyr Abdulle, Simone Deparis, Daniel Kressner, Fabio Nobile, and Marco Picasso: Numerical Mathematics and Advanced Applications &#8211; ENUMATH 2013, Lecture Notes in Computational Science and Engineering, Springer International Publishing, 469-478, 2015.<\/li>\n<li style=\"text-align: justify\"><strong>H. Y\u00fccel, and B. Karas\u00f6zen<\/strong>,\u00a0<a href=\"https:\/\/link.springer.com\/chapter\/10.1007\/978-3-642-33914-1_11\" target=\"_blank\" rel=\"noopener noreferrer\">Optimal control of diffusion-convection-reaction equations using upwind symmetric interior penalty Galerkin (SIPG) method<\/a>, in Stavros G. Stavrinides, Santo Banerjee, Suleyman Hikmet Caglar, Mehmet Ozer: Chaos and Complex Systems, Springer Berlin Heidelberg, 83-94, 2013.<\/li>\n<li style=\"text-align: justify\"><strong>H. Y\u00fccel, M. Heikenschloss, and B. Karas\u00f6zen<\/strong>,\u00a0<a href=\"https:\/\/link.springer.com\/chapter\/10.1007\/978-3-642-33134-3_42\" target=\"_blank\" rel=\"noopener noreferrer\">Distributed optimal control of diffusion-convection-reaction equations using discontinuous Galerkin methods<\/a>, in Andrea Cangiani, Ruslan L. Davidchack, Emmanuil Georgoulis, Alexander N. Gorban, Jeremy Levesley, Michael V. Tretyakov: Numerical Mathematics and Advanced Applications 2011, Springer Berlin Heidelberg, 389-397, 2013.<\/li>\n<\/ul>\n","protected":false},"excerpt":{"rendered":"<p>Journal Papers in Review: M. Winkler and H. Y\u00fccel, A stochastic Galerkin method for optimal Dirichlet boundary control problems with uncertain data, 2025. O. H. Alt\u0131nta\u015f\u00a0 and H. Y\u00fccel, An Adaptive Algorithm for Shape Optimization, 2025. P. Benner,\u00a0 M. Hinze, and H. Y\u00fccel, A Local Discontinuous Galerkin Method for Dirichlet &#8230;<\/p>\n","protected":false},"author":5177,"featured_media":0,"parent":0,"menu_order":0,"comment_status":"closed","ping_status":"closed","template":"","meta":{"footnotes":"","_links_to":"","_links_to_target":""},"class_list":["post-7","page","type-page","status-publish","hentry","column","twocol"],"_links":{"self":[{"href":"https:\/\/blog.metu.edu.tr\/yucelh\/wp-json\/wp\/v2\/pages\/7","targetHints":{"allow":["GET"]}}],"collection":[{"href":"https:\/\/blog.metu.edu.tr\/yucelh\/wp-json\/wp\/v2\/pages"}],"about":[{"href":"https:\/\/blog.metu.edu.tr\/yucelh\/wp-json\/wp\/v2\/types\/page"}],"author":[{"embeddable":true,"href":"https:\/\/blog.metu.edu.tr\/yucelh\/wp-json\/wp\/v2\/users\/5177"}],"replies":[{"embeddable":true,"href":"https:\/\/blog.metu.edu.tr\/yucelh\/wp-json\/wp\/v2\/comments?post=7"}],"version-history":[{"count":0,"href":"https:\/\/blog.metu.edu.tr\/yucelh\/wp-json\/wp\/v2\/pages\/7\/revisions"}],"wp:attachment":[{"href":"https:\/\/blog.metu.edu.tr\/yucelh\/wp-json\/wp\/v2\/media?parent=7"}],"curies":[{"name":"wp","href":"https:\/\/api.w.org\/{rel}","templated":true}]}}