{"id":74,"date":"2013-09-21T22:03:54","date_gmt":"2013-09-21T22:03:54","guid":{"rendered":"http:\/\/blog.metu.edu.tr\/yisibel\/?page_id=74"},"modified":"2014-10-13T17:15:51","modified_gmt":"2014-10-13T17:15:51","slug":"sozlu-anlatim","status":"publish","type":"page","link":"https:\/\/blog.metu.edu.tr\/yisibel\/ders-izlenceleri-2\/sozlu-anlatim\/","title":{"rendered":"S\u00f6zl\u00fc Anlat\u0131m"},"content":{"rendered":"<table border=\"0\" width=\"640\" cellspacing=\"0\" cellpadding=\"0\">\n<tbody>\n<tr>\n<td colspan=\"10\" width=\"640\" height=\"39\"><strong>S\u00f6zl\u00fc Anlat\u0131m Dersi (6420103), (6420305) Ders \u0130zlencesi<\/strong><\/td>\n<\/tr>\n<tr>\n<td colspan=\"10\" height=\"39\"><strong>Dersin t\u00fcr\u00fc\/ Devam Ko\u015fulu: Zorunlu ders\/ 3 hafta devams\u0131zl\u0131k hakk\u0131<\/strong><\/td>\n<\/tr>\n<tr>\n<td colspan=\"10\" height=\"39\"><strong>Ders saati: 2 ders saati<\/strong><\/td>\n<\/tr>\n<tr>\n<td colspan=\"10\" height=\"39\"><strong>De\u011ferlendirme sistemi: : Ara s\u0131nav % 30, Derse devam ve kat\u0131l\u0131m %10, Sunum %40, Final &amp;20<\/strong><\/td>\n<\/tr>\n<tr>\n<td colspan=\"3\" height=\"20\"><strong>\u00d6\u011fretim \u00dcyesi : Sibel YILMAZ<\/strong><\/td>\n<td><\/td>\n<td><\/td>\n<td><\/td>\n<td><\/td>\n<td><\/td>\n<td><\/td>\n<td><\/td>\n<\/tr>\n<tr>\n<td height=\"20\"><\/td>\n<td><\/td>\n<td><\/td>\n<td><\/td>\n<td><\/td>\n<td><\/td>\n<td><\/td>\n<td><\/td>\n<td><\/td>\n<td><\/td>\n<\/tr>\n<tr>\n<td colspan=\"2\" height=\"39\">Hafta<\/td>\n<td colspan=\"8\">Etkinlikler<\/td>\n<\/tr>\n<tr>\n<td colspan=\"2\" height=\"39\">1. Hafta<\/td>\n<td colspan=\"8\">Tan\u0131\u015fma\/ S\u00f6zl\u00fc Anlat\u0131m dersinin ama\u00e7lar\u0131 ve i\u00e7eri\u011fi<\/td>\n<\/tr>\n<tr>\n<td colspan=\"2\" height=\"39\">2. Hafta<\/td>\n<td colspan=\"8\" width=\"512\"><strong>1. D\u0130L:<\/strong><br \/>\nDilin tan\u0131m\u0131 ve \u00f6zellikleri\/ Dil-d\u00fc\u015f\u00fcnce ili\u015fkisi\/ Dil-k\u00fclt\u00fcr ili\u015fkisi<\/td>\n<\/tr>\n<tr>\n<td colspan=\"2\" height=\"39\">3. Hafta<\/td>\n<td colspan=\"8\">Dil Devrimi \/ Dilde \u00f6zle\u015fme ve tasfiye<\/td>\n<\/tr>\n<tr>\n<td colspan=\"2\" height=\"39\">4. Hafta<\/td>\n<td colspan=\"8\"><strong>2. D\u0130NLEME<\/strong>: Etkili dinleme ve dinleme becerisinin geli\u015ftirilmesi<\/td>\n<\/tr>\n<tr>\n<td colspan=\"2\" height=\"39\">5. Hafta<\/td>\n<td colspan=\"8\"><strong>3. OKUMA<\/strong>: Okuma bi\u00e7imleri \/ Okuma becerisinin geli\u015ftirilmesi<\/td>\n<\/tr>\n<tr>\n<td colspan=\"2\" height=\"39\">6. Hafta<\/td>\n<td colspan=\"8\"><strong>4. ANLATIM<\/strong>: Anlatma kurallar\u0131\/ Anlat\u0131m bi\u00e7imleri\/ S\u00f6zl\u00fc Anlat\u0131m<\/td>\n<\/tr>\n<tr>\n<td colspan=\"2\" height=\"39\">7. Hafta<\/td>\n<td colspan=\"8\" width=\"512\"><strong>5. S\u00d6ZL\u00dc ANLATIM<\/strong>: S\u00f6zl\u00fc anlat\u0131m t\u00fcrleri: Kar\u015f\u0131l\u0131kl\u0131 konu\u015fmalar\/ Topluluk\u00a0\u00a0\u00a0\u00a0\u00a0 kar\u015f\u0131s\u0131nda yap\u0131lan konu\u015fmalar\/ Tart\u0131\u015fmal\u0131 toplant\u0131lar<\/td>\n<\/tr>\n<tr>\n<td colspan=\"2\" height=\"39\">8. Hafta<\/td>\n<td colspan=\"8\">Konu\u015fman\u0131n temel ilkeleri\/ S\u00f6z ve diksiyon sanat\u0131<\/td>\n<\/tr>\n<tr>\n<td colspan=\"2\" height=\"39\">9. Hafta<\/td>\n<td colspan=\"8\">Etkili sunum teknikleri ve beden dili<\/td>\n<\/tr>\n<tr>\n<td colspan=\"2\" height=\"39\">10. Hafta<\/td>\n<td colspan=\"8\"><strong>Ara s\u0131nav<\/strong><\/td>\n<\/tr>\n<tr>\n<td colspan=\"2\" height=\"39\">11. Hafta<\/td>\n<td colspan=\"8\" rowspan=\"5\"><strong>Sunumlar<\/strong><\/td>\n<\/tr>\n<tr>\n<td colspan=\"2\" height=\"39\">12. Hafta<\/td>\n<\/tr>\n<tr>\n<td colspan=\"2\" height=\"39\">13. Hafta<\/td>\n<\/tr>\n<tr>\n<td colspan=\"2\" height=\"39\">14. Hafta<\/td>\n<\/tr>\n<tr>\n<td colspan=\"2\" height=\"39\">15. Hafta<\/td>\n<\/tr>\n<\/tbody>\n<\/table>\n","protected":false},"excerpt":{"rendered":"<p>S\u00f6zl\u00fc Anlat\u0131m Dersi (6420103), (6420305) Ders \u0130zlencesi Dersin t\u00fcr\u00fc\/ Devam Ko\u015fulu: Zorunlu ders\/ 3 hafta devams\u0131zl\u0131k hakk\u0131 Ders saati: 2 ders saati De\u011ferlendirme sistemi: : Ara s\u0131nav % 30, Derse devam ve kat\u0131l\u0131m %10, Sunum %40, Final &amp;20 \u00d6\u011fretim \u00dcyesi : Sibel YILMAZ Hafta Etkinlikler 1. Hafta Tan\u0131\u015fma\/ S\u00f6zl\u00fc Anlat\u0131m dersinin ama\u00e7lar\u0131 ve i\u00e7eri\u011fi 2. [&hellip;]<\/p>\n","protected":false},"author":1140,"featured_media":0,"parent":72,"menu_order":0,"comment_status":"open","ping_status":"open","template":"","meta":{"footnotes":"","_links_to":"","_links_to_target":""},"class_list":["post-74","page","type-page","status-publish","hentry"],"_links":{"self":[{"href":"https:\/\/blog.metu.edu.tr\/yisibel\/wp-json\/wp\/v2\/pages\/74","targetHints":{"allow":["GET"]}}],"collection":[{"href":"https:\/\/blog.metu.edu.tr\/yisibel\/wp-json\/wp\/v2\/pages"}],"about":[{"href":"https:\/\/blog.metu.edu.tr\/yisibel\/wp-json\/wp\/v2\/types\/page"}],"author":[{"embeddable":true,"href":"https:\/\/blog.metu.edu.tr\/yisibel\/wp-json\/wp\/v2\/users\/1140"}],"replies":[{"embeddable":true,"href":"https:\/\/blog.metu.edu.tr\/yisibel\/wp-json\/wp\/v2\/comments?post=74"}],"version-history":[{"count":0,"href":"https:\/\/blog.metu.edu.tr\/yisibel\/wp-json\/wp\/v2\/pages\/74\/revisions"}],"up":[{"embeddable":true,"href":"https:\/\/blog.metu.edu.tr\/yisibel\/wp-json\/wp\/v2\/pages\/72"}],"wp:attachment":[{"href":"https:\/\/blog.metu.edu.tr\/yisibel\/wp-json\/wp\/v2\/media?parent=74"}],"curies":[{"name":"wp","href":"https:\/\/api.w.org\/{rel}","templated":true}]}}