{"id":73,"date":"2013-09-21T22:03:35","date_gmt":"2013-09-21T22:03:35","guid":{"rendered":"http:\/\/blog.metu.edu.tr\/yisibel\/?page_id=73"},"modified":"2014-09-22T09:16:12","modified_gmt":"2014-09-22T09:16:12","slug":"turk-dili-i","status":"publish","type":"page","link":"https:\/\/blog.metu.edu.tr\/yisibel\/ders-izlenceleri-2\/turk-dili-i\/","title":{"rendered":"T\u00fcrk Dili I"},"content":{"rendered":"<p><b>\u00a0<\/b><\/p>\n<p><b>T\u00fcrk Dili I Dersi (6420101), (6420303) Ders \u0130zlencesi<\/b><\/p>\n<p><b>Dersin t\u00fcr\u00fc: Zorunlu\/ Kredisiz<\/b><\/p>\n<p><b>Ders saati: 2 ders saati<\/b><\/p>\n<p>Devam ko\u015fulu: 3 hafta devams\u0131zl\u0131k hakk\u0131<\/p>\n<p><b>De\u011ferlendirme sistemi: : <\/b>Ara s\u0131nav % 20, Sunum% 20, D\u00f6nem sonu s\u0131nav\u0131 % 60. <b><\/b><\/p>\n<p><b><span style=\"text-decoration: underline\">Dersin haftalara g\u00f6re i\u00e7eri\u011fi:<\/span><\/b><\/p>\n<p><b><\/b><b>\u00a0<\/b><b>1.\u00a0<\/b><b>Hafta<\/b>: Tan\u0131\u015fma \/ T\u00fcrk Dili dersinin i\u00e7eri\u011fi ve ama\u00e7lar\u0131<\/p>\n<p><b>2.\u00a0<\/b><b>Hafta<\/b> <b>: Dil:<\/b> Dilin tan\u0131m\u0131, \u00f6zellikleri ve kaynaklar\u0131 \/ Dil edinimi kavram\u0131<\/p>\n<p><b>3.\u00a0<\/b><b>Hafta<\/b>: <b>Dil:<\/b> Dilin g\u00f6stergebilime g\u00f6re tan\u0131mlanmas\u0131 \/ Dil ve ileti\u015fim \/\u00a0 \u0130leti\u015fimi olu\u015fturan \u00f6\u011feler<\/p>\n<p><b>4. \u00a0\u00a0<\/b><b>Hafta<\/b>: <b>Dil:<\/b> Yaz\u0131, konu\u015fma, reklam, bilim, siyaset, k\u00fclt\u00fcr, medya, internet dilleri \/ Yapay dil, \u00f6l\u00e7\u00fcnl\u00fc dil, \u00f6zel dil, anadili, a\u011f\u0131z, leh\u00e7e, \u015five ve argo<\/p>\n<p><b>5.\u00a0<\/b><b>Hafta<\/b>: <b>T\u00fcrk Dili:<\/b> T\u00fcrk dilinin tarih\u00ee geli\u015fimi \/ T\u00fcrk yaz\u0131 dillerinin ve leh\u00e7elerinin s\u0131n\u0131fland\u0131r\u0131lmas\u0131 \/ \u00a0T\u00fcrklerin kulland\u0131\u011f\u0131 alfabele<\/p>\n<p><b>6.\u00a0<\/b><b>Hafta<\/b> :<b>T\u00fcrk Dili<\/b>: \u00a0Dil Devrimi ve nedenleri \/ dilde \u00f6zle\u015fme ve tasfiye kavramlar\u0131<\/p>\n<p><b>7.\u00a0<\/b><b>Hafta<\/b> : <b>T\u00fcrk Dili<\/b>: Dil Devrimi ile ilgili tart\u0131\u015fmalar \/ \u00a0Dil Devrimi\u2019nin sonu\u00e7lar\u0131<\/p>\n<p><b>8.\u00a0<\/b><b>Hafta<\/b> : <b>T\u00fcrk Dili<\/b>: Atat\u00fcrk ve T\u00fcrk dili \/ Atat\u00fcrk\u2019\u00fcn dille ilgili d\u00fc\u015f\u00fcnceleri ve \u00e7al\u0131\u015fmalar\u0131<\/p>\n<p><b>9.\u00a0<\/b><b>Hafta: Dil:<\/b> D\u00fcnya dillerinin s\u0131n\u0131fland\u0131r\u0131lmas\u0131 \/ Dil aileleri \/ T\u00fcrk\u00e7e ile yabanc\u0131 diller aras\u0131ndaki ili\u015fkiler \/ S\u00f6zc\u00fck al\u0131\u015fveri\u015fi ve \u00f6d\u00fcn\u00e7leme.<\/p>\n<p><b>10.<\/b>\u00a0<b>Hafta<\/b>: <b>T\u00fcrk\u00e7enin Bug\u00fcnk\u00fc Durumu<\/b>: T\u00fcrk\u00e7enin s\u00f6z varl\u0131\u011f\u0131 \/ Dilimizde ya\u015fayan Osmanl\u0131ca, \u00d6zt\u00fcrk\u00e7e ve bat\u0131 k\u00f6kenli kelimeler<\/p>\n<p><b>11.\u00a0<\/b>\u00a0<b>Hafta<\/b>: <strong>Ara S\u0131nav<\/strong><\/p>\n<p><b>12.\u00a0\u00a0<\/b><b>Hafta <\/b>: <b>T\u00fcrk\u00e7enin Bug\u00fcnk\u00fc Durumu<\/b> T\u00fcrk\u00e7ede yabanc\u0131 s\u00f6zc\u00fckler \/ Yabanc\u0131 dille e\u011fitim ve bunun yaratt\u0131\u011f\u0131 sorunlar<\/p>\n<p><b>13.\u00a0\u00a0 <\/b><b>\u00a0Hafta<\/b>: <b>T\u00fcrk\u00e7enin Bug\u00fcnk\u00fc Durumu<\/b>: Dil kullan\u0131m\u0131ndaki yanl\u0131\u015flar \/ \u00e7eviri yanl\u0131\u015flar\u0131 ve anlat\u0131m bozukluklar\u0131<\/p>\n<p><b>14.\u00a0<\/b><b>\u00a0Hafta<\/b>: <b>T\u00fcrk\u00e7enin \u00f6zellikleri:<\/b> T\u00fcrk\u00e7enin yap\u0131sal, s\u00f6zdizimsel, anlamsal \u00f6zellikleri ve yaz\u0131m kurallar\u0131<\/p>\n<p><b>15. \u00a0<\/b><b>Hafta <\/b>: <b>T\u00fcrk\u00e7enin \u00f6zellikleri:<\/b> Edebi eserlerde T\u00fcrk\u00e7enin kullan\u0131m\u0131 \/ Edebi dil ve \u015fiir dili.<\/p>\n<p>&nbsp;<\/p>\n<p><strong>Dersle ilgili genel bilgiler:<\/strong><\/p>\n<p>* \u00d6\u011frencilerin dersi ge\u00e7mesi i\u00e7in dersle ilgili y\u00fck\u00fcml\u00fcl\u00fcklerini (ara s\u0131nav-sunum-final) yerine getirmeleri ve en az 60 ortalamaya ula\u015fmalar\u0131 gereklidir. Final s\u0131nav\u0131ndan da yine en az 60 alma zorunlulu\u011fu vard\u0131r.<\/p>\n<p>* Derse devam etmeyen \u00f6\u011frenciler b\u00fct\u00fcnleme s\u0131nav\u0131na girme hakk\u0131n\u0131 elde edemezler. Derse devam etti\u011fi h\u00e2lde U (ba\u015far\u0131s\u0131z) notunu alan \u00f6\u011frenciler b\u00fct\u00fcnleme s\u0131nav\u0131na girebilir.<\/p>\n<p>* Ders yoklamalar\u0131 akademik takvimin ikinci haftas\u0131nda ba\u015flar. \u0130lk hafta derse gelen \u00f6\u011frencilerin yoklama hakk\u0131 ise (3+1) \u015feklindedir.<\/p>\n<p>* Mazeret belirtmeksizin ilk \u00fc\u00e7 hafta derse gelmeyen \u00f6\u011frenci derse devam etme hakk\u0131n\u0131 yitirir.<\/p>\n<p>&nbsp;<\/p>\n<p>&nbsp;<\/p>\n","protected":false},"excerpt":{"rendered":"<p>\u00a0 T\u00fcrk Dili I Dersi (6420101), (6420303) Ders \u0130zlencesi Dersin t\u00fcr\u00fc: Zorunlu\/ Kredisiz Ders saati: 2 ders saati Devam ko\u015fulu: 3 hafta devams\u0131zl\u0131k hakk\u0131 De\u011ferlendirme sistemi: : Ara s\u0131nav % 20, Sunum% 20, D\u00f6nem sonu s\u0131nav\u0131 % 60. Dersin haftalara g\u00f6re i\u00e7eri\u011fi: \u00a01.\u00a0Hafta: Tan\u0131\u015fma \/ T\u00fcrk Dili dersinin i\u00e7eri\u011fi ve ama\u00e7lar\u0131 2.\u00a0Hafta : Dil: Dilin [&hellip;]<\/p>\n","protected":false},"author":1140,"featured_media":0,"parent":72,"menu_order":0,"comment_status":"open","ping_status":"open","template":"","meta":{"footnotes":"","_links_to":"","_links_to_target":""},"class_list":["post-73","page","type-page","status-publish","hentry"],"_links":{"self":[{"href":"https:\/\/blog.metu.edu.tr\/yisibel\/wp-json\/wp\/v2\/pages\/73","targetHints":{"allow":["GET"]}}],"collection":[{"href":"https:\/\/blog.metu.edu.tr\/yisibel\/wp-json\/wp\/v2\/pages"}],"about":[{"href":"https:\/\/blog.metu.edu.tr\/yisibel\/wp-json\/wp\/v2\/types\/page"}],"author":[{"embeddable":true,"href":"https:\/\/blog.metu.edu.tr\/yisibel\/wp-json\/wp\/v2\/users\/1140"}],"replies":[{"embeddable":true,"href":"https:\/\/blog.metu.edu.tr\/yisibel\/wp-json\/wp\/v2\/comments?post=73"}],"version-history":[{"count":0,"href":"https:\/\/blog.metu.edu.tr\/yisibel\/wp-json\/wp\/v2\/pages\/73\/revisions"}],"up":[{"embeddable":true,"href":"https:\/\/blog.metu.edu.tr\/yisibel\/wp-json\/wp\/v2\/pages\/72"}],"wp:attachment":[{"href":"https:\/\/blog.metu.edu.tr\/yisibel\/wp-json\/wp\/v2\/media?parent=73"}],"curies":[{"name":"wp","href":"https:\/\/api.w.org\/{rel}","templated":true}]}}

Türk Dili I

<p><b> </b></p>
<p><b>Türk Dili I Dersi (6420101), (6420303) Ders İzlencesi</b></p>
<p><b>Dersin türü: Zorunlu/ Kredisiz</b></p>
<p><b>Ders saati: 2 ders saati</b></p>
<p>Devam koşulu: 3 hafta devamsızlık hakkı</p>
<p><b>Değerlendirme sistemi: : </b>Ara sınav % 20, Sunum% 20, Dönem sonu sınavı % 60. <b></b></p>
<p><b><span style="text-decoration: underline">Dersin haftalara göre içeriği:</span></b></p>
<p><b></b><b> </b><b>1. </b><b>Hafta</b>: Tanışma / Türk Dili dersinin içeriği ve amaçları</p>
<p><b>2. </b><b>Hafta</b> <b>: Dil:</b> Dilin tanımı, özellikleri ve kaynakları / Dil edinimi kavramı</p>
<p><b>3. </b><b>Hafta</b>: <b>Dil:</b> Dilin göstergebilime göre tanımlanması / Dil ve iletişim /  İletişimi oluşturan öğeler</p>
<p><b>4.   </b><b>Hafta</b>: <b>Dil:</b> Yazı, konuşma, reklam, bilim, siyaset, kültür, medya, internet dilleri / Yapay dil, ölçünlü dil, özel dil, anadili, ağız, lehçe, şive ve argo</p>
<p><b>5. </b><b>Hafta</b>: <b>Türk Dili:</b> Türk dilinin tarihî gelişimi / Türk yazı dillerinin ve lehçelerinin sınıflandırılması /  Türklerin kullandığı alfabele</p>
<p><b>6. </b><b>Hafta</b> :<b>Türk Dili</b>:  Dil Devrimi ve nedenleri / dilde özleşme ve tasfiye kavramları</p>
<p><b>7. </b><b>Hafta</b> : <b>Türk Dili</b>: Dil Devrimi ile ilgili tartışmalar /  Dil Devrimi’nin sonuçları</p>
<p><b>8. </b><b>Hafta</b> : <b>Türk Dili</b>: Atatürk ve Türk dili / Atatürk’ün dille ilgili düşünceleri ve çalışmaları</p>
<p><b>9. </b><b>Hafta: Dil:</b> Dünya dillerinin sınıflandırılması / Dil aileleri / Türkçe ile yabancı diller arasındaki ilişkiler / Sözcük alışverişi ve ödünçleme.</p>
<p><b>10.</b> <b>Hafta</b>: <b>Türkçenin Bugünkü Durumu</b>: Türkçenin söz varlığı / Dilimizde yaşayan Osmanlıca, Öztürkçe ve batı kökenli kelimeler</p>
<p><b>11. </b> <b>Hafta</b>: <strong>Ara Sınav</strong></p>
<p><b>12.  </b><b>Hafta </b>: <b>Türkçenin Bugünkü Durumu</b> Türkçede yabancı sözcükler / Yabancı dille eğitim ve bunun yarattığı sorunlar</p>
<p><b>13.   </b><b> Hafta</b>: <b>Türkçenin Bugünkü Durumu</b>: Dil kullanımındaki yanlışlar / çeviri yanlışları ve anlatım bozuklukları</p>
<p><b>14. </b><b> Hafta</b>: <b>Türkçenin özellikleri:</b> Türkçenin yapısal, sözdizimsel, anlamsal özellikleri ve yazım kuralları</p>
<p><b>15.  </b><b>Hafta </b>: <b>Türkçenin özellikleri:</b> Edebi eserlerde Türkçenin kullanımı / Edebi dil ve şiir dili.</p>
<p>&nbsp;</p>
<p><strong>Dersle ilgili genel bilgiler:</strong></p>
<p>* Öğrencilerin dersi geçmesi için dersle ilgili yükümlülüklerini (ara sınav-sunum-final) yerine getirmeleri ve en az 60 ortalamaya ulaşmaları gereklidir. Final sınavından da yine en az 60 alma zorunluluğu vardır.</p>
<p>* Derse devam etmeyen öğrenciler bütünleme sınavına girme hakkını elde edemezler. Derse devam ettiği hâlde U (başarısız) notunu alan öğrenciler bütünleme sınavına girebilir.</p>
<p>* Ders yoklamaları akademik takvimin ikinci haftasında başlar. İlk hafta derse gelen öğrencilerin yoklama hakkı ise (3+1) şeklindedir.</p>
<p>* Mazeret belirtmeksizin ilk üç hafta derse gelmeyen öğrenci derse devam etme hakkını yitirir.</p>
<p>&nbsp;</p>
<p>&nbsp;</p>

<p>  Türk Dili I Dersi (6420101), (6420303) Ders İzlencesi Dersin türü: Zorunlu/ Kredisiz Ders saati: 2 ders saati Devam koşulu: 3 hafta devamsızlık hakkı Değerlendirme sistemi: : Ara sınav % 20, Sunum% 20, Dönem sonu sınavı % 60. Dersin haftalara göre içeriği:  1. Hafta: Tanışma / Türk Dili dersinin içeriği ve amaçları 2. Hafta : Dil: Dilin [&hellip;]</p>
