{"id":58,"date":"2013-04-12T10:08:15","date_gmt":"2013-04-12T10:08:15","guid":{"rendered":"http:\/\/blog.metu.edu.tr\/yisibel\/?page_id=58"},"modified":"2013-04-12T10:08:36","modified_gmt":"2013-04-12T10:08:36","slug":"kose-yazisi","status":"publish","type":"page","link":"https:\/\/blog.metu.edu.tr\/yisibel\/yazilar\/kose-yazisi\/","title":{"rendered":"K\u00f6\u015fe Yaz\u0131s\u0131"},"content":{"rendered":"<p>Elif \u015eafak&#8217;\u0131n Yasaklanmay\u0131 Hak Eden Bir Kitap Olabilir mi? adl\u0131 yaz\u0131s\u0131n\u0131 a\u015fa\u011f\u0131daki ba\u011flant\u0131dan okuyabilirsiniz.<\/p>\n<p><a href=\"http:\/\/www.haberturk.com\/yazarlar\/elif-safak\/759050-yasaklanmayi-hak-eden-bir-kitap-olabilir-mi\">http:\/\/www.haberturk.com\/yazarlar\/elif-safak\/759050-yasaklanmayi-hak-eden-bir-kitap-olabilir-mi<\/a><\/p>\n","protected":false},"excerpt":{"rendered":"<p>Elif \u015eafak&#8217;\u0131n Yasaklanmay\u0131 Hak Eden Bir Kitap Olabilir mi? adl\u0131 yaz\u0131s\u0131n\u0131 a\u015fa\u011f\u0131daki ba\u011flant\u0131dan okuyabilirsiniz. http:\/\/www.haberturk.com\/yazarlar\/elif-safak\/759050-yasaklanmayi-hak-eden-bir-kitap-olabilir-mi<\/p>\n","protected":false},"author":1140,"featured_media":0,"parent":57,"menu_order":1,"comment_status":"open","ping_status":"open","template":"","meta":{"footnotes":"","_links_to":"","_links_to_target":""},"class_list":["post-58","page","type-page","status-publish","hentry"],"_links":{"self":[{"href":"https:\/\/blog.metu.edu.tr\/yisibel\/wp-json\/wp\/v2\/pages\/58","targetHints":{"allow":["GET"]}}],"collection":[{"href":"https:\/\/blog.metu.edu.tr\/yisibel\/wp-json\/wp\/v2\/pages"}],"about":[{"href":"https:\/\/blog.metu.edu.tr\/yisibel\/wp-json\/wp\/v2\/types\/page"}],"author":[{"embeddable":true,"href":"https:\/\/blog.metu.edu.tr\/yisibel\/wp-json\/wp\/v2\/users\/1140"}],"replies":[{"embeddable":true,"href":"https:\/\/blog.metu.edu.tr\/yisibel\/wp-json\/wp\/v2\/comments?post=58"}],"version-history":[{"count":0,"href":"https:\/\/blog.metu.edu.tr\/yisibel\/wp-json\/wp\/v2\/pages\/58\/revisions"}],"up":[{"embeddable":true,"href":"https:\/\/blog.metu.edu.tr\/yisibel\/wp-json\/wp\/v2\/pages\/57"}],"wp:attachment":[{"href":"https:\/\/blog.metu.edu.tr\/yisibel\/wp-json\/wp\/v2\/media?parent=58"}],"curies":[{"name":"wp","href":"https:\/\/api.w.org\/{rel}","templated":true}]}}

Köşe Yazısı

<p>Elif Şafak&#8217;ın Yasaklanmayı Hak Eden Bir Kitap Olabilir mi? adlı yazısını aşağıdaki bağlantıdan okuyabilirsiniz.</p>
<p><a href="http://www.haberturk.com/yazarlar/elif-safak/759050-yasaklanmayi-hak-eden-bir-kitap-olabilir-mi">http://www.haberturk.com/yazarlar/elif-safak/759050-yasaklanmayi-hak-eden-bir-kitap-olabilir-mi</a></p>

<p>Elif Şafak&#8217;ın Yasaklanmayı Hak Eden Bir Kitap Olabilir mi? adlı yazısını aşağıdaki bağlantıdan okuyabilirsiniz. http://www.haberturk.com/yazarlar/elif-safak/759050-yasaklanmayi-hak-eden-bir-kitap-olabilir-mi</p>
