{"id":130,"date":"2014-09-22T08:38:29","date_gmt":"2014-09-22T08:38:29","guid":{"rendered":"http:\/\/blog.metu.edu.tr\/yisibel\/?page_id=130"},"modified":"2014-09-22T08:38:29","modified_gmt":"2014-09-22T08:38:29","slug":"akillara-zarar-sarki-sozleri","status":"publish","type":"page","link":"https:\/\/blog.metu.edu.tr\/yisibel\/eglencelik\/akillara-zarar-sarki-sozleri\/","title":{"rendered":"Ak\u0131llara Zarar \u015eark\u0131 S\u00f6zleri"},"content":{"rendered":"<p>T\u00fcrk\u00e7e \u015fark\u0131 s\u00f6zlerinde dilimizin ne kadar iyi kullan\u0131ld\u0131\u011f\u0131n\u0131n bir g\u00f6stergesi i\u00e7in bak\u0131n\u0131z:<\/p>\n<p>http:\/\/onedio.com\/haber\/sozlerinde-acayip-mantik-hatalari-bulunan-15-turkce-sarki-355243<\/p>\n","protected":false},"excerpt":{"rendered":"<p>T\u00fcrk\u00e7e \u015fark\u0131 s\u00f6zlerinde dilimizin ne kadar iyi kullan\u0131ld\u0131\u011f\u0131n\u0131n bir g\u00f6stergesi i\u00e7in bak\u0131n\u0131z: http:\/\/onedio.com\/haber\/sozlerinde-acayip-mantik-hatalari-bulunan-15-turkce-sarki-355243<\/p>\n","protected":false},"author":1140,"featured_media":0,"parent":113,"menu_order":0,"comment_status":"open","ping_status":"open","template":"","meta":{"footnotes":"","_links_to":"","_links_to_target":""},"class_list":["post-130","page","type-page","status-publish","hentry"],"_links":{"self":[{"href":"https:\/\/blog.metu.edu.tr\/yisibel\/wp-json\/wp\/v2\/pages\/130","targetHints":{"allow":["GET"]}}],"collection":[{"href":"https:\/\/blog.metu.edu.tr\/yisibel\/wp-json\/wp\/v2\/pages"}],"about":[{"href":"https:\/\/blog.metu.edu.tr\/yisibel\/wp-json\/wp\/v2\/types\/page"}],"author":[{"embeddable":true,"href":"https:\/\/blog.metu.edu.tr\/yisibel\/wp-json\/wp\/v2\/users\/1140"}],"replies":[{"embeddable":true,"href":"https:\/\/blog.metu.edu.tr\/yisibel\/wp-json\/wp\/v2\/comments?post=130"}],"version-history":[{"count":0,"href":"https:\/\/blog.metu.edu.tr\/yisibel\/wp-json\/wp\/v2\/pages\/130\/revisions"}],"up":[{"embeddable":true,"href":"https:\/\/blog.metu.edu.tr\/yisibel\/wp-json\/wp\/v2\/pages\/113"}],"wp:attachment":[{"href":"https:\/\/blog.metu.edu.tr\/yisibel\/wp-json\/wp\/v2\/media?parent=130"}],"curies":[{"name":"wp","href":"https:\/\/api.w.org\/{rel}","templated":true}]}}