{"id":121,"date":"2014-02-16T10:01:31","date_gmt":"2014-02-16T10:01:31","guid":{"rendered":"http:\/\/blog.metu.edu.tr\/yisibel\/?page_id=121"},"modified":"2014-02-16T10:01:31","modified_gmt":"2014-02-16T10:01:31","slug":"yazili-anlatim","status":"publish","type":"page","link":"https:\/\/blog.metu.edu.tr\/yisibel\/ders-izlenceleri-2\/yazili-anlatim\/","title":{"rendered":"Yaz\u0131l\u0131 Anlat\u0131m"},"content":{"rendered":"<table width=\"666\" border=\"0\" cellspacing=\"0\" cellpadding=\"0\">\n<col span=\"9\" width=\"64\" \/>\n<col width=\"90\" \/>\n<tbody>\n<tr>\n<td colspan=\"10\" width=\"666\" height=\"39\">Yaz\u0131l\u0131 Anlat\u0131m Dersi (6420104), (6420306) Ders \u0130zlencesi<\/td>\n<\/tr>\n<tr>\n<td colspan=\"10\" height=\"39\">Dersin t\u00fcr\u00fc\/ Devam Ko\u015fulu: Zorunlu ders\/3 hafta devams\u0131zl\u0131k hakk\u0131<\/td>\n<\/tr>\n<tr>\n<td colspan=\"10\" height=\"39\">Ders saati: 2 ders saati<\/td>\n<\/tr>\n<tr>\n<td colspan=\"10\" width=\"666\" height=\"48\">De\u011ferlendirme sistemi: : Ara s\u0131nav % 30, Derse devam ve kat\u0131l\u0131m %10,<\/p>\n<p>Sunum %10, D\u00f6nem Sonu S\u0131nav\u0131 &amp;50<\/td>\n<\/tr>\n<tr>\n<td colspan=\"4\" height=\"21\">\u00d6\u011fretim \u00dcyesi : Sibel YILMAZ yisibel@metu.edu.tr<\/td>\n<td><\/td>\n<td><\/td>\n<td><\/td>\n<td><\/td>\n<td><\/td>\n<td><\/td>\n<\/tr>\n<tr>\n<td height=\"21\"><\/td>\n<td><\/td>\n<td><\/td>\n<td><\/td>\n<td><\/td>\n<td><\/td>\n<td><\/td>\n<td><\/td>\n<td><\/td>\n<td><\/td>\n<\/tr>\n<tr>\n<td colspan=\"2\" height=\"39\">Hafta<\/td>\n<td colspan=\"8\">Etkinlikler<\/td>\n<\/tr>\n<tr>\n<td colspan=\"2\" height=\"39\">1. Hafta<\/td>\n<td colspan=\"8\">Tan\u0131\u015fma\/ Yaz\u0131l\u0131 Anlat\u0131m dersinin ama\u00e7lar\u0131 ve i\u00e7eri\u011fi<\/td>\n<\/tr>\n<tr>\n<td colspan=\"2\" height=\"39\">2. Hafta<\/td>\n<td colspan=\"8\" width=\"538\"><span>1. Yaz\u0131l\u0131 Anlat\u0131m:<\/span><span> Yaz\u0131l\u0131 anlat\u0131m\u0131n temel nitelikleri\/ Yaz\u0131l\u0131 anlat\u0131mda plan ve paragraf olu\u015fturma<\/span><\/td>\n<\/tr>\n<tr>\n<td colspan=\"2\" height=\"39\">3. Hafta<\/td>\n<td colspan=\"8\">Anlat\u0131m Bi\u00e7imleri (A\u00e7\u0131klama-Tart\u0131\u015fma-Betimleme-\u00d6yk\u00fcleme)<\/td>\n<\/tr>\n<tr>\n<td colspan=\"2\" height=\"39\">4. Hafta<\/td>\n<td colspan=\"8\"><span>Uygulama: <\/span><span>Anlat\u0131m bi\u00e7imleri ile paragraf olu\u015fturma<\/span><\/td>\n<\/tr>\n<tr>\n<td colspan=\"2\" height=\"39\">5. Hafta<\/td>\n<td colspan=\"8\"><span>2. Yaz\u0131 T\u00fcrleri: Resm\u00ee Yaz\u0131lar:<\/span><span> Dilek\u00e7e, \u00f6zge\u00e7mi\u015f, tutanak, rapor&#8230;<\/span><\/td>\n<\/tr>\n<tr>\n<td colspan=\"2\" height=\"39\">6. Hafta<\/td>\n<td colspan=\"8\"><span>2. Yaz\u0131 T\u00fcrleri<\/span><span>: Bilimsel makale ve bilimsel ara\u015ft\u0131rma raporlar\u0131<\/span><\/td>\n<\/tr>\n<tr>\n<td colspan=\"2\" height=\"39\">7. Hafta<\/td>\n<td colspan=\"8\" width=\"538\"><span>2. Yaz\u0131 T\u00fcrleri:<\/span><span> Toplumsal makale ve k\u00f6\u015fe yaz\u0131s\u0131<\/span><\/td>\n<\/tr>\n<tr>\n<td colspan=\"2\" height=\"39\">8. Hafta<\/td>\n<td colspan=\"8\"><span>2. Yaz\u0131 T\u00fcrleri:<\/span><span> Deneme ve ele\u015ftiri<\/span><\/td>\n<\/tr>\n<tr>\n<td colspan=\"2\" height=\"39\">9. Hafta<\/td>\n<td colspan=\"8\"><span>Uygulama:<\/span><span> D\u00fc\u015f\u00fcnce yaz\u0131s\u0131 olu\u015fturma<\/span><\/td>\n<\/tr>\n<tr>\n<td colspan=\"2\" height=\"39\">10. Hafta<\/td>\n<td colspan=\"8\"><span>3. Edeb\u00ee T\u00fcrler:<\/span><span> \u00d6yk\u00fc ve roman<\/span><\/td>\n<\/tr>\n<tr>\n<td colspan=\"2\" height=\"39\">11. Hafta<\/td>\n<td colspan=\"8\"><span>3. Edeb\u00ee T\u00fcrler:<\/span><span> \u015eiir ve tiyatro<\/span><\/td>\n<\/tr>\n<tr>\n<td colspan=\"2\" height=\"39\">12. Hafta<\/td>\n<td colspan=\"5\"><span>4. Yazma ve yaratma g\u00fcc\u00fc<\/span><span>\/ Yarat\u0131c\u0131 yazma<\/span><\/td>\n<td><\/td>\n<td><\/td>\n<td><\/td>\n<\/tr>\n<tr>\n<td colspan=\"2\" height=\"39\">13. Hafta<\/td>\n<td colspan=\"4\"><span>Uygulama:<\/span><span> Yarat\u0131c\u0131 yaz\u0131 yazma<\/span><\/td>\n<td><\/td>\n<td><\/td>\n<td><\/td>\n<td><\/td>\n<\/tr>\n<tr>\n<td colspan=\"2\" height=\"39\">14. Hafta<\/td>\n<td colspan=\"2\">D\u00f6nem sonu s\u0131nav\u0131<\/td>\n<td><\/td>\n<td><\/td>\n<td><\/td>\n<td><\/td>\n<td><\/td>\n<td><\/td>\n<\/tr>\n<tr>\n<td colspan=\"2\" height=\"39\"><\/td>\n<td colspan=\"8\">&nbsp;<\/p>\n<table width=\"100%\" border=\"1\" cellspacing=\"0\" cellpadding=\"0\">\n<tbody>\n<tr>\n<td valign=\"top\" width=\"25%\"><b>Derste Kullan\u0131lan \u00d6\u011fretim Y\u00f6ntem ve Teknikleri<\/b><\/p>\n<p>&nbsp;<\/p>\n<p><b>Ders Uygulamalar\u0131 ve Etkinlikleri<\/b><\/td>\n<td valign=\"top\" width=\"74%\">Anlat\u0131m, soru-yan\u0131t, g\u00f6steri, tart\u0131\u015fma, k\u00fcme \u00e7al\u0131\u015fmas\u0131, beyin f\u0131rt\u0131nas\u0131, yaz\u0131l\u0131 ve s\u00f6zl\u00fc sunumlar, ders i\u00e7i ve ders d\u0131\u015f\u0131 ara\u015ft\u0131rma ve \u00e7al\u0131\u015fmalar.<\/p>\n<p>&nbsp;<\/p>\n<p>Metin yazma<\/p>\n<p>Eksik metni tamamlama<\/p>\n<p>Metin de\u011ferlendirmesi<\/p>\n<p>Metin ele\u015ftirisi<\/p>\n<p>Yarat\u0131c\u0131 yazma<\/td>\n<\/tr>\n<\/tbody>\n<\/table>\n<p>&nbsp;<\/td>\n<\/tr>\n<\/tbody>\n<\/table>\n","protected":false},"excerpt":{"rendered":"<p>Yaz\u0131l\u0131 Anlat\u0131m Dersi (6420104), (6420306) Ders \u0130zlencesi Dersin t\u00fcr\u00fc\/ Devam Ko\u015fulu: Zorunlu ders\/3 hafta devams\u0131zl\u0131k hakk\u0131 Ders saati: 2 ders saati De\u011ferlendirme sistemi: : Ara s\u0131nav % 30, Derse devam ve kat\u0131l\u0131m %10, Sunum %10, D\u00f6nem Sonu S\u0131nav\u0131 &amp;50 \u00d6\u011fretim \u00dcyesi : Sibel YILMAZ yisibel@metu.edu.tr Hafta Etkinlikler 1. Hafta Tan\u0131\u015fma\/ Yaz\u0131l\u0131 Anlat\u0131m dersinin ama\u00e7lar\u0131 ve [&hellip;]<\/p>\n","protected":false},"author":1140,"featured_media":0,"parent":72,"menu_order":0,"comment_status":"open","ping_status":"open","template":"","meta":{"footnotes":"","_links_to":"","_links_to_target":""},"class_list":["post-121","page","type-page","status-publish","hentry"],"_links":{"self":[{"href":"https:\/\/blog.metu.edu.tr\/yisibel\/wp-json\/wp\/v2\/pages\/121","targetHints":{"allow":["GET"]}}],"collection":[{"href":"https:\/\/blog.metu.edu.tr\/yisibel\/wp-json\/wp\/v2\/pages"}],"about":[{"href":"https:\/\/blog.metu.edu.tr\/yisibel\/wp-json\/wp\/v2\/types\/page"}],"author":[{"embeddable":true,"href":"https:\/\/blog.metu.edu.tr\/yisibel\/wp-json\/wp\/v2\/users\/1140"}],"replies":[{"embeddable":true,"href":"https:\/\/blog.metu.edu.tr\/yisibel\/wp-json\/wp\/v2\/comments?post=121"}],"version-history":[{"count":0,"href":"https:\/\/blog.metu.edu.tr\/yisibel\/wp-json\/wp\/v2\/pages\/121\/revisions"}],"up":[{"embeddable":true,"href":"https:\/\/blog.metu.edu.tr\/yisibel\/wp-json\/wp\/v2\/pages\/72"}],"wp:attachment":[{"href":"https:\/\/blog.metu.edu.tr\/yisibel\/wp-json\/wp\/v2\/media?parent=121"}],"curies":[{"name":"wp","href":"https:\/\/api.w.org\/{rel}","templated":true}]}}