{"id":119,"date":"2014-02-15T12:21:42","date_gmt":"2014-02-15T12:21:42","guid":{"rendered":"http:\/\/blog.metu.edu.tr\/yisibel\/?page_id=119"},"modified":"2014-02-15T12:21:42","modified_gmt":"2014-02-15T12:21:42","slug":"turk-dili-ii","status":"publish","type":"page","link":"https:\/\/blog.metu.edu.tr\/yisibel\/ders-izlenceleri-2\/turk-dili-ii\/","title":{"rendered":"T\u00fcrk Dili II"},"content":{"rendered":"<p><b>\u00a0<\/b><\/p>\n<p><b>T\u00fcrk Dili II Dersi (6420102), (6420304) Ders \u0130zlencesi<\/b><\/p>\n<p><b>Dersin t\u00fcr\u00fc\/ Devam Ko\u015fulu: Zorunlu\/ 3 hafta devams\u0131zl\u0131k hakk\u0131<\/b><\/p>\n<p><b>Ders saati: 2 ders saati<\/b><\/p>\n<p><b>De\u011ferlendirme sistemi: : <\/b>Ara s\u0131nav % 25, Sunum% 25, D\u00f6nem sonu s\u0131nav\u0131 % 50. <b><\/b><\/p>\n<p><b><span style=\"text-decoration: underline\">Dersin haftalara g\u00f6re i\u00e7eri\u011fi: <\/span><\/b><\/p>\n<p><b>1. Hafta: Tan\u0131\u015fma\/ T\u00fcrk Dili dersinin i\u00e7eri\u011fi ve ama\u00e7lar\u0131<\/b><\/p>\n<p><b>2. Hafta: S\u00f6zl\u00fc anlat\u0131m<\/b>: S\u00f6zl\u00fc anlat\u0131m\u0131n temel nitelikleri<\/p>\n<p><b>3. Hafta: : Yaz\u0131l\u0131 anlat\u0131m<\/b>: Yaz\u0131l\u0131 anlat\u0131m\u0131n temel nitelikleri, yaz\u0131l\u0131 anlat\u0131mda plan, paragraf olu\u015fturma ve anlat\u0131m bi\u00e7imleri<\/p>\n<p><b>4. Hafta:<\/b> Yaz\u0131l\u0131 anlat\u0131m t\u00fcrlerinin s\u0131n\u0131fland\u0131r\u0131lmas\u0131\/ Resm\u00ee yaz\u0131lar: dilek\u00e7e, \u00f6zge\u00e7mi\u015f, tutanak, karar, il\u00e2n (duyuru)&#8230;<\/p>\n<p><b>5. Hafta: S\u00f6zl\u00fc anlat\u0131m t\u00fcrleri:<\/b> A\u00e7\u0131k oturum, panel, forum, tart\u0131\u015fma, kar\u015f\u0131l\u0131kl\u0131 konu\u015fma<\/p>\n<p><b>6. Hafta: S\u00f6zl\u00fc anlat\u0131m t\u00fcrleri:<\/b> G\u00f6r\u00fc\u015fme\u00a0 (m\u00fcl\u00e2kat), konferans, kongre, nutuk (s\u00f6ylev), m\u00fcnazara, sempozyum, sunu (brifing)<\/p>\n<p><b>7. Hafta:<\/b> <b>Yaz\u0131 T\u00fcrleri:<\/b> Makale<b>\/<\/b>Bilimsel makale, bilimsel makalelerde kaynak g\u00f6sterme y\u00f6ntemleri, bilimsel ara\u015ft\u0131rma raporlar\u0131, bilimsel bildiri (tebli\u011f)<\/p>\n<p><b>8. Hafta:<\/b> <b>Yaz\u0131 t\u00fcrleri: <\/b>Toplumsal makale<b><\/b><\/p>\n<p><b>9. Hafta: Ara S\u0131nav<\/b><\/p>\n<p><b>10. Hafta:<\/b> <b>: Yaz\u0131 t\u00fcrleri: <\/b>Deneme ve k\u00f6\u015fe yaz\u0131s\u0131<b><\/b><\/p>\n<p><b>11. Hafta: Yaz\u0131 t\u00fcrleri: <\/b>Ele\u015ftiri<b>, <\/b>biyografi, otobiyografi, sohbet ve r\u00f6portaj<\/p>\n<p><b>12. Hafta:<\/b> <b>Yaz\u0131 t\u00fcrleri<\/b>: An\u0131 (hat\u0131ra), gezi yaz\u0131s\u0131, g\u00fcnl\u00fck (g\u00fcnce), mektup<\/p>\n<p><b>13. Hafta: Edeb\u00ee t\u00fcrler:<\/b> \u00d6yk\u00fc (hik\u00e2ye) ve roman<\/p>\n<p><b>14. Hafta: Edeb\u00ee t\u00fcrler<\/b>: \u015eiir ve tiyatro<\/p>\n<p><b>15. Hafta: D\u00f6nem sonu s\u0131nav\u0131<\/b><\/p>\n<p><b>\u00a0<\/b><\/p>\n<p><b>\u00a0<\/b><\/p>\n<p><b>\u00a0<\/b><\/p>\n","protected":false},"excerpt":{"rendered":"<p>\u00a0 T\u00fcrk Dili II Dersi (6420102), (6420304) Ders \u0130zlencesi Dersin t\u00fcr\u00fc\/ Devam Ko\u015fulu: Zorunlu\/ 3 hafta devams\u0131zl\u0131k hakk\u0131 Ders saati: 2 ders saati De\u011ferlendirme sistemi: : Ara s\u0131nav % 25, Sunum% 25, D\u00f6nem sonu s\u0131nav\u0131 % 50. Dersin haftalara g\u00f6re i\u00e7eri\u011fi: 1. Hafta: Tan\u0131\u015fma\/ T\u00fcrk Dili dersinin i\u00e7eri\u011fi ve ama\u00e7lar\u0131 2. Hafta: S\u00f6zl\u00fc anlat\u0131m: S\u00f6zl\u00fc [&hellip;]<\/p>\n","protected":false},"author":1140,"featured_media":0,"parent":72,"menu_order":3,"comment_status":"open","ping_status":"open","template":"","meta":{"footnotes":"","_links_to":"","_links_to_target":""},"class_list":["post-119","page","type-page","status-publish","hentry"],"_links":{"self":[{"href":"https:\/\/blog.metu.edu.tr\/yisibel\/wp-json\/wp\/v2\/pages\/119","targetHints":{"allow":["GET"]}}],"collection":[{"href":"https:\/\/blog.metu.edu.tr\/yisibel\/wp-json\/wp\/v2\/pages"}],"about":[{"href":"https:\/\/blog.metu.edu.tr\/yisibel\/wp-json\/wp\/v2\/types\/page"}],"author":[{"embeddable":true,"href":"https:\/\/blog.metu.edu.tr\/yisibel\/wp-json\/wp\/v2\/users\/1140"}],"replies":[{"embeddable":true,"href":"https:\/\/blog.metu.edu.tr\/yisibel\/wp-json\/wp\/v2\/comments?post=119"}],"version-history":[{"count":0,"href":"https:\/\/blog.metu.edu.tr\/yisibel\/wp-json\/wp\/v2\/pages\/119\/revisions"}],"up":[{"embeddable":true,"href":"https:\/\/blog.metu.edu.tr\/yisibel\/wp-json\/wp\/v2\/pages\/72"}],"wp:attachment":[{"href":"https:\/\/blog.metu.edu.tr\/yisibel\/wp-json\/wp\/v2\/media?parent=119"}],"curies":[{"name":"wp","href":"https:\/\/api.w.org\/{rel}","templated":true}]}}

Türk Dili II

<p><b> </b></p>
<p><b>Türk Dili II Dersi (6420102), (6420304) Ders İzlencesi</b></p>
<p><b>Dersin türü/ Devam Koşulu: Zorunlu/ 3 hafta devamsızlık hakkı</b></p>
<p><b>Ders saati: 2 ders saati</b></p>
<p><b>Değerlendirme sistemi: : </b>Ara sınav % 25, Sunum% 25, Dönem sonu sınavı % 50. <b></b></p>
<p><b><span style="text-decoration: underline">Dersin haftalara göre içeriği: </span></b></p>
<p><b>1. Hafta: Tanışma/ Türk Dili dersinin içeriği ve amaçları</b></p>
<p><b>2. Hafta: Sözlü anlatım</b>: Sözlü anlatımın temel nitelikleri</p>
<p><b>3. Hafta: : Yazılı anlatım</b>: Yazılı anlatımın temel nitelikleri, yazılı anlatımda plan, paragraf oluşturma ve anlatım biçimleri</p>
<p><b>4. Hafta:</b> Yazılı anlatım türlerinin sınıflandırılması/ Resmî yazılar: dilekçe, özgeçmiş, tutanak, karar, ilân (duyuru)&#8230;</p>
<p><b>5. Hafta: Sözlü anlatım türleri:</b> Açık oturum, panel, forum, tartışma, karşılıklı konuşma</p>
<p><b>6. Hafta: Sözlü anlatım türleri:</b> Görüşme  (mülâkat), konferans, kongre, nutuk (söylev), münazara, sempozyum, sunu (brifing)</p>
<p><b>7. Hafta:</b> <b>Yazı Türleri:</b> Makale<b>/</b>Bilimsel makale, bilimsel makalelerde kaynak gösterme yöntemleri, bilimsel araştırma raporları, bilimsel bildiri (tebliğ)</p>
<p><b>8. Hafta:</b> <b>Yazı türleri: </b>Toplumsal makale<b></b></p>
<p><b>9. Hafta: Ara Sınav</b></p>
<p><b>10. Hafta:</b> <b>: Yazı türleri: </b>Deneme ve köşe yazısı<b></b></p>
<p><b>11. Hafta: Yazı türleri: </b>Eleştiri<b>, </b>biyografi, otobiyografi, sohbet ve röportaj</p>
<p><b>12. Hafta:</b> <b>Yazı türleri</b>: Anı (hatıra), gezi yazısı, günlük (günce), mektup</p>
<p><b>13. Hafta: Edebî türler:</b> Öykü (hikâye) ve roman</p>
<p><b>14. Hafta: Edebî türler</b>: Şiir ve tiyatro</p>
<p><b>15. Hafta: Dönem sonu sınavı</b></p>
<p><b> </b></p>
<p><b> </b></p>
<p><b> </b></p>

<p>  Türk Dili II Dersi (6420102), (6420304) Ders İzlencesi Dersin türü/ Devam Koşulu: Zorunlu/ 3 hafta devamsızlık hakkı Ders saati: 2 ders saati Değerlendirme sistemi: : Ara sınav % 25, Sunum% 25, Dönem sonu sınavı % 50. Dersin haftalara göre içeriği: 1. Hafta: Tanışma/ Türk Dili dersinin içeriği ve amaçları 2. Hafta: Sözlü anlatım: Sözlü [&hellip;]</p>
