{"id":111,"date":"2013-10-06T17:31:12","date_gmt":"2013-10-06T17:31:12","guid":{"rendered":"http:\/\/blog.metu.edu.tr\/yisibel\/?page_id=111"},"modified":"2013-10-06T17:31:12","modified_gmt":"2013-10-06T17:31:12","slug":"romanoyku-inceleme-plani","status":"publish","type":"page","link":"https:\/\/blog.metu.edu.tr\/yisibel\/edebiyat\/romanoyku-inceleme-plani\/","title":{"rendered":"Roman\/\u00d6yk\u00fc \u0130nceleme Plan\u0131"},"content":{"rendered":"<p><b>Roman\/\u00d6yk\u00fc \u0130nceleme Pl\u00e2n\u0131<\/b><\/p>\n<p><strong>1. Bibliyografik k\u00fcnye:<\/strong> Kitab\u0131n ad\u0131, yazar\u0131, \u00e7evirmeni, yay\u0131nevi, bask\u0131 say\u0131s\u0131, yay\u0131n yeri ve y\u0131l\u0131, sayfa say\u0131s\u0131.<\/p>\n<p><b>2. YAPI<\/b><\/p>\n<p><b><i>A) OLAY \u00d6RG\u00dcS\u00dc: <\/i><\/b><\/p>\n<p>Metindeki olay \u00f6rg\u00fcs\u00fc nedir?<\/p>\n<p>Eserdeki \u00e7at\u0131\u015fma nas\u0131l ortaya \u00e7\u0131k\u0131yor?<\/p>\n<p>D\u00fc\u011f\u00fcm noktas\u0131 nedir?<\/p>\n<p><b><i>B) \u015eAHIS KADROSU:<\/i><\/b><\/p>\n<p>Roman\/\u00f6yk\u00fc kahramanlar\u0131 aras\u0131ndaki ili\u015fkiyi g\u00f6steren &#8220;ili\u015fki a\u011f\u0131&#8221; tablosu \u00e7izilir.<\/p>\n<p>Tip ve karakterler belirlenir.<\/p>\n<p>Karakter analizi yap\u0131l\u0131r. Analiz yap\u0131l\u0131rken \u015fu sorular\u0131n cevab\u0131 aran\u0131r:<\/p>\n<p>&lt;Karakterin olay \u00f6rg\u00fcs\u00fcndeki i\u015flevi ne?<\/p>\n<p>&lt;Karakterin fiziki ve ruhsal \u00f6zellikleri nas\u0131l?<\/p>\n<p>&lt;Karakterin sosyal durumu ne?<\/p>\n<p>&lt;Yazar\u0131n karaktere kar\u015f\u0131 tak\u0131nd\u0131\u011f\u0131 tav\u0131r nas\u0131l?<\/p>\n<p>&lt;Kahraman eser boyunca de\u011fi\u015fim\/d\u00f6n\u00fc\u015f\u00fcm ya\u015f\u0131yor mu?<\/p>\n<p>Ba\u015f kahraman ve di\u011fer kahramanlar aras\u0131ndaki ili\u015fkiler belirlenir.<\/p>\n<p><b><i>C) ZAMAN:<\/i><\/b><\/p>\n<p>Olay (\u00f6yk\u00fc) zaman\u0131 belirlenir.<\/p>\n<p>S\u00f6ylem (anlatma) zaman\u0131 belirlenir.<\/p>\n<p>Roman\u0131n\/\u00f6yk\u00fcn\u00fcn ge\u00e7ti\u011fi d\u00f6nem ve \u00f6zellikleri belirlenir.<\/p>\n<p><b><i>D) MEK\u00c2N:<\/i><\/b><\/p>\n<p>Mek\u00e2n-olay \u00f6rg\u00fcs\u00fc, mek\u00e2n-insan, mek\u00e2n-zaman ili\u015fkisi belirlenir.<\/p>\n<p>Mek\u00e2n tasvirleri de\u011ferlendirilir.<\/p>\n<p>Mek\u00e2n\u0131n simgesel bir anlam\u0131 var m\u0131?<\/p>\n<p><b>3. TEMA:<\/b><\/p>\n<p>Metnin temas\u0131 ya da temalar\u0131 belirlenir ve yorumlan\u0131r.<\/p>\n<p><b>4. ANLATIM<\/b>:<\/p>\n<p><b><i>A) Anlat\u0131c\u0131 ve bak\u0131\u015f a\u00e7\u0131s\u0131<\/i><\/b><\/p>\n<p>Bak\u0131\u015f a\u00e7\u0131s\u0131 ve anlat\u0131c\u0131 t\u00fcr\u00fc belirlenir.<\/p>\n<p>Metin-anlat\u0131c\u0131 ili\u015fkisi de\u011ferlendirilir.<\/p>\n<p><b><i>B) Dil:<\/i><\/b><\/p>\n<p>Eserin dil \u00f6zellikleri de\u011ferlendirilir. (Argo, a\u011f\u0131z, yabanc\u0131 kelimeler, terimler, imgeler, yan anlam de\u011ferleri, semboller, alegoriler&#8230;)<\/p>\n<p><b><i>C) Anlat\u0131m teknikleri:<\/i><\/b><\/p>\n<p>Metinde kullan\u0131lan anlat\u0131m teknikleri belirlenir. (Anlatma, g\u00f6sterme, diyalog, monolog, i\u00e7 diyalog, i\u00e7 monolog, bilin\u00e7 ak\u0131\u015f\u0131, a\u00e7\u0131klama, kolaj, tasvir, tahlil, parodi, ironi&#8230;)<\/p>\n<p><b>5. ANLAM VE YORUM<\/b>:(Roman\u0131n arka pl\u00e2n\u0131)<\/p>\n<p>Yazar metni ne i\u00e7in yazm\u0131\u015f? Metnin iletisi ne?<\/p>\n<p>Eserin felsefe, psikoloji, sosyoloji, tarih gibi disiplinlerle nas\u0131l bir ba\u011f\u0131 var?<\/p>\n<p>Metin hakk\u0131nda inceleme yapan yazar ve ele\u015ftirmenlerin g\u00f6r\u00fc\u015f\u00fc ne?<\/p>\n<p><b>6. MET\u0130NLERARASILIK<\/b>:<\/p>\n<p>Metnin kendisinden \u00f6nce yaz\u0131lm\u0131\u015f olan metinlerle ili\u015fkisi ne?<\/p>\n<p>Metnin kendisinden sonra yaz\u0131lm\u0131\u015f olan metinlerle ili\u015fkisi ne?<\/p>\n<p><b>7. YAZAR VE ESER\u0130: <\/b><\/p>\n<p>Yazar\u0131n biyografisi ile eseri aras\u0131ndaki ba\u011flant\u0131lar belirlenir.<\/p>\n<p>&nbsp;<\/p>\n<p>Haz\u0131rlayan: Sibel Y\u0131lmaz<\/p>\n<p>ODT\u00dc, T\u00fcrk Dili B\u00f6l\u00fcm\u00fc<\/p>\n<p>&nbsp;<\/p>\n<p>Not: A\u015fa\u011f\u0131daki ba\u011flant\u0131dan Bilgi \u00dcniversitesi T\u00fcrk Dili Birimi taraf\u0131ndan haz\u0131rlanan &#8220;Kurmaca \u0130nceleme Sorular\u0131&#8221;na g\u00f6z atabilirsiniz:<\/p>\n<p><a href=\"http:\/\/tk.bilgi.edu.tr\/?m=16#2\">http:\/\/tk.bilgi.edu.tr\/?m=16#2<\/a><\/p>\n<p>&nbsp;<\/p>\n<p>&nbsp;<\/p>\n<p>&nbsp;<\/p>\n<p>&nbsp;<\/p>\n<p>&nbsp;<\/p>\n<p>&nbsp;<\/p>\n<p>&nbsp;<\/p>\n","protected":false},"excerpt":{"rendered":"<p>Roman\/\u00d6yk\u00fc \u0130nceleme Pl\u00e2n\u0131 1. Bibliyografik k\u00fcnye: Kitab\u0131n ad\u0131, yazar\u0131, \u00e7evirmeni, yay\u0131nevi, bask\u0131 say\u0131s\u0131, yay\u0131n yeri ve y\u0131l\u0131, sayfa say\u0131s\u0131. 2. YAPI A) OLAY \u00d6RG\u00dcS\u00dc: Metindeki olay \u00f6rg\u00fcs\u00fc nedir? Eserdeki \u00e7at\u0131\u015fma nas\u0131l ortaya \u00e7\u0131k\u0131yor? D\u00fc\u011f\u00fcm noktas\u0131 nedir? B) \u015eAHIS KADROSU: Roman\/\u00f6yk\u00fc kahramanlar\u0131 aras\u0131ndaki ili\u015fkiyi g\u00f6steren &#8220;ili\u015fki a\u011f\u0131&#8221; tablosu \u00e7izilir. Tip ve karakterler belirlenir. Karakter analizi yap\u0131l\u0131r. [&hellip;]<\/p>\n","protected":false},"author":1140,"featured_media":0,"parent":83,"menu_order":1,"comment_status":"open","ping_status":"open","template":"","meta":{"footnotes":"","_links_to":"","_links_to_target":""},"class_list":["post-111","page","type-page","status-publish","hentry"],"_links":{"self":[{"href":"https:\/\/blog.metu.edu.tr\/yisibel\/wp-json\/wp\/v2\/pages\/111","targetHints":{"allow":["GET"]}}],"collection":[{"href":"https:\/\/blog.metu.edu.tr\/yisibel\/wp-json\/wp\/v2\/pages"}],"about":[{"href":"https:\/\/blog.metu.edu.tr\/yisibel\/wp-json\/wp\/v2\/types\/page"}],"author":[{"embeddable":true,"href":"https:\/\/blog.metu.edu.tr\/yisibel\/wp-json\/wp\/v2\/users\/1140"}],"replies":[{"embeddable":true,"href":"https:\/\/blog.metu.edu.tr\/yisibel\/wp-json\/wp\/v2\/comments?post=111"}],"version-history":[{"count":0,"href":"https:\/\/blog.metu.edu.tr\/yisibel\/wp-json\/wp\/v2\/pages\/111\/revisions"}],"up":[{"embeddable":true,"href":"https:\/\/blog.metu.edu.tr\/yisibel\/wp-json\/wp\/v2\/pages\/83"}],"wp:attachment":[{"href":"https:\/\/blog.metu.edu.tr\/yisibel\/wp-json\/wp\/v2\/media?parent=111"}],"curies":[{"name":"wp","href":"https:\/\/api.w.org\/{rel}","templated":true}]}}