{"id":110,"date":"2013-10-06T17:24:14","date_gmt":"2013-10-06T17:24:14","guid":{"rendered":"http:\/\/blog.metu.edu.tr\/yisibel\/?page_id=110"},"modified":"2013-10-06T17:24:14","modified_gmt":"2013-10-06T17:24:14","slug":"dil-devrimi","status":"publish","type":"page","link":"https:\/\/blog.metu.edu.tr\/yisibel\/yazilar\/dil-devrimi\/","title":{"rendered":"Dil Devrimi"},"content":{"rendered":"<p>Murat Belge&#8217;nin Dil Devrimi ile ilgili kapsaml\u0131 bir \u00e7al\u0131\u015fmas\u0131n\u0131 a\u015fa\u011f\u0131daki ba\u011flant\u0131dan okuyabilirsiniz:<\/p>\n<p><a href=\"http:\/\/turkoloji.cu.edu.tr\/GENEL\/24.php\">http:\/\/turkoloji.cu.edu.tr\/GENEL\/24.php<\/a><\/p>\n","protected":false},"excerpt":{"rendered":"<p>Murat Belge&#8217;nin Dil Devrimi ile ilgili kapsaml\u0131 bir \u00e7al\u0131\u015fmas\u0131n\u0131 a\u015fa\u011f\u0131daki ba\u011flant\u0131dan okuyabilirsiniz: http:\/\/turkoloji.cu.edu.tr\/GENEL\/24.php<\/p>\n","protected":false},"author":1140,"featured_media":0,"parent":57,"menu_order":1,"comment_status":"open","ping_status":"open","template":"","meta":{"footnotes":"","_links_to":"","_links_to_target":""},"class_list":["post-110","page","type-page","status-publish","hentry"],"_links":{"self":[{"href":"https:\/\/blog.metu.edu.tr\/yisibel\/wp-json\/wp\/v2\/pages\/110","targetHints":{"allow":["GET"]}}],"collection":[{"href":"https:\/\/blog.metu.edu.tr\/yisibel\/wp-json\/wp\/v2\/pages"}],"about":[{"href":"https:\/\/blog.metu.edu.tr\/yisibel\/wp-json\/wp\/v2\/types\/page"}],"author":[{"embeddable":true,"href":"https:\/\/blog.metu.edu.tr\/yisibel\/wp-json\/wp\/v2\/users\/1140"}],"replies":[{"embeddable":true,"href":"https:\/\/blog.metu.edu.tr\/yisibel\/wp-json\/wp\/v2\/comments?post=110"}],"version-history":[{"count":0,"href":"https:\/\/blog.metu.edu.tr\/yisibel\/wp-json\/wp\/v2\/pages\/110\/revisions"}],"up":[{"embeddable":true,"href":"https:\/\/blog.metu.edu.tr\/yisibel\/wp-json\/wp\/v2\/pages\/57"}],"wp:attachment":[{"href":"https:\/\/blog.metu.edu.tr\/yisibel\/wp-json\/wp\/v2\/media?parent=110"}],"curies":[{"name":"wp","href":"https:\/\/api.w.org\/{rel}","templated":true}]}}