{"id":7,"date":"2015-07-20T22:05:39","date_gmt":"2015-07-20T19:05:39","guid":{"rendered":"http:\/\/blog.metu.edu.tr\/wwwmtr\/?page_id=7"},"modified":"2018-02-23T15:26:10","modified_gmt":"2018-02-23T12:26:10","slug":"editorial-board","status":"publish","type":"page","link":"https:\/\/blog.metu.edu.tr\/wwwmtr\/editorial-board\/","title":{"rendered":"Editorial Board"},"content":{"rendered":"<h2>Academic Advisor<\/h2>\n<p class=\"auto-style4\"><img loading=\"lazy\" decoding=\"async\" class=\"alignleft\" src=\"http:\/\/mete.metu.edu.tr\/system\/files\/imagecache\/people_thumbnail\/people_pictures\/ekalay.jpg\" alt=\"\" width=\"203\" height=\"203\" \/><\/p>\n<p class=\"auto-style4\"><strong>Yunus Eren Kalay<\/strong>, Assistant to the President for University Relations at METU<\/p>\n<p>Department of Metallurgical and Materials Engineering, Middle East Technical University, \u00dcniversiteler Mah. Dumlup\u0131nar Blv. No:1, 06800 \u00c7ankaya Ankara\/TURKEY<\/p>\n<p><strong>e-mail:<\/strong> ekalay@metu.edu.tr<\/p>\n<p>&nbsp;<\/p>\n<p>&nbsp;<\/p>\n<h2 class=\"auto-style5\">Editor in Chief<\/h2>\n<p><img loading=\"lazy\" decoding=\"async\" class=\"alignleft wp-image-54\" src=\"https:\/\/blog.metu.edu.tr\/wwwmtr\/files\/2015\/07\/20170308_124103-e1490016313988-290x300.jpg\" alt=\"\" width=\"202\" height=\"209\" srcset=\"https:\/\/blog.metu.edu.tr\/wwwmtr\/files\/2015\/07\/20170308_124103-e1490016313988-290x300.jpg 290w, https:\/\/blog.metu.edu.tr\/wwwmtr\/files\/2015\/07\/20170308_124103-e1490016313988-768x793.jpg 768w, https:\/\/blog.metu.edu.tr\/wwwmtr\/files\/2015\/07\/20170308_124103-e1490016313988-992x1024.jpg 992w\" sizes=\"auto, (max-width: 202px) 100vw, 202px\" \/><strong>Can OKUYUCU<\/strong><\/p>\n<p>Department of Metallurgical and Materials Engineering, Middle East Technical University, \u00dcniversiteler Mah. Dumlup\u0131nar Blv. No:1, 06800 \u00c7ankaya Ankara\/TURKEY<\/p>\n<p><strong>e-mail:<\/strong>\u00a0can.okuyucu@metu.edu.tr<\/p>\n<p>&nbsp;<\/p>\n<p>&nbsp;<\/p>\n<p>&nbsp;<\/p>\n<h2>Editors<\/h2>\n<p><strong><br \/>\n<img loading=\"lazy\" decoding=\"async\" class=\"wp-image-70 alignleft\" src=\"https:\/\/blog.metu.edu.tr\/wwwmtr\/files\/2018\/02\/WhatsApp-Image-2018-02-23-at-13.34.16-e1519388431934-300x284.jpeg\" alt=\"\" width=\"200\" height=\"189\" srcset=\"https:\/\/blog.metu.edu.tr\/wwwmtr\/files\/2018\/02\/WhatsApp-Image-2018-02-23-at-13.34.16-e1519388431934-300x284.jpeg 300w, https:\/\/blog.metu.edu.tr\/wwwmtr\/files\/2018\/02\/WhatsApp-Image-2018-02-23-at-13.34.16-e1519388431934-768x728.jpeg 768w, https:\/\/blog.metu.edu.tr\/wwwmtr\/files\/2018\/02\/WhatsApp-Image-2018-02-23-at-13.34.16-e1519388431934-1024x970.jpeg 1024w, https:\/\/blog.metu.edu.tr\/wwwmtr\/files\/2018\/02\/WhatsApp-Image-2018-02-23-at-13.34.16-e1519388431934.jpeg 1101w\" sizes=\"auto, (max-width: 200px) 100vw, 200px\" \/><\/strong><strong>Ozan \u015eAH\u0130N<\/strong><\/p>\n<p>Department of Metallurgical and Materials Engineering, Middle East Technical University, \u00dcniversiteler Mah. Dumlup\u0131nar Blv. No:1, 06800 \u00c7ankaya Ankara\/TURKEY<\/p>\n<p><strong>e-mail:<\/strong>\u00a0ozan.sahin@metu.edu.tr<\/p>\n<p>&nbsp;<\/p>\n<p>&nbsp;<\/p>\n<p><strong><br \/>\n<img loading=\"lazy\" decoding=\"async\" class=\"wp-image-69 alignleft\" src=\"https:\/\/blog.metu.edu.tr\/wwwmtr\/files\/2018\/02\/resimm-e1519388306161-300x293.jpg\" alt=\"\" width=\"201\" height=\"197\" srcset=\"https:\/\/blog.metu.edu.tr\/wwwmtr\/files\/2018\/02\/resimm-e1519388306161-300x293.jpg 300w, https:\/\/blog.metu.edu.tr\/wwwmtr\/files\/2018\/02\/resimm-e1519388306161-768x750.jpg 768w, https:\/\/blog.metu.edu.tr\/wwwmtr\/files\/2018\/02\/resimm-e1519388306161-1024x1000.jpg 1024w, https:\/\/blog.metu.edu.tr\/wwwmtr\/files\/2018\/02\/resimm-e1519388306161.jpg 1937w\" sizes=\"auto, (max-width: 201px) 100vw, 201px\" \/><\/strong><strong>\u00d6zg\u00fcn YURDAKUL<br \/>\n<\/strong><\/p>\n<p>Department of Metallurgical and Materials Engineering, Middle East Technical University, \u00dcniversiteler Mah. Dumlup\u0131nar Blv. No:1, 06800 \u00c7ankaya Ankara\/TURKEY<\/p>\n<p><strong>e-mail: <\/strong>yurdakul.ozgun@metu.edu.tr<\/p>\n<p>&nbsp;<\/p>\n<p>&nbsp;<\/p>\n<p><strong><br \/>\n<img loading=\"lazy\" decoding=\"async\" class=\"wp-image-71 alignleft\" src=\"https:\/\/blog.metu.edu.tr\/wwwmtr\/files\/2018\/02\/12801609_10153911723049707_6212596130497412327_n-e1519388648846-300x294.jpg\" alt=\"\" width=\"203\" height=\"199\" srcset=\"https:\/\/blog.metu.edu.tr\/wwwmtr\/files\/2018\/02\/12801609_10153911723049707_6212596130497412327_n-e1519388648846-300x294.jpg 300w, https:\/\/blog.metu.edu.tr\/wwwmtr\/files\/2018\/02\/12801609_10153911723049707_6212596130497412327_n-e1519388648846.jpg 532w\" sizes=\"auto, (max-width: 203px) 100vw, 203px\" \/>Hayati Ya\u011f\u0131z TUNA<\/strong><\/p>\n<p>Department of Metallurgical and Materials Engineering, Middle East Technical University, \u00dcniversiteler Mah. Dumlup\u0131nar Blv. No:1, 06800 \u00c7ankaya Ankara\/TURKEY<\/p>\n<p><strong>e-mail: <\/strong>yagiz.tuna@metu.edu.tr<\/p>\n<p>&nbsp;<\/p>\n<p>&nbsp;<\/p>\n<p>&nbsp;<\/p>\n<p>&nbsp;<\/p>\n","protected":false},"excerpt":{"rendered":"<p>Academic Advisor Yunus Eren Kalay, Assistant to the President for University Relations at METU Department of Metallurgical and Materials Engineering, Middle East Technical University, \u00dcniversiteler Mah. Dumlup\u0131nar Blv. No:1, 06800 \u00c7ankaya Ankara\/TURKEY e-mail: ekalay@metu.edu.tr \u00a0 \u00a0 Editor in Chief Can OKUYUCU Department of Metallurgical and Materials Engineering, Middle East Technical University, \u00dcniversiteler Mah. Dumlup\u0131nar Blv. [\u2026]<\/p>\n","protected":false},"author":3563,"featured_media":0,"parent":0,"menu_order":0,"comment_status":"closed","ping_status":"closed","template":"","meta":{"footnotes":"","_links_to":"","_links_to_target":""},"class_list":["post-7","page","type-page","status-publish","hentry"],"_links":{"self":[{"href":"https:\/\/blog.metu.edu.tr\/wwwmtr\/wp-json\/wp\/v2\/pages\/7","targetHints":{"allow":["GET"]}}],"collection":[{"href":"https:\/\/blog.metu.edu.tr\/wwwmtr\/wp-json\/wp\/v2\/pages"}],"about":[{"href":"https:\/\/blog.metu.edu.tr\/wwwmtr\/wp-json\/wp\/v2\/types\/page"}],"author":[{"embeddable":true,"href":"https:\/\/blog.metu.edu.tr\/wwwmtr\/wp-json\/wp\/v2\/users\/3563"}],"replies":[{"embeddable":true,"href":"https:\/\/blog.metu.edu.tr\/wwwmtr\/wp-json\/wp\/v2\/comments?post=7"}],"version-history":[{"count":0,"href":"https:\/\/blog.metu.edu.tr\/wwwmtr\/wp-json\/wp\/v2\/pages\/7\/revisions"}],"wp:attachment":[{"href":"https:\/\/blog.metu.edu.tr\/wwwmtr\/wp-json\/wp\/v2\/media?parent=7"}],"curies":[{"name":"wp","href":"https:\/\/api.w.org\/{rel}","templated":true}]}}