{"id":9,"date":"2014-03-20T15:20:32","date_gmt":"2014-03-20T13:20:32","guid":{"rendered":"http:\/\/blog.metu.edu.tr\/wwwkkadn\/?page_id=9"},"modified":"2014-05-05T16:50:25","modified_gmt":"2014-05-05T13:50:25","slug":"notlar","status":"publish","type":"page","link":"https:\/\/blog.metu.edu.tr\/wwwkkadn\/notlar\/","title":{"rendered":"Sempozyum Program\u0131"},"content":{"rendered":"<p><strong>Sempozyum program\u0131m\u0131za ula\u015fmak i\u00e7in l\u00fctfen resme t\u0131klay\u0131n\u0131z<\/strong>.<\/p>\n<p><a href=\"http:\/\/blog.metu.edu.tr\/wwwkkadn\/files\/2014\/03\/Timetable2.pdf\"><img loading=\"lazy\" decoding=\"async\" class=\"alignleft size-large wp-image-39\" src=\"http:\/\/blog.metu.edu.tr\/wwwkkadn\/files\/2014\/03\/Timetable-1png_Page1-1024x358.png\" alt=\"Timetable-1png_Page1\" width=\"1024\" height=\"358\" srcset=\"https:\/\/blog.metu.edu.tr\/wwwkkadn\/files\/2014\/03\/Timetable-1png_Page1-1024x358.png 1024w, https:\/\/blog.metu.edu.tr\/wwwkkadn\/files\/2014\/03\/Timetable-1png_Page1-300x105.png 300w\" sizes=\"auto, (max-width: 1024px) 100vw, 1024px\" \/><\/a><\/p>\n","protected":false},"excerpt":{"rendered":"<p>Sempozyum program\u0131m\u0131za ula\u015fmak i\u00e7in l\u00fctfen resme t\u0131klay\u0131n\u0131z.<\/p>\n","protected":false},"author":2445,"featured_media":0,"parent":0,"menu_order":4,"comment_status":"open","ping_status":"closed","template":"","meta":{"footnotes":"","_links_to":"","_links_to_target":""},"class_list":["post-9","page","type-page","status-publish","hentry"],"_links":{"self":[{"href":"https:\/\/blog.metu.edu.tr\/wwwkkadn\/wp-json\/wp\/v2\/pages\/9","targetHints":{"allow":["GET"]}}],"collection":[{"href":"https:\/\/blog.metu.edu.tr\/wwwkkadn\/wp-json\/wp\/v2\/pages"}],"about":[{"href":"https:\/\/blog.metu.edu.tr\/wwwkkadn\/wp-json\/wp\/v2\/types\/page"}],"author":[{"embeddable":true,"href":"https:\/\/blog.metu.edu.tr\/wwwkkadn\/wp-json\/wp\/v2\/users\/2445"}],"replies":[{"embeddable":true,"href":"https:\/\/blog.metu.edu.tr\/wwwkkadn\/wp-json\/wp\/v2\/comments?post=9"}],"version-history":[{"count":0,"href":"https:\/\/blog.metu.edu.tr\/wwwkkadn\/wp-json\/wp\/v2\/pages\/9\/revisions"}],"wp:attachment":[{"href":"https:\/\/blog.metu.edu.tr\/wwwkkadn\/wp-json\/wp\/v2\/media?parent=9"}],"curies":[{"name":"wp","href":"https:\/\/api.w.org\/{rel}","templated":true}]}}