{"id":11,"date":"2014-03-20T15:21:31","date_gmt":"2014-03-20T13:21:31","guid":{"rendered":"http:\/\/blog.metu.edu.tr\/wwwkkadn\/?page_id=11"},"modified":"2014-04-30T10:07:32","modified_gmt":"2014-04-30T07:07:32","slug":"duzenleme-kurulu","status":"publish","type":"page","link":"https:\/\/blog.metu.edu.tr\/wwwkkadn\/duzenleme-kurulu\/","title":{"rendered":"D\u00fczenleme Kurulu"},"content":{"rendered":"<p><strong>D\u00fczenleme Kurulu:<\/strong><\/p>\n<ul>\n<li>Prof. Dr. S. Ruken \u00d6zt\u00fcrk (Ankara \u00dcniversitesi \u0130LEF)<\/li>\n<li>Do\u00e7. Dr. \u00d6zg\u00fcr Erdur-Baker (ODT\u00dc Kuzey K\u0131br\u0131s Kampusu)<\/li>\n<li>Do\u00e7. Dr. Abd\u00fclrezak Altun (Ankara \u00dcniversitesi \u0130LEF)<\/li>\n<li>Do\u00e7. Dr. \u00c7iler Hatipo\u011flu (ODT\u00dc Kuzey K\u0131br\u0131s Kampusu)<\/li>\n<li>Yrd. Do\u00e7. Dr. Asl\u0131 Niyazi (ODT\u00dc Kuzey K\u0131br\u0131s Kampusu)<\/li>\n<li>Yrd. Do\u00e7. Dr. \u00c7a\u011fla Kubilay (Ankara \u00dcniversitesi \u0130LEF)<\/li>\n<li>Dr. Hande S\u00f6zer (ODT\u00dc Kuzey K\u0131br\u0131s Kampusu)<\/li>\n<li>Dr. Eren Y\u00fcksel (Ankara \u00dcniversitesi \u0130LEF)<\/li>\n<li>Dr. Ali Karado\u011fan\u00a0(Ankara \u00dcniversitesi \u0130LEF)<\/li>\n<li>\u00d6\u011fr. G\u00f6r. Tayfun Can Onuk (ODT\u00dc Kuzey K\u0131br\u0131s Kampusu)<\/li>\n<\/ul>\n","protected":false},"excerpt":{"rendered":"<p>D\u00fczenleme Kurulu: Prof. Dr. S. Ruken \u00d6zt\u00fcrk (Ankara \u00dcniversitesi \u0130LEF) Do\u00e7. Dr. \u00d6zg\u00fcr Erdur-Baker (ODT\u00dc Kuzey K\u0131br\u0131s Kampusu) Do\u00e7. Dr. Abd\u00fclrezak Altun (Ankara \u00dcniversitesi \u0130LEF) Do\u00e7. Dr. \u00c7iler Hatipo\u011flu (ODT\u00dc Kuzey K\u0131br\u0131s Kampusu) Yrd. Do\u00e7. Dr. Asl\u0131 Niyazi (ODT\u00dc Kuzey K\u0131br\u0131s Kampusu) Yrd. Do\u00e7. Dr. \u00c7a\u011fla Kubilay (Ankara \u00dcniversitesi \u0130LEF) Dr. Hande S\u00f6zer (ODT\u00dc Kuzey &#8230;<a class=\"post-readmore\" href=\"https:\/\/blog.metu.edu.tr\/wwwkkadn\/duzenleme-kurulu\/\">read more<\/a><\/p>\n","protected":false},"author":2445,"featured_media":0,"parent":0,"menu_order":10,"comment_status":"open","ping_status":"open","template":"","meta":{"footnotes":"","_links_to":"","_links_to_target":""},"class_list":["post-11","page","type-page","status-publish","hentry"],"_links":{"self":[{"href":"https:\/\/blog.metu.edu.tr\/wwwkkadn\/wp-json\/wp\/v2\/pages\/11","targetHints":{"allow":["GET"]}}],"collection":[{"href":"https:\/\/blog.metu.edu.tr\/wwwkkadn\/wp-json\/wp\/v2\/pages"}],"about":[{"href":"https:\/\/blog.metu.edu.tr\/wwwkkadn\/wp-json\/wp\/v2\/types\/page"}],"author":[{"embeddable":true,"href":"https:\/\/blog.metu.edu.tr\/wwwkkadn\/wp-json\/wp\/v2\/users\/2445"}],"replies":[{"embeddable":true,"href":"https:\/\/blog.metu.edu.tr\/wwwkkadn\/wp-json\/wp\/v2\/comments?post=11"}],"version-history":[{"count":0,"href":"https:\/\/blog.metu.edu.tr\/wwwkkadn\/wp-json\/wp\/v2\/pages\/11\/revisions"}],"wp:attachment":[{"href":"https:\/\/blog.metu.edu.tr\/wwwkkadn\/wp-json\/wp\/v2\/media?parent=11"}],"curies":[{"name":"wp","href":"https:\/\/api.w.org\/{rel}","templated":true}]}}