{"id":302,"date":"2023-05-05T17:01:22","date_gmt":"2023-05-05T17:01:22","guid":{"rendered":"https:\/\/blog.metu.edu.tr\/wwwchslr\/kaynaklar\/"},"modified":"2024-01-10T13:53:13","modified_gmt":"2024-01-10T13:53:13","slug":"kaynaklar","status":"publish","type":"page","link":"https:\/\/blog.metu.edu.tr\/wwwchslr?page_id=302&lang=tr","title":{"rendered":"Kaynaklar"},"content":{"rendered":"\n<p>Proje kapsam\u0131n\u0131 ve projenin \u00e7\u0131kt\u0131lar\u0131n\u0131 kolayca yorumlayabilmeniz i\u00e7in projede kulland\u0131\u011f\u0131m\u0131z y\u00f6ntemlere dair teknik bilgileri bu sayfada bulabilirsiniz! K\u0131y\u0131larda yer alan k\u00fclt\u00fcrel miras alanlar\u0131n\u0131n k\u0131r\u0131lganl\u0131\u011f\u0131n\u0131 fiziksel parametrelerde de\u011ferlendirmek i\u00e7in kullanaca\u011f\u0131m\u0131z Bulan\u0131k K\u0131y\u0131 K\u0131r\u0131lganl\u0131\u011f\u0131 Modelinden, proje kapsam\u0131nda geli\u015ftirilecek olan K\u0131y\u0131larda Bulunan K\u00fclt\u00fcrel Miras Alanlar\u0131 K\u0131r\u0131lganl\u0131k Modeline kadar projemizin perde arkas\u0131nda ger\u00e7ekle\u015ftirilen bilimsel \u00e7al\u0131\u015fmalar\u0131n t\u00fcm detaylar\u0131n\u0131 sizlerle payla\u015f\u0131yoruz.<\/p>\n","protected":false},"excerpt":{"rendered":"<p>Proje kapsam\u0131n\u0131 ve projenin \u00e7\u0131kt\u0131lar\u0131n\u0131 kolayca yorumlayabilmeniz i\u00e7in projede kulland\u0131\u011f\u0131m\u0131z y\u00f6ntemlere dair teknik bilgileri bu sayfada bulabilirsiniz! K\u0131y\u0131larda yer alan k\u00fclt\u00fcrel miras alanlar\u0131n\u0131n k\u0131r\u0131lganl\u0131\u011f\u0131n\u0131 fiziksel parametrelerde de\u011ferlendirmek i\u00e7in kullanaca\u011f\u0131m\u0131z Bulan\u0131k K\u0131y\u0131 K\u0131r\u0131lganl\u0131\u011f\u0131 Modelinden, proje kapsam\u0131nda geli\u015ftirilecek olan K\u0131y\u0131larda Bulunan K\u00fclt\u00fcrel <a class=\"more-link\" href=\"https:\/\/blog.metu.edu.tr\/wwwchslr?page_id=302&#038;lang=tr\">Read More &#8230;<\/a><\/p>\n","protected":false},"author":8712,"featured_media":0,"parent":0,"menu_order":0,"comment_status":"closed","ping_status":"closed","template":"","meta":{"footnotes":"","_links_to":"","_links_to_target":""},"class_list":["post-302","page","type-page","status-publish","hentry"],"_links":{"self":[{"href":"https:\/\/blog.metu.edu.tr\/wwwchslr\/index.php?rest_route=\/wp\/v2\/pages\/302","targetHints":{"allow":["GET"]}}],"collection":[{"href":"https:\/\/blog.metu.edu.tr\/wwwchslr\/index.php?rest_route=\/wp\/v2\/pages"}],"about":[{"href":"https:\/\/blog.metu.edu.tr\/wwwchslr\/index.php?rest_route=\/wp\/v2\/types\/page"}],"author":[{"embeddable":true,"href":"https:\/\/blog.metu.edu.tr\/wwwchslr\/index.php?rest_route=\/wp\/v2\/users\/8712"}],"replies":[{"embeddable":true,"href":"https:\/\/blog.metu.edu.tr\/wwwchslr\/index.php?rest_route=%2Fwp%2Fv2%2Fcomments&post=302"}],"version-history":[{"count":0,"href":"https:\/\/blog.metu.edu.tr\/wwwchslr\/index.php?rest_route=\/wp\/v2\/pages\/302\/revisions"}],"wp:attachment":[{"href":"https:\/\/blog.metu.edu.tr\/wwwchslr\/index.php?rest_route=%2Fwp%2Fv2%2Fmedia&parent=302"}],"curies":[{"name":"wp","href":"https:\/\/api.w.org\/{rel}","templated":true}]}}