{"id":299,"date":"2023-10-18T19:30:20","date_gmt":"2023-10-18T19:30:20","guid":{"rendered":"https:\/\/blog.metu.edu.tr\/wwwchslr\/ciktilar\/"},"modified":"2024-01-10T13:46:57","modified_gmt":"2024-01-10T13:46:57","slug":"ciktilar","status":"publish","type":"page","link":"https:\/\/blog.metu.edu.tr\/wwwchslr?page_id=299&lang=tr","title":{"rendered":"\u00c7\u0131kt\u0131lar"},"content":{"rendered":"\n<p>Ara\u015ft\u0131rma s\u00fcrecinde elde etti\u011fimiz de\u011ferli verilere g\u00f6z at\u0131n! Ekibimiz, iklim de\u011fi\u015fikli\u011finin T\u00fcrkiye&#8217;nin k\u0131y\u0131 k\u00fclt\u00fcrel miras alanlar\u0131 \u00fczerindeki etkilerini anlamak i\u00e7in \u00e7e\u015fitli kaynaklardan titizlikle veri topluyor ve analiz ediyor. Bilimsel verilerden, tarihi kay\u0131tlardan, mimari planlardan ve turizm istatistiklerinden yararlanarak k\u00fclt\u00fcrel miras alanlar\u0131n\u0131n kar\u015f\u0131 kar\u015f\u0131ya oldu\u011fu zorluklara  dair kapsaml\u0131 bir bak\u0131\u015f a\u00e7\u0131s\u0131 olu\u015fturuyoruz. Disiplinler aras\u0131 bir yakla\u015f\u0131mla koruma ve adaptasyon stratejilerine dair zengin bir bilgi birikimi olu\u015fturmay\u0131 ve yap\u0131lacak planlama \u00e7al\u0131\u015fmalar\u0131na katk\u0131 sunmay\u0131 ama\u00e7l\u0131yoruz. Bu b\u00f6l\u00fcm, projemizin veri odakl\u0131 y\u00f6nlerine bir pencere a\u00e7arak bu de\u011ferli k\u00fclt\u00fcrel miras alanlar\u0131n\u0131 koruma misyonumuzun temelini olu\u015fturan ara\u015ft\u0131rman\u0131n \u015feffafl\u0131\u011f\u0131n\u0131 ve daha derinlemesine anla\u015f\u0131lmas\u0131n\u0131 sa\u011flamaktad\u0131r.<\/p>\n","protected":false},"excerpt":{"rendered":"<p>Ara\u015ft\u0131rma s\u00fcrecinde elde etti\u011fimiz de\u011ferli verilere g\u00f6z at\u0131n! Ekibimiz, iklim de\u011fi\u015fikli\u011finin T\u00fcrkiye&#8217;nin k\u0131y\u0131 k\u00fclt\u00fcrel miras alanlar\u0131 \u00fczerindeki etkilerini anlamak i\u00e7in \u00e7e\u015fitli kaynaklardan titizlikle veri topluyor ve analiz ediyor. Bilimsel verilerden, tarihi kay\u0131tlardan, mimari planlardan ve turizm istatistiklerinden yararlanarak k\u00fclt\u00fcrel miras <a class=\"more-link\" href=\"https:\/\/blog.metu.edu.tr\/wwwchslr?page_id=299&#038;lang=tr\">Read More &#8230;<\/a><\/p>\n","protected":false},"author":8712,"featured_media":0,"parent":0,"menu_order":0,"comment_status":"closed","ping_status":"closed","template":"","meta":{"footnotes":"","_links_to":"","_links_to_target":""},"class_list":["post-299","page","type-page","status-publish","hentry"],"_links":{"self":[{"href":"https:\/\/blog.metu.edu.tr\/wwwchslr\/index.php?rest_route=\/wp\/v2\/pages\/299","targetHints":{"allow":["GET"]}}],"collection":[{"href":"https:\/\/blog.metu.edu.tr\/wwwchslr\/index.php?rest_route=\/wp\/v2\/pages"}],"about":[{"href":"https:\/\/blog.metu.edu.tr\/wwwchslr\/index.php?rest_route=\/wp\/v2\/types\/page"}],"author":[{"embeddable":true,"href":"https:\/\/blog.metu.edu.tr\/wwwchslr\/index.php?rest_route=\/wp\/v2\/users\/8712"}],"replies":[{"embeddable":true,"href":"https:\/\/blog.metu.edu.tr\/wwwchslr\/index.php?rest_route=%2Fwp%2Fv2%2Fcomments&post=299"}],"version-history":[{"count":0,"href":"https:\/\/blog.metu.edu.tr\/wwwchslr\/index.php?rest_route=\/wp\/v2\/pages\/299\/revisions"}],"wp:attachment":[{"href":"https:\/\/blog.metu.edu.tr\/wwwchslr\/index.php?rest_route=%2Fwp%2Fv2%2Fmedia&parent=299"}],"curies":[{"name":"wp","href":"https:\/\/api.w.org\/{rel}","templated":true}]}}