{"id":14,"date":"2023-05-05T17:01:22","date_gmt":"2023-05-05T17:01:22","guid":{"rendered":"https:\/\/blog.metu.edu.tr\/wwwchslr\/?page_id=14"},"modified":"2023-10-31T18:41:11","modified_gmt":"2023-10-31T18:41:11","slug":"publications","status":"publish","type":"page","link":"https:\/\/blog.metu.edu.tr\/wwwchslr?page_id=14","title":{"rendered":"Publications"},"content":{"rendered":"\n<p><\/p>\n\n\n\n<p>Explore our collection of publications that share the findings from our project, which looks at how climate change affects coastal cultural heritage sites along Turkey&#8217;s coast as sea levels rise. These publications are the result of teamwork between experts in architecture, tourism, city and regional planning, and coastal engineering.<\/p>\n\n\n\n<figure class=\"wp-block-table alignwide is-style-stripes\"><table><tbody><tr><td><strong>K\u00f6sem, \u0130., Uysal, A. \u00c7., \u0130nce, A., \u00d6zyurt, G., Ergin, A., S\u00fczen, M. L., &#8230;Varinlio\u011flu, G.<\/strong> Coastal Archaeological and Natural Heritage Sites of T\u00fcrkiye Threatened by Sea Level Rise. <em>Short Course\/Conference on Applied Coastal Research Book of Abstracts <\/em>(s.23). <a href=\"https:\/\/www.scacr2023.org\/files\/downloads\/SCACR2023-abstract-book.pdf\">https:\/\/www.scacr2023.org\/files\/downloads\/SCACR2023-abstract-book.pdf<\/a><\/td><td class=\"has-text-align-center\" data-align=\"center\">September, 2023<\/td><\/tr><tr><td><strong>\u0130nce, A.,<\/strong> <strong>K\u00f6sem, \u0130., Uysal, A. \u00c7., \u00d6zyurt, G., Ergin, A., S\u00fczen, M. L., &#8230;Varinlio\u011flu, G.<\/strong> Fuzzy-Based Coastal Vulnerability Assessment Model Application on Turkish Coasts with Heritage Sites. <em>Short Course\/Conference on Applied Coastal Research Book of Abstracts <\/em>(s.25). <a href=\"https:\/\/www.scacr2023.org\/files\/downloads\/SCACR2023-abstract-book.pdf\">https:\/\/www.scacr2023.org\/files\/downloads\/SCACR2023-abstract-book.pdf<\/a><\/td><td class=\"has-text-align-center\" data-align=\"center\">September, 2023<\/td><\/tr><tr><td><strong><strong>Uysal, A. \u00c7.<\/strong><\/strong>, <strong>\u0130nce, A.,<\/strong> <strong>K\u00f6sem, \u0130., \u00d6zyurt, G., Ergin, A., S\u00fczen, M. L., &#8230;Varinlio\u011flu, G.<\/strong> Extreme Water Level Projections at the Coastal Heritage Sites of T\u00fcrkiye. <em>Short Course\/Conference on Applied Coastal Research Book of Abstracts <\/em>(s.93). <a href=\"https:\/\/www.scacr2023.org\/files\/downloads\/SCACR2023-abstract-book.pdf\">https:\/\/www.scacr2023.org\/files\/downloads\/SCACR2023-abstract-book.pdf<\/a><\/td><td class=\"has-text-align-center\" data-align=\"center\">September, 2023<\/td><\/tr><\/tbody><\/table><\/figure>\n","protected":false},"excerpt":{"rendered":"<p>Explore our collection of publications that share the findings from our project, which looks at how climate change affects coastal cultural heritage sites along Turkey&#8217;s coast as sea levels rise. These publications are the result of teamwork between experts in <a class=\"more-link\" href=\"https:\/\/blog.metu.edu.tr\/wwwchslr?page_id=14\">Read More &#8230;<\/a><\/p>\n","protected":false},"author":8712,"featured_media":189,"parent":0,"menu_order":0,"comment_status":"closed","ping_status":"closed","template":"","meta":{"footnotes":"","_links_to":"","_links_to_target":""},"class_list":["post-14","page","type-page","status-publish","has-post-thumbnail","hentry"],"_links":{"self":[{"href":"https:\/\/blog.metu.edu.tr\/wwwchslr\/index.php?rest_route=\/wp\/v2\/pages\/14","targetHints":{"allow":["GET"]}}],"collection":[{"href":"https:\/\/blog.metu.edu.tr\/wwwchslr\/index.php?rest_route=\/wp\/v2\/pages"}],"about":[{"href":"https:\/\/blog.metu.edu.tr\/wwwchslr\/index.php?rest_route=\/wp\/v2\/types\/page"}],"author":[{"embeddable":true,"href":"https:\/\/blog.metu.edu.tr\/wwwchslr\/index.php?rest_route=\/wp\/v2\/users\/8712"}],"replies":[{"embeddable":true,"href":"https:\/\/blog.metu.edu.tr\/wwwchslr\/index.php?rest_route=%2Fwp%2Fv2%2Fcomments&post=14"}],"version-history":[{"count":0,"href":"https:\/\/blog.metu.edu.tr\/wwwchslr\/index.php?rest_route=\/wp\/v2\/pages\/14\/revisions"}],"wp:featuredmedia":[{"embeddable":true,"href":"https:\/\/blog.metu.edu.tr\/wwwchslr\/index.php?rest_route=\/wp\/v2\/media\/189"}],"wp:attachment":[{"href":"https:\/\/blog.metu.edu.tr\/wwwchslr\/index.php?rest_route=%2Fwp%2Fv2%2Fmedia&parent=14"}],"curies":[{"name":"wp","href":"https:\/\/api.w.org\/{rel}","templated":true}]}}