{"id":180,"date":"2020-03-06T16:43:46","date_gmt":"2020-03-06T13:43:46","guid":{"rendered":"http:\/\/blog.metu.edu.tr\/tuyilmaz\/?page_id=180"},"modified":"2022-09-30T14:14:12","modified_gmt":"2022-09-30T11:14:12","slug":"projects","status":"publish","type":"page","link":"https:\/\/blog.metu.edu.tr\/tuyilmaz\/projects\/","title":{"rendered":"PROJECTS"},"content":{"rendered":"<ul>\n<li><strong>2022 \u2013 2025, Ara\u015ft\u0131rmac\u0131 (Researcher)<\/strong>: <em>High Resolution Assessment of the Climate Change Impacts over Extreme Precipitation in Turkey using State of the Art Climate (CMIP6) Models (TUBITAK 3501, Grant Number 122Y259).<\/em> \u0130klim De\u011fi\u015fikli\u011finin T\u00fcrkiye&#8217;de A\u015f\u0131r\u0131 Ya\u011f\u0131\u015flara Etkisinin En G\u00fcncel \u0130klim Modelleri (CMIP6) \u0130le Y\u00fcksek \u00c7\u00f6z\u00fcn\u00fcrl\u00fckte De\u011ferlendirilmesi\u00a0 (TUBITAK 3501, Proje No 122Y259)<\/li>\n<li><strong>2022 \u2013 2025, Ara\u015ft\u0131rmac\u0131 (Researcher)<\/strong>:\u00a0<em>Improving Hydrological Predictions using a Spatially Distributed Hydrologic Model and Remotely Sensed Products: Utility of Model Calibration and Data Assimliation Techniques (TUBITAK 1001, Grant Number 121Y468).<\/em> Hidrolojik Tahminlerin Alansal Da\u011f\u0131t\u0131ml\u0131 bir Hidrolojik Model ve Uzaktan Alg\u0131lama \u00dcr\u00fcnleri Kullan\u0131larak \u0130yile\u015ftirilmesi: Model Kalibrasyonu ve Veri Asimilasyonu Y\u00f6ntemler (TUBITAK 1001, Proje No 121Y468)<\/li>\n<li><strong>2022 \u2013 2025, Ara\u015ft\u0131rmac\u0131 (Researcher)<\/strong>: <em>Investigation of the Effects of Climate Change on Surface Water Potential in Coruh Basin and Energy Production in Successive Dams <span lang=\"en\">(TUBITAK 1001, Grant Number 121Y456)<\/span><\/em>. Iklim Degisikliginin \u00c7oruh Havzasindaki Y\u00fczey Su Potansiyeline Ve Ardisik Barajlardaki Enerji \u00dcretimine Etkilerinin Incelenmesi (TUBITAK 1001, Proje No 121Y456)<em><br \/>\n<\/em><\/li>\n<li><strong>2021 \u2013 2024, <\/strong><b>Y\u00fcr\u00fct\u00fcc\u00fc<\/b> <b>(Principal Investigator)<\/b>:\u00a0<em>Investigation of the relationship between the spatiotemporal dynamics of terrestrial water and carbon storage with reference to climate change, land use, land cover, and land management through data-driven modeling over Turkey <\/em><span lang=\"en\"><em>(TUBITAK 2525, Grant Number 120R065). <\/em>T\u00fcrkiye&#8217;Deki Karasal Su Ve Karbon Depolar\u0131na Ait Mek\u00e2nsal-Zamansal Dinamikler Aras\u0131ndaki Iliskinin Iklim Degisikligi, Arazi Kullan\u0131m\u0131, Arazi \u00d6rt\u00fcs\u00fc Ve Arazi Y\u00f6netimi A\u00e7\u0131s\u0131ndan Veri G\u00fcd\u00fcml\u00fc Modelleme Yoluyla Incelenmesi<\/span> (TUBITAK 2525, Proje No120R065)<\/li>\n<li><strong>2020 \u2013 2023, Ara\u015ft\u0131rmac\u0131 (Researcher)<\/strong>: <em>Estimation of Medium and High Resolution Evapotranspiration Using Remote Sensing Observations <\/em><span lang=\"en\"><em>(TUBITAK 3501, Grant Number 120Y050)<\/em>. Uydu <\/span>G\u00f6r\u00fcnt\u00fclerinden Y\u00fcksek ve Orta \u00c7\u00f6z\u00fcn\u00fcrl\u00fckl\u00fc Ger\u00e7ek Evapotranspirasyon Hesab\u0131 (TUBITAK 3501, Proje No120Y050).<\/li>\n<li><strong>2020 \u2013 2021, Dan\u0131\u015fman (Researcher)<\/strong>: <em>Accuracy Assessment of Short-term Frontal and Convective Precipitation Forecasts Over Turkey <\/em><span lang=\"en\"><em>(TUBITAK 3501, Grant Number 120Y307). <\/em>T<\/span>\u00fcrkiye \u00dczerinde Konvektif ve Cephesel Ya\u011fi\u015f Tahmininde Model-Tabanli Kisa Vadeli Ya\u011fi\u015f Tahminlerinin Do\u011fruluk De\u011ferlendirmesi (TUBITAK 1002, Proje No120Y307)<\/li>\n<li><b>2018 \u2013 2021, Y\u00fcr\u00fct\u00fcc\u00fc<\/b> <b>(Principal Investigator)<\/b>: Estimation of Homogeneous High-Resolution Radar Based Precipitation Map Improved Using Station Based Observations Over Turkey (TUBITAK 1001, Grant Number 117Y118). T\u00fcrkiye \u00dczerinde Yer G\u00f6zlem Verileriyle Iyile\u015ftirilmi\u015f Y\u00fcksek \u00c7\u00f6z\u00fcn\u00fcrl\u00fckl\u00fc Homojen Radar Ya\u011fi\u015f Haritasi Elde Edilmesi <em>(TUBITAK 1001, Proje No 117Y118).<\/em><\/li>\n<li><strong>2018 \u2013 2021, Ara\u015ft\u0131rmac\u0131 (Researcher)<\/strong>: Evaluation of Integrated Atmospheric-Hydrologic Modeling System for Flood Events at Two Different Basins (Grant from Scientific and Technological Research Council of Turkey; TUBITAK 1001, Grant Number 116Y193). <em>B\u00fct\u00fcnle\u015ftirilmi\u015f Atmosferik-Hidrolojik Model Sisteminin Ta\u015fk\u0131n Olaylar\u0131 i\u00e7in \u0130ki Farkl\u0131 Havzada De\u011ferlendirilmesi (TUBITAK 1001, Proje No 116Y193).<\/em><\/li>\n<li><strong>2019 <b>\u2013 <\/b>2020,<\/strong> <b>Y\u00fcr\u00fct\u00fcc\u00fc<\/b> <b>(Principal Investigator)<\/b>: <em>Analysis of the Variability of the Change in the Groundwater Mass over Euphrates-Tigris Basin <\/em><span lang=\"en\"><em>(TUBITAK 1002,\u00a0Grant Number 119Y101)<\/em>. <\/span>F\u0131rat Dicle Havzas\u0131ndaki Yeralt\u0131 Suyu K\u00fctlesinin De\u011fi\u015fiminin Elde Edilmesi ve Do\u011frulanmas\u0131 (TUBITAK 1002, Proje No <span lang=\"en\">119Y101<\/span>)<em>.<\/em><\/li>\n<li><strong>2019 <b>\u2013 <\/b>2020,<\/strong> <b>Y\u00fcr\u00fct\u00fcc\u00fc<\/b> <b>(Principal Investigator)<\/b>:\u00a0<em>Evaluation of Model-Based Short-Term Precipitation Forecast over Complex Topography <\/em><span lang=\"en\"><em>(TUBITAK 1002,\u00a0Grant Number 119Y093)<\/em>.\u00a0<\/span>Karma\u015f\u0131k Topografya \u00dczerine Ger\u00e7ekle\u015ftirilen Model-Tabanl\u0131 K\u0131sa Vadeli Ya\u011f\u0131\u015f Tahminlerinin De\u011ferlendirilmesi (TUBITAK 1002, Proje No <span lang=\"en\">119Y093<\/span>).<\/li>\n<li><b>2015 \u2013 2018, Y\u00fcr\u00fct\u00fcc\u00fc<\/b> <b>(Principal Investigator)<\/b>: Evaluation of soil moisture observations using hydrological model simulations and remote sensing-based retrievals observations (Grant from Scientific and Technological Research Council of Turkey; TUBITAK 3501,\u00a0Grant Number 114Y676).<em> \u0130stasyonlarda \u00d6l\u00e7\u00fclen Toprak Nemi De\u011ferlerinin Hidrolojik Model Ve Uydu Verileri Yard\u0131m\u0131yla De\u011ferlendirilmesi (TUBITAK 3501, Proje No 114Y676).<\/em><\/li>\n<li><strong>2<\/strong><b>015 \u2013 2016, Y\u00fcr\u00fct\u00fcc\u00fc (Principal Investigator): <\/b>Calibration of Station-Based Soil Moisture Observations (ODTU BAP Grant Number: BAP-08-11-2015-037). <em>\u0130stasyonlardan Elde Edilen Toprak Nemi De\u011ferlerinin Kalibrasyonu (ODTU-BAP Proje No BAP-08-11-2015-037).<\/em><\/li>\n<li><strong>2<\/strong><b>014 \u2013 2018, Y\u00fcr\u00fct\u00fcc\u00fc (Principal Investigator):\u00a0<\/b>Improving Predictions of Vegetation Condition by Optimally Merging Satellite Remote Sensing-based Soil Moisture Products (Marie Curie FP7 Career Integration Grant, SOILMOISTURE, Grant Number: 630110).<\/li>\n<li><b>2013 \u2013 2015, Y\u00fcr\u00fct\u00fcc\u00fc (Principal Investigator):\u00a0<\/b>Analysis of the added utility of remote sensing-based soil moisture products to drought predictions via data assimilation techniques (Grant from Scientific and Technological Research Council of Turkey; Project number 113C007). <em>Uydu Kaynakl\u0131 Toprak Nemi \u00d6l\u00e7\u00fcmlerinin Kurakl\u0131k Tahminlerine Veri Asimilasyonu ile Katk\u0131s\u0131n\u0131n Analizi (TUBITAK 2232, Proje no 113C007).<\/em><\/li>\n<li><b>2010 \u2013 2014, Ara\u015ft\u0131rmac\u0131 (Researcher), <\/b>Soil Moisture Rescaling Strategies &amp; Error Estimation Techniques (USDA-ARS)<\/li>\n<li><b>2010 \u2013 2013, Ara\u015ft\u0131rmac\u0131 (Researcher),\u00a0<\/b>Project Nile: Distributed hydrological information for water management in the Nile basin (USDA-ARS)<\/li>\n<li><b>2008 \u2013 2010, Bursiyer (Scholar &amp; Project Principle Investigator), <\/b>Introducing a Water Budget Constraint to Improve Land Data Assimilation Performance (NASA Earth and Space Science Fellowship, NESSF)<\/li>\n<li><b>2007 \u2013 2008, Bursiyer (Scholar), <\/b>Optimizing GPM Precipitation Estimation Using High Resolution Land Surface Modeling for Decision Support (NASA)<\/li>\n<li><b>2006 \u2013 2007, Bursiyer (Scholar), <\/b>Remote sensing of Vegetation Water Content studies in support of Soil Moisture Experiment 2005 (USDA-ARS)<\/li>\n<li><b>2004 \u2013 2006, Bursiyer (Scholar), <\/b>Remote sensing of Vegetation Water Content studies in support of Soil Moisture Experiment 2004 (USDA-ARS)<\/li>\n<\/ul>\n<p><a href=\"https:\/\/blog.metu.edu.tr\/tuyilmaz\/projects\/soilmoisture\/\">SOIL MOISTURE<\/a><\/p>\n<p><a href=\"https:\/\/blog.metu.edu.tr\/tuyilmaz\/projects\/radar-precipitation\/\">RADAR PRECIPITATION<\/a><\/p>\n<p><a href=\"https:\/\/blog.metu.edu.tr\/tuyilmaz\/projects\/toprak-nemi\/\">SOIL MOISTURE CALIBRATION<\/a><\/p>\n<p><a href=\"https:\/\/blog.metu.edu.tr\/tuyilmaz\/agricultural-crop-classification\/\">AGRICULTURAL CROP CLASSIFICATION<\/a><\/p>\n","protected":false},"excerpt":{"rendered":"<p>2022 \u2013 2025, Ara\u015ft\u0131rmac\u0131 (Researcher): High Resolution Assessment of the Climate Change Impacts over Extreme Precipitation in Turkey using State of the Art Climate (CMIP6) Models (TUBITAK 3501, Grant Number 122Y259). \u0130klim De\u011fi\u015fikli\u011finin T\u00fcrkiye&#8217;de A\u015f\u0131r\u0131 Ya\u011f\u0131\u015flara Etkisinin En G\u00fcncel \u0130klim Modelleri (CMIP6) \u0130le Y\u00fcksek \u00c7\u00f6z\u00fcn\u00fcrl\u00fckte De\u011ferlendirilmesi\u00a0 (TUBITAK 3501, Proje No 122Y259) 2022 \u2013 2025, Ara\u015ft\u0131rmac\u0131 [&hellip;]<\/p>\n","protected":false},"author":1739,"featured_media":0,"parent":0,"menu_order":5,"comment_status":"closed","ping_status":"closed","template":"","meta":{"footnotes":"","_links_to":"","_links_to_target":""},"class_list":["post-180","page","type-page","status-publish","hentry"],"_links":{"self":[{"href":"https:\/\/blog.metu.edu.tr\/tuyilmaz\/wp-json\/wp\/v2\/pages\/180","targetHints":{"allow":["GET"]}}],"collection":[{"href":"https:\/\/blog.metu.edu.tr\/tuyilmaz\/wp-json\/wp\/v2\/pages"}],"about":[{"href":"https:\/\/blog.metu.edu.tr\/tuyilmaz\/wp-json\/wp\/v2\/types\/page"}],"author":[{"embeddable":true,"href":"https:\/\/blog.metu.edu.tr\/tuyilmaz\/wp-json\/wp\/v2\/users\/1739"}],"replies":[{"embeddable":true,"href":"https:\/\/blog.metu.edu.tr\/tuyilmaz\/wp-json\/wp\/v2\/comments?post=180"}],"version-history":[{"count":0,"href":"https:\/\/blog.metu.edu.tr\/tuyilmaz\/wp-json\/wp\/v2\/pages\/180\/revisions"}],"wp:attachment":[{"href":"https:\/\/blog.metu.edu.tr\/tuyilmaz\/wp-json\/wp\/v2\/media?parent=180"}],"curies":[{"name":"wp","href":"https:\/\/api.w.org\/{rel}","templated":true}]}}