{"id":21,"date":"2015-11-12T15:13:05","date_gmt":"2015-11-12T13:13:05","guid":{"rendered":"http:\/\/blog.metu.edu.tr\/ssevimli\/?page_id=21"},"modified":"2019-11-08T10:26:10","modified_gmt":"2019-11-08T07:26:10","slug":"workshops","status":"publish","type":"page","link":"https:\/\/blog.metu.edu.tr\/ssevimli\/workshops\/","title":{"rendered":"WORKSHOPS &amp; SEMINARS"},"content":{"rendered":"<h3>In-service &amp; Pre-service Teachers<\/h3>\n<p>1. <strong>Sevimli-Celik, S.<\/strong> (2010). Movement as active play. The Association for the Study of Play&#8217;s 36th Annual Conference in Atlanta, Georgia.<\/p>\n<p>2. Al-Mansour, M., &amp; <strong>Sevimli-Celik, S.<\/strong> (2011). Creative expression through movement. The Association for the Study of Play&#8217;s 37th Annual Conference in Rochester, New York.<\/p>\n<p>3. Nell, M., Drew, W., Patte, M.M., <strong>Sevimli-Celik, S.<\/strong>, Al-Mansour, M., Baltrusaitis, S., Marshall, D., &amp; Plumb, V. (2011). Supporting family and school relationships through a parent play training program. The National Association for the Education of Young Children&#8217;s Annual Conference in Orlando, Florida.<\/p>\n<p>4. Mahoney-Frester, M., Al-Monsour, M., Al-Mukaimy, M., Glisan, C., Lee, C., Murillo, K., Tugrul, B., Sengupta, N., <strong>Sevimli-Celik, S.<\/strong>, Arda-Tuncdemir, T., Wu, V. (2014). Transcultural play: Expression and meaning. The Association for the Study of Play&#8217;s 40th Annual Conference in Rochester, New York.<\/p>\n<p>5. <strong>Sevimli-Celik, S.<\/strong> (2015). Movement Education in Early Years. Erken Cocukluk Doneminde Egitim Sempozyumu, METU Gelistirme Vakf\u0131 Okullar\u0131. Ankara, Turkey.<\/p>\n<p>6. <strong>Sevimli-Celik, S.<\/strong> (2015). Movement Education Implementations in Early Childhood Classrooms. Presented at Nesibe Ayd\u0131n Okullar\u0131. Ankara, Turkey.<\/p>\n<p>7. <strong>Sevimli-Celik, S.<\/strong> (2015). Why Movement Education? Presented at METU Preschool, Ankara, Turkey.<\/p>\n<p>8. <strong>Sevimli-Celik, S.<\/strong> (2015). Improving Children\u2019s Problem Solving Skills &amp; Thinking Through Creative Movement.\u00a0<a href=\"http:\/\/kongre.tzv.org.tr\/2015\/after\/\" target=\"_blank\" rel=\"noopener noreferrer\">3rd Intelligence &amp; Talent Congress<\/a>, Ankara, Turkey.<\/p>\n<p>9. <strong>Sevimli-Celik, S.<\/strong> (2016). Moving Bodies, Learning Minds. Bilkent Laboratory International School (BLIS), Ankara, Turkey.<\/p>\n<p><span style=\"font-size: 1rem\">10. <\/span><strong style=\"font-size: 1rem\">Sevimli-Celik, S.<\/strong><span style=\"font-size: 1rem\"> (2016). Blue Duck, Red Cow, Pink Snake.\u00a0<\/span><a style=\"font-size: 1rem\" href=\"http:\/\/kongre.tzv.org.tr\/2016\/\">4th Intelligence &amp; Talent Congress<\/a><span style=\"font-size: 1rem\">, Ankara, Turkey.<\/span><\/p>\n<p>11. <strong>Sevimli-Celik, S.<\/strong> (2016). Fostering Creativity &amp; Aesthetics in Early Years. Bilkent Laboratory International School (BLIS), Ankara, Turkey.<\/p>\n<p>12. <strong>Sevimli-Celik, S.<\/strong> (2016). Let&#8217;s Move. Beytepe Preschool, Hacettepe University, Ankara, Turkey.<\/p>\n<p>13. <strong>Sevimli-Celik, S.<\/strong> (2017). Nurturing\u00a0the Creative Potential in Early Childhood. METU Preschool, Ankara, Turkey.<\/p>\n<p>14.\u00a0<strong>Sevimli-Celik, S.<\/strong>\u00a0(2017). Divergent Strategies toward Convergent Thinking. <a href=\"http:\/\/kongre.tzv.org.tr\/2017\/\">5th Intelligence &amp; Talent Congress<\/a>, Ankara, Turkey.<\/p>\n<p>15. <strong>Sevimli-Celik, S.<\/strong> &amp; Terzioglu, T.E. (2018). Movement Concepts in Early Years. METU Preschool, Ankara, Turkey.<\/p>\n<p>16.\u00a0<strong>Sevimli-Celik, S. <\/strong>(2018). Fostering Creativity in Early Years. BILTEMM, METU, Ankara, Turkey.<\/p>\n<p>17. <strong>Sevimli-Celik, S.<\/strong> (2019). Creative Thinking Skills in Education. Extraordinary Teachers of Creative Children Summit. Ankara, Turkey.<\/p>\n<p>18.\u00a0<strong>Sevimli-Celik, S.<\/strong> (2019). Creative Thinking Skills in Early Years. Okul Oncesi Ogretmenleri Paylasim Zirvesi. Ankara, Turkey.<\/p>\n<p>19. <strong>Sevimli-Celik, S.<\/strong> (2019). &#8220;I have an idea, teacher!&#8221;. Buyuk Kolej, Ankara, Turkey.<\/p>\n<p>20. <strong>Sevimli-Celik, S.<\/strong> (2019). Creative Thinking. Gelecek Arast\u0131rmalar\u0131 Enstitusu, Verimlilik ve Teknoloji Fuar\u0131,\u00a0 Ankara, Turkey.<\/p>\n","protected":false},"excerpt":{"rendered":"<p>In-service &amp; Pre-service Teachers 1. Sevimli-Celik, S. (2010). Movement as active play. The Association for the Study of Play&#8217;s 36th Annual Conference in Atlanta, Georgia. 2. Al-Mansour, M., &amp; Sevimli-Celik, S. (2011). Creative expression through movement. The Association for the Study of Play&#8217;s 37th Annual Conference in Rochester, New York. 3. Nell, M., Drew, W., [&hellip;]<\/p>\n","protected":false},"author":3851,"featured_media":0,"parent":0,"menu_order":4,"comment_status":"closed","ping_status":"closed","template":"","meta":{"footnotes":"","_links_to":"","_links_to_target":""},"class_list":["post-21","page","type-page","status-publish","hentry"],"_links":{"self":[{"href":"https:\/\/blog.metu.edu.tr\/ssevimli\/wp-json\/wp\/v2\/pages\/21","targetHints":{"allow":["GET"]}}],"collection":[{"href":"https:\/\/blog.metu.edu.tr\/ssevimli\/wp-json\/wp\/v2\/pages"}],"about":[{"href":"https:\/\/blog.metu.edu.tr\/ssevimli\/wp-json\/wp\/v2\/types\/page"}],"author":[{"embeddable":true,"href":"https:\/\/blog.metu.edu.tr\/ssevimli\/wp-json\/wp\/v2\/users\/3851"}],"replies":[{"embeddable":true,"href":"https:\/\/blog.metu.edu.tr\/ssevimli\/wp-json\/wp\/v2\/comments?post=21"}],"version-history":[{"count":0,"href":"https:\/\/blog.metu.edu.tr\/ssevimli\/wp-json\/wp\/v2\/pages\/21\/revisions"}],"wp:attachment":[{"href":"https:\/\/blog.metu.edu.tr\/ssevimli\/wp-json\/wp\/v2\/media?parent=21"}],"curies":[{"name":"wp","href":"https:\/\/api.w.org\/{rel}","templated":true}]}}