{"id":194,"date":"2018-06-20T19:07:34","date_gmt":"2018-06-20T19:07:34","guid":{"rendered":"http:\/\/blog.metu.edu.tr\/sidogan\/?page_id=194"},"modified":"2018-06-20T19:08:29","modified_gmt":"2018-06-20T19:08:29","slug":"conference-papers","status":"publish","type":"page","link":"https:\/\/blog.metu.edu.tr\/sidogan\/my-publications\/conference-papers\/","title":{"rendered":"Conference Papers"},"content":{"rendered":"<p><strong>PUBLICATIONS (INTERNATIONAL)<\/strong><\/p>\n<p><strong>Conference Papers<\/strong><br \/>\n<strong>A.1<\/strong>\u00a0Kaplan Ak\u0131ll\u0131 G\u00f6knur, <strong>Do\u011fan Sibel<\/strong> (2013). Web 2.0 at work: Utilization of a Web 2.0 Tool in Pre-Service Teacher Education Course. <em>\u00a0&#8220;International Instructional Technologies &amp; Teach Education Symposium&#8221;<\/em>.<br \/>\n<strong>A.2<\/strong>\u00a0<strong>Do\u011fan Sibel<\/strong>, Kaplan Ak\u0131ll\u0131 G\u00f6knur, \u00c7a\u011f\u0131ltay K\u00fcr\u015fat (2014). Zihinsel Engelli \u00d6\u011frenciler ile Bili\u015fim Teknolojileri Etkinlikleri: Topluma Hizmet Dersi \u00d6rnek Uygulamas\u0131 \u0130ncelemesi. &#8220;<em>International Computer &amp; Instructional Technologies Symposium<\/em>&#8221;<br \/>\n<strong>A.3<\/strong>\u00a0Kaplan Ak\u0131ll\u0131 G\u00f6knur, <strong>Do\u011fan Sibel<\/strong> (2015). Accelerating LEarning of Special Education Students with Intellectual Disability via Technology-Enhanced Extracurriculum. &#8220;Association for Educational Communications &amp; Technology Convention&#8221;<br \/>\n<strong>A.4\u00a0Dogan Sibel, <\/strong>Donmez Mehmet, Islim Omer Faruk, Sevim Nese (2016). B\u00d6TE \u00d6\u011frencilerinin B\u00f6l\u00fcmlerine Y\u00f6nelik Alg\u0131s\u0131 Ankara \u00d6rne\u011fi.\u00a0<em>\u201cTenth International Computer &amp; Instructional Technologies Symposium\u201d.<\/em><br \/>\n<strong>A.5<\/strong>\u00a0<strong>Do\u011fan Sibel\u00a0<\/strong>(2016).\u00a0<a class=\"gsc_a_at\">Sistematik Literat\u00fcr Taramas\u0131: \u00d6\u011frenme G\u00fc\u00e7l\u00fcklerinde Teknoloji Kullan\u0131m\u0131.\u00a0<em>&#8220;International Instructional Technologies &amp; Teach Education Symposium&#8221;<\/em>.<\/a><br \/>\n<strong>A.6\u00a0Do\u011fan Sibel, <\/strong>Gunay G\u00f6kben Ay\u015fe, Caner Sonay, \u0130\u015fg\u00f6r Esra (2016).\u00a0A Case Study of Informal\u00a0Online Community for Graduate Students: A Community of\u00a0Practice\u00a0Design<a class=\"gsc_a_at\">.\u00a0<em>&#8220;International Instructional Technologies &amp; Teach Education Symposium&#8221;<\/em>.<\/a><br \/>\n<strong>A.7 Do\u011fan Sibel\u00a0<\/strong>(2016).\u00a0Teknoloji Entegrasyonunun \u00d6n\u00fcndeki engeller: Bir Fak\u00fclte Teknoloji Ment\u00f6rl\u00fck Projesi \u00d6rneklemi<a class=\"gsc_a_at\">.\u00a0<em>&#8220;International Instructional Technologies &amp; Teach Education Symposium&#8221;<\/em>.<\/a><br \/>\n<strong>A.8<\/strong>\u00a0Caner Sonay, <strong>Do\u011fan Sibel<\/strong>, \u00c7elik Berkan (2017). \u201cKEYWORDING\u201d in Facebook Groups: A Case Study on Grouping Posts in an Informal Online Learning Community. &#8221; <em>International Conference on Education and New Learning Technologies<\/em>&#8220;.<br \/>\n<strong>A.9<\/strong>\u00a0<strong>Do\u011fan Sibel<\/strong>, \u00c7a\u011f\u0131ltay K\u00fcr\u015fat, Caner Sonay (2017).\u00a0Examining the Instructional Technologies and Strategies Used in the Village Institutes and Their Applications into today\u2019s Educational Settings. <em>\u201c11th International Computer &amp; Instructional Technologies Symposium\u201d.<\/em><br \/>\n<strong>A.10 Dogan Sibel<\/strong>, Aslan Orhan, Donmez Mehmet, Yildirim Soner (2017). S\u00f6zde Kod Olu\u015ftururken \u00d6\u011frencilerin Zihinsel S\u00fcre\u00e7lerindeki Farkl\u0131l\u0131klar: Bili\u015fsel Etnografi \u00c7al\u0131\u015fmas\u0131.\u00a0<em>\u201c11th International Computer &amp; Instructional Technologies Symposium\u201d.<\/em><br \/>\n<strong>A.11 Do\u011fan Sibel<\/strong>, Delialio\u011flu \u00d6mer (2018).\u00a0Technology Usage in Specific Learning Disabilities: A Systematic Literature Review.\u00a0<em>\u201c11th International Computer &amp; Instructional Technologies Symposium\u201d.<\/em><br \/>\n<strong>A.12<\/strong>\u00a0Donmez Mehmet, <strong>Dogan Sibel<\/strong>, Baran Jovanovic Evrim (2018). Sinyal \u0130lkesinin \u00d6\u011frenme \u00dczerindeki Etkileri: Bir G\u00f6z Hareketleri \u0130zleme \u00c7al\u0131\u015fmas\u0131.\u00a0<em>\u201c12th International Computer &amp; Instructional Technologies Symposium\u201d.<\/em><br \/>\n<strong>A.13<\/strong>\u00a0Aslan Orhan, <strong>Dogan Sibel<\/strong>, Donmez Mehmet, Yildirim Soner (2018). \u00d6\u011fretim Teknolojileri Alan\u0131nda Temel Ara\u015ft\u0131rma Alanlar\u0131 ve Ara\u015ft\u0131rma Y\u00f6ntemleri Problemleri \u0130\u00e7in Bir \u00c7\u00f6z\u00fcm \u00d6nerisi: Bili\u015fsel Etnografya.\u00a0<em>\u201c12th International Computer &amp; Instructional Technologies Symposium\u201d.<\/em><br \/>\n<strong>A.14\u00a0<\/strong>Kadirhan Zafer, Alk\u0131\u015f Yunus, \u00c7elik Berkan, <strong>Do\u011fan Sibel<\/strong>, Y\u0131ld\u0131r\u0131m \u0130brahim Soner (2018).\u00a0Investigating the Relationship between Nomophobia and Self-esteem among University Students.\u00a0<em>\u201c12th International Computer &amp; Instructional Technologies Symposium\u201d.<\/em><\/p>\n","protected":false},"excerpt":{"rendered":"<p>PUBLICATIONS (INTERNATIONAL) Conference Papers A.1\u00a0Kaplan Ak\u0131ll\u0131 G\u00f6knur, Do\u011fan Sibel (2013). Web 2.0 at work: Utilization of a Web 2.0 Tool in Pre-Service Teacher Education Course. \u00a0&#8220;International Instructional Technologies &amp; Teach Education Symposium&#8221;. A.2\u00a0Do\u011fan Sibel, Kaplan Ak\u0131ll\u0131 G\u00f6knur, \u00c7a\u011f\u0131ltay K\u00fcr\u015fat (2014). Zihinsel Engelli \u00d6\u011frenciler ile Bili\u015fim Teknolojileri Etkinlikleri: Topluma Hizmet Dersi \u00d6rnek Uygulamas\u0131 \u0130ncelemesi. &#8220;International Computer [&hellip;]<\/p>\n","protected":false},"author":1090,"featured_media":0,"parent":170,"menu_order":0,"comment_status":"closed","ping_status":"closed","template":"","meta":{"footnotes":"","_links_to":"","_links_to_target":""},"class_list":["post-194","page","type-page","status-publish","hentry"],"_links":{"self":[{"href":"https:\/\/blog.metu.edu.tr\/sidogan\/wp-json\/wp\/v2\/pages\/194","targetHints":{"allow":["GET"]}}],"collection":[{"href":"https:\/\/blog.metu.edu.tr\/sidogan\/wp-json\/wp\/v2\/pages"}],"about":[{"href":"https:\/\/blog.metu.edu.tr\/sidogan\/wp-json\/wp\/v2\/types\/page"}],"author":[{"embeddable":true,"href":"https:\/\/blog.metu.edu.tr\/sidogan\/wp-json\/wp\/v2\/users\/1090"}],"replies":[{"embeddable":true,"href":"https:\/\/blog.metu.edu.tr\/sidogan\/wp-json\/wp\/v2\/comments?post=194"}],"version-history":[{"count":0,"href":"https:\/\/blog.metu.edu.tr\/sidogan\/wp-json\/wp\/v2\/pages\/194\/revisions"}],"up":[{"embeddable":true,"href":"https:\/\/blog.metu.edu.tr\/sidogan\/wp-json\/wp\/v2\/pages\/170"}],"wp:attachment":[{"href":"https:\/\/blog.metu.edu.tr\/sidogan\/wp-json\/wp\/v2\/media?parent=194"}],"curies":[{"name":"wp","href":"https:\/\/api.w.org\/{rel}","templated":true}]}}