{"id":16,"date":"2021-08-27T18:45:46","date_gmt":"2021-08-27T18:45:46","guid":{"rendered":"https:\/\/blog.metu.edu.tr\/sdag\/?page_id=16"},"modified":"2024-01-31T14:36:09","modified_gmt":"2024-01-31T11:36:09","slug":"thesis-supervision","status":"publish","type":"page","link":"https:\/\/blog.metu.edu.tr\/sdag\/thesis-supervision\/","title":{"rendered":"THESIS SUPERVISION"},"content":{"rendered":"\n<p class=\"has-text-color\" style=\"color:#231f4e\"><strong>Ph.D. Theses<\/strong><\/p>\n\n\n\n<p><strong>Selim E. Tokta\u015f<\/strong>, 2024. Multi-Layer Models for Moving Contact Problems of Graded Materials and Multiferroics. Ph.D. Thesis, Department of Mechanical Engineering, METU, Ankara, Turkey.<br><br><strong>Abdelrahim Abeidi<\/strong>, 2022. Domain-Boundary Element Method for Elastodynamics of Functionally Graded Thick-Walled Cylinders and Annular Coatings. Ph.D. Thesis, Department of Mechanical Engineering, METU, Ankara, Turkey.<br><br><strong>Mehmet N. Balc\u0131<\/strong>, 2018. Dynamic Frictional Contact Problems Involving Functionally Graded Materials. Ph.D. Thesis, Department of Mechanical Engineering, METU, Ankara, Turkey.<br><br><strong>Reza Aghazadeh<\/strong>, 2017. New Modeling and Analysis Methods for Micro-Plates. Ph.D. Thesis, Department of Mechanical Engineering, METU, Ankara, Turkey. Co-Supervisor: Assoc. Prof. Dr. Ender Ci\u011fero\u011flu.<br><br><strong>Onur Arslan<\/strong>, 2016. Contact Mechanics of Graded Orthotropic Coatings Ph.D. Thesis, Department of Mechanical Engineering, METU, Ankara, Turkey.<br><br><strong>Duygu Sar\u0131kaya<\/strong>, 2014. A Surface Crack in an Orthotropic Medium Subjected to Sliding Contact by a Rigid Stamp. Ph.D. Thesis, Department of Mechanical Engineering, METU, Ankara, Turkey.<br><br><strong>Serra Topal<\/strong>, 2013. Computational Methods for Fracture Analysis of Orthotropic Functionally Graded Materials under Thermal and Hygroscopic Loading. Ph.D. Thesis (in Turkish), Department of Mechanical Engineering, Gazi University, Ankara, Turkey. Principal Supervisor: Prof. Dr. M\u00fcfit G\u00fclge\u00e7.<br><br><strong>K. Ay\u015fe \u0130lhan<\/strong>, 2007. Mixed-Mode Fracture Analysis of Orthotropic FGM Coatings under Mechanical and Thermal Loads. Ph.D. Thesis, Department of Mechanical Engineering, METU, Ankara, Turkey.<\/p>\n\n\n\n<p class=\"has-text-color\" style=\"color:#231f4e\"><br><strong>M.Sc. Theses (Selected)<\/strong><\/p>\n\n\n\n<p><strong>Selim E. Tokta\u015f<\/strong>, 2018. Oblique Surface Cracking and Crack Closure in an Orthotropic Medium under Contact Loading. M.Sc. Thesis, Department of Mechanical Engineering, METU, Ankara, Turkey.<br><br><strong>Zubair Ahmed<\/strong>, 2018. Forced Vibration Analysis of Generally Laminated Composite Beams Using Domain Boundary Element Method. M.Sc. Thesis, Department of Mechanical Engineering, METU, Ankara, Turkey.<br><br><strong>Ata Alipour Ghassabi<\/strong>, 2017. Free Vibration Analysis of Functionally Graded Rectangular Nano-Plates Considering Spatial Variation of the Nonlocal Parameter. M.Sc. Thesis, Department of Mechanical Engineering, METU, Ankara, Turkey. Co-Supervisor: Assoc. Prof. Dr. Ender Ci\u011fero\u011flu.<br><br><strong>Reza Aghazadeh<\/strong>, 2013. Static and Free Vibration Analyses of Small &#8211; Scale Functionally Graded Beams Possessing a Variable Length Scale Parameter Using Different Beam Theories. M.Sc. Thesis, Department of Mechanical Engineering, METU, Ankara, Turkey. Co-Supervisor: Assoc. Prof. Dr. Ender Ci\u011fero\u011flu.<br><br><strong>Onur Arslan<\/strong>, 2011. Jk-Integral Method for Hygrothermal Fracture Analysis of Unidirectional Composite Laminates. M.Sc. Thesis (in Turkish), Department of Mechanical Engineering, Hacettepe University, Ankara, Turkey. Principal Supervisor: Prof. Dr. Bora Y\u0131ld\u0131r\u0131m.<br><br><strong>Yusufu Jande<\/strong>, 2009. Manufacturing and Characterization of Uniformly Porous and Graded Porous Polymeric Structures via Selective Laser Sintering. M.Sc. Thesis, Department of Mechanical Engineering, METU, Ankara, Turkey. Principal Supervisor: Asst. Prof. Dr. Merve Erdal.<br><br><strong>E. Erhan Arman<\/strong>, 2008. Jk-Integral Formulation and Implementation for Thermally Loaded Orthotropic Functionally Graded Materials. M.Sc. Thesis, Department of Mechanical Engineering, METU, Ankara, Turkey.<br><br><strong>Ferhan F\u0131\u00e7\u0131c\u0131<\/strong>, 2007. Three Dimensional Fracture Analysis of Fillet Welds. M.Sc. Thesis, Department of Mechanical Engineering, METU, Ankara, Turkey.<br><br><strong>Bar\u0131\u015f Sabuncuo\u011flu<\/strong>, 2006. Fatigue Crack Growth Analysis Models for Functionally Graded Materials. M.Sc. Thesis, Department of Mechanical Engineering, METU, Ankara, Turkey.<br><br><strong>Duygu Sar\u0131kaya<\/strong>, 2005. Mixed-Mode Fracture Analysis of Orthotropic Functionally Graded Materials. M.Sc. Thesis, Department of Mechanical Engineering, METU, Ankara, Turkey.<br><br><strong>Nizar Lajnef<\/strong>, 2005. Surface Crack in an FGM Coating Bonded to a Homogeneous Substrate under Mixed-Mode Loading. M.Sc. Thesis, Department of Mechanics, Tunisia Polytechnic School, La Marsa, Tunisia. Principal Supervisor: Prof. Dr. Sami El-Borgi.<br><br><strong>\u00d6zg\u00fcr \u0130nan<\/strong>, 2004. Three Dimensional Fracture Analysis of FGM coatings. M.Sc. Thesis, Department of Mechanical Engineering, METU, Ankara, Turkey.<br><br><strong>A. Cihan \u00d6zata\u011f<\/strong>, 2003. Contact Mechanics of a Graded Surface with Elastic Gradation in Lateral Direction. M.Sc. thesis, Department of Mechanical Engineering, METU, Ankara, Turkey.<\/p>\n\n\n\n<p class=\"has-text-color\" style=\"color:#231f4e\"><br><strong>ALUMNI WITH FACULTY POSITIONS<\/strong><\/p>\n\n\n\n<p>Dr. Mehmet N. Balc\u0131, Hacettepe University, Ankara, Turkey.<br><br>Dr. Reza Aghazadeh, THK University, Ankara, Turkey.<br><br>Dr. Yusufu Jande, Nelson Mandela African Institution of Science and Technology, Tanzania.<br><br>Assoc. Prof. Dr. Onur Arslan, Osmangazi University, Eski\u015fehir, Turkey.<br><br>Assoc. Prof. Dr. Bar\u0131\u015f Sabuncuo\u011flu, Hacettepe University, Ankara, Turkey.<\/p>\n","protected":false},"excerpt":{"rendered":"<p>Ph.D. Theses Selim E. Tokta\u015f, 2024. Multi-Layer Models for Moving Contact Problems of Graded Materials and Multiferroics. Ph.D. Thesis, Department of Mechanical Engineering, METU, Ankara, Turkey. Abdelrahim Abeidi, 2022. Domain-Boundary Element Method for Elastodynamics of Functionally Graded Thick-Walled Cylinders and Annular Coatings. Ph.D. Thesis, Department of Mechanical Engineering, METU, Ankara, Turkey. Mehmet N. Balc\u0131, 2018. [&hellip;]<\/p>\n","protected":false},"author":7599,"featured_media":0,"parent":0,"menu_order":0,"comment_status":"closed","ping_status":"closed","template":"","meta":{"footnotes":"","_links_to":"","_links_to_target":""},"class_list":["post-16","page","type-page","status-publish","hentry"],"_links":{"self":[{"href":"https:\/\/blog.metu.edu.tr\/sdag\/wp-json\/wp\/v2\/pages\/16","targetHints":{"allow":["GET"]}}],"collection":[{"href":"https:\/\/blog.metu.edu.tr\/sdag\/wp-json\/wp\/v2\/pages"}],"about":[{"href":"https:\/\/blog.metu.edu.tr\/sdag\/wp-json\/wp\/v2\/types\/page"}],"author":[{"embeddable":true,"href":"https:\/\/blog.metu.edu.tr\/sdag\/wp-json\/wp\/v2\/users\/7599"}],"replies":[{"embeddable":true,"href":"https:\/\/blog.metu.edu.tr\/sdag\/wp-json\/wp\/v2\/comments?post=16"}],"version-history":[{"count":0,"href":"https:\/\/blog.metu.edu.tr\/sdag\/wp-json\/wp\/v2\/pages\/16\/revisions"}],"wp:attachment":[{"href":"https:\/\/blog.metu.edu.tr\/sdag\/wp-json\/wp\/v2\/media?parent=16"}],"curies":[{"name":"wp","href":"https:\/\/api.w.org\/{rel}","templated":true}]}}