{"id":388,"date":"2016-07-09T09:22:49","date_gmt":"2016-07-09T06:22:49","guid":{"rendered":"http:\/\/blog.metu.edu.tr\/ozturk\/?page_id=388"},"modified":"2016-07-27T13:23:38","modified_gmt":"2016-07-27T10:23:38","slug":"nasil-bir-odtu-2","status":"publish","type":"page","link":"https:\/\/blog.metu.edu.tr\/ozturk\/nasil-bir-odtu-2\/","title":{"rendered":"Ar\u015fiv"},"content":{"rendered":"<p>Nas\u0131l bir ODT\u00dc<\/p>\n<p>1-<\/p>\n<p><a href=\"https:\/\/www.yumpu.com\/xx\/embed\/view\/4djOnH3mEkcpSs8u\"><img loading=\"lazy\" decoding=\"async\" class=\"wp-image-386 alignnone\" src=\"https:\/\/blog.metu.edu.tr\/ozturk\/files\/2016\/07\/nasilbirodtu.jpg\" alt=\"nasilbirodtu\" width=\"416\" height=\"308\" srcset=\"https:\/\/blog.metu.edu.tr\/ozturk\/files\/2016\/07\/nasilbirodtu.jpg 924w, https:\/\/blog.metu.edu.tr\/ozturk\/files\/2016\/07\/nasilbirodtu-300x222.jpg 300w, https:\/\/blog.metu.edu.tr\/ozturk\/files\/2016\/07\/nasilbirodtu-768x569.jpg 768w\" sizes=\"auto, (max-width: 416px) 100vw, 416px\" \/><\/a><\/p>\n<p>&nbsp;<\/p>\n<p>&nbsp;<\/p>\n<p>&nbsp;<\/p>\n<p>2-<a href=\"\/ozturk?page_id=392\">Nasil bir ODT\u00dc \u00a0(Metin-\u00d6zet)<\/a><\/p>\n<p>&nbsp;<\/p>\n<p>&nbsp;<\/p>\n<p>3-Ayr\u0131nt\u0131l\u0131 G\u00f6r\u00fc\u015flerim<\/p>\n<ul id=\"menu-genel\" class=\"menu\">\n<li id=\"menu-item-179\" class=\"menu-item menu-item-type-post_type menu-item-object-page menu-item-179\">3.<a href=\"\/ozturk?page_id=178\">1-\u00d6zgecmi\u015f, Altyap\u0131 ve \u00d6rg\u00fctlenme<\/a><\/li>\n<li id=\"menu-item-204\" class=\"menu-item menu-item-type-post_type menu-item-object-page menu-item-204\">3.<a href=\"\/ozturk?page_id=203\">2- Lisans E\u011fitimi-ODT\u00dc Giri\u015f S\u0131nav\u0131<\/a><\/li>\n<li id=\"menu-item-275\" class=\"menu-item menu-item-type-post_type menu-item-object-page menu-item-275\">3-<a href=\"\/ozturk?page_id=263\">3- Lisans E\u011fitimi-Disiplinleraras\u0131 Yandal Programlar\u0131 ve Tasar\u0131m Projeleri<\/a><\/li>\n<li id=\"menu-item-308\" class=\"menu-item menu-item-type-post_type menu-item-object-page menu-item-308\">3.<a href=\"\/ozturk?page_id=288\">4-Lisans\u00fcst\u00fc E\u011fitim<\/a><\/li>\n<li id=\"menu-item-319\" class=\"menu-item menu-item-type-post_type menu-item-object-page menu-item-319\">3.<a href=\"\/ozturk?page_id=318\">5- Ara\u015ft\u0131rma-Doktorasonras\u0131 Ara\u015ft\u0131rmac\u0131 Deste\u011fi<\/a><\/li>\n<li id=\"menu-item-377\" class=\"menu-item menu-item-type-post_type menu-item-object-page menu-item-377\">3.<a href=\"\/ozturk?page_id=376\">6-Toplumsal Hizmet: Halk G\u00fcn\u00fc-ODT\u00dc De\u011ferlendirme Merkezi<\/a><\/li>\n<\/ul>\n<p>&nbsp;<\/p>\n","protected":false},"excerpt":{"rendered":"<p>Nas\u0131l bir ODT\u00dc 1- &nbsp; &nbsp; &nbsp; 2-Nasil bir ODT\u00dc \u00a0(Metin-\u00d6zet) &nbsp; &nbsp; 3-Ayr\u0131nt\u0131l\u0131 G\u00f6r\u00fc\u015flerim 3.1-\u00d6zgecmi\u015f, Altyap\u0131 ve \u00d6rg\u00fctlenme 3.2- Lisans E\u011fitimi-ODT\u00dc Giri\u015f S\u0131nav\u0131 3-3- Lisans E\u011fitimi-Disiplinleraras\u0131 Yandal Programlar\u0131 ve Tasar\u0131m Projeleri 3.4-Lisans\u00fcst\u00fc E\u011fitim 3.5- Ara\u015ft\u0131rma-Doktorasonras\u0131 Ara\u015ft\u0131rmac\u0131 Deste\u011fi 3.6-Toplumsal Hizmet: Halk G\u00fcn\u00fc-ODT\u00dc De\u011ferlendirme Merkezi &nbsp;<\/p>\n","protected":false},"author":2845,"featured_media":0,"parent":0,"menu_order":0,"comment_status":"closed","ping_status":"closed","template":"","meta":{"footnotes":"","_links_to":"","_links_to_target":""},"class_list":["post-388","page","type-page","status-publish","hentry"],"_links":{"self":[{"href":"https:\/\/blog.metu.edu.tr\/ozturk\/wp-json\/wp\/v2\/pages\/388","targetHints":{"allow":["GET"]}}],"collection":[{"href":"https:\/\/blog.metu.edu.tr\/ozturk\/wp-json\/wp\/v2\/pages"}],"about":[{"href":"https:\/\/blog.metu.edu.tr\/ozturk\/wp-json\/wp\/v2\/types\/page"}],"author":[{"embeddable":true,"href":"https:\/\/blog.metu.edu.tr\/ozturk\/wp-json\/wp\/v2\/users\/2845"}],"replies":[{"embeddable":true,"href":"https:\/\/blog.metu.edu.tr\/ozturk\/wp-json\/wp\/v2\/comments?post=388"}],"version-history":[{"count":0,"href":"https:\/\/blog.metu.edu.tr\/ozturk\/wp-json\/wp\/v2\/pages\/388\/revisions"}],"wp:attachment":[{"href":"https:\/\/blog.metu.edu.tr\/ozturk\/wp-json\/wp\/v2\/media?parent=388"}],"curies":[{"name":"wp","href":"https:\/\/api.w.org\/{rel}","templated":true}]}}