{"id":143,"date":"2016-05-22T16:39:28","date_gmt":"2016-05-22T13:39:28","guid":{"rendered":"http:\/\/blog.metu.edu.tr\/ozturk\/?page_id=143"},"modified":"2020-11-29T11:50:14","modified_gmt":"2020-11-29T08:50:14","slug":"arastirma","status":"publish","type":"page","link":"https:\/\/blog.metu.edu.tr\/ozturk\/arastirma\/","title":{"rendered":"Ara\u015ft\u0131rma"},"content":{"rendered":"\n<div class=\"wp-block-group\"><div class=\"wp-block-group__inner-container is-layout-flow wp-block-group-is-layout-flow\">\n<div style=\"width: 35%;padding: 0 10px 0 0;float: left\">\n<h5>Ara\u015ft\u0131rma Konular\u0131<\/h5>\n<ul>\n<li>Termal Plazma ile Toz \u00dcretimi (Eklemeli \u0130malat)<\/li>\n<li>Nanotoz \u00dcretimi<\/li>\n<li>Alkalin Bataryalar<\/li>\n<li>Kat\u0131 Oksit Yak\u0131t Pilleri<\/li>\n<li>Hidrojen Ay\u0131r\u0131c\u0131 Membran Geli\u015ftirme<\/li>\n<li>Metal Hidr\u00fcrler<\/li>\n<\/ul>\n<\/div>\n<div style=\"width: 55%;padding: 0 10px 0 0;float: right\">\u00a0<\/div>\n<p>ODT\u00dc Metalurji ve Malzeme M\u00fchendisli\u011fi B\u00f6l\u00fcm\u00fcnde mevcut laboratuarlar\u0131m\u0131zda Alkalin piller, Kat\u0131 oksit yak\u0131t pilleri ve Hidrojen ay\u0131r\u0131c\u0131 membranlar konusunda \u00e7al\u0131\u015fmalar yap\u0131lmaktad\u0131r. \u00c7oklu yakla\u015f\u0131mla aktif malzeme tasar\u0131m\u0131 her \u00fc\u00e7 malzeme gurubunda yo\u011fun olarak kullan\u0131lmaktad\u0131r. Laboratuar, ayn\u0131 zamanda, termal plazma \u00fcretim altyap\u0131s\u0131na sahip olup bu imkan gerek eklemeli imalat i\u00e7in k\u00fcreselle\u015ftirilmi\u015f toz \u00fcretimi , gerekse elektrokatalist ve benzeri uygulamalar i\u00e7in \u00e7\u0131plak veya karbonla kapl\u0131 nanotoz \u00fcretimi i\u00e7in yo\u011funlukla kullan\u0131lmaktad\u0131r.<\/p>\n<p><img loading=\"lazy\" decoding=\"async\" class=\"aligncenter wp-image-165 size-large\" src=\"https:\/\/blog.metu.edu.tr\/ozturk\/files\/2016\/05\/web-lab-1024x535.jpg\" alt=\"web-lab\" width=\"1024\" height=\"535\" srcset=\"https:\/\/blog.metu.edu.tr\/ozturk\/files\/2016\/05\/web-lab-1024x535.jpg 1024w, https:\/\/blog.metu.edu.tr\/ozturk\/files\/2016\/05\/web-lab-300x157.jpg 300w, https:\/\/blog.metu.edu.tr\/ozturk\/files\/2016\/05\/web-lab-768x402.jpg 768w, https:\/\/blog.metu.edu.tr\/ozturk\/files\/2016\/05\/web-lab.jpg 1884w\" sizes=\"auto, (max-width: 1024px) 100vw, 1024px\" \/><\/p>\n<h5>Donan\u0131m<\/h5>\n<ul>\n<li>Termal Plazma Sistemi(K\u00fcreselle\u015ftirme Reakt\u00f6r\u00fc, Nanotoz Reakt\u00f6r\u00fc) (TEKNA 30 kW)<\/li>\n<li>\u00c7oklu yakla\u015f\u0131m \u00e7ok hedefli magnetron s\u0131\u00e7ratma birimi (4-hedefli Nanovak)<\/li>\n<li>Sievert\u2019s Bas\u0131n\u00e7-Kompozisyon-S\u0131cakl\u0131k \u00f6l\u00e7\u00fcm cihaz\u0131<\/li>\n<li>Gaz ge\u00e7irgenlik \u00f6l\u00e7\u00fcm c\u0131haz\u0131<\/li>\n<li>Eldivenli dolap (MBraun Unistar)<\/li>\n<li>Potensiyostat\/Galvanostat (Amatek\/Gamry)<\/li>\n<li>16 Kanal Batarya Test Cihaz\u0131 (Biologic)<\/li>\n<\/ul>\n<h5>Tamamlanan ve Devam Eden Projeler<\/h5>\n<ul>\n<li>MnO2 Esasl\u0131 Katod Malzemelerin Doldurulabilir Piller I\u00e7in Geli\u015ftirilmesi<\/li>\n<li>Kombinatoryal Yakla\u015f\u0131mla Lsf Esasl\u0131 Kompozit Katodlar\u0131n Orta S\u0131cakl\u0131k Kat\u0131 Oksit Yak\u0131t Pilleri I\u00e7in Geli\u015ftirilmesi(2018-2021)<\/li>\n<li>Hidrojen Safla\u015ft\u0131r\u0131c\u0131 Cihazlar I\u00e7in D\u00fc\u015f\u00fck Maliyetli Kapileri Membran Geli\u015ftirme( 2017-2020)<\/li>\n<li>Enerji Depolama Malzemeleri ve Gere\u00e7leri Ara\u015ft\u0131rma Merkezi (ENDAM) Kalk\u0131nma Bakanl\u0131\u011f\u0131, 2016-<\/li>\n<li>Metal Hidr\u00fcrlerle E\u015fle\u015ftirilmi\u015f Kat\u0131 Oksit Yak\u0131t Pillerinin Geli\u015ftirilmesi , ERAFRICA<\/li>\n<li>Kabuklu Par\u00e7ac\u0131klarda Enerji Depolama \u00a0(2012-2016) COST<\/li>\n<li>\u00c7oklu yakla\u015f\u0131mla hidrojen ayr\u0131c\u0131 membran geli\u015ftirme \u00a0(2010-2014) TUBITAK<\/li>\n<li>Enerji Malzemeleri; Enerji depolama i\u00e7in termal plazma ile \u00a0nanopar\u00e7ac\u0131k sentezi\u00a0\u00a0 \u00a0(2009-2011) DPT<\/li>\n<li>\u00c7oklu yakla\u015f\u0131mla \u00a0Mg-Ni-Ti \u00a0sisteminin hidrojen depolama a\u00e7\u0131sndan incelenmesi\u00a0\u00a0 (2006-2010) FP-6 NESSHY<\/li>\n<li>Hidrojen depolama amac\u0131yla Mg esasl\u0131 ince filmlerin geli\u015ftirlmesi\u00a0(2006-2009) TUBITAK<\/li>\n<\/ul>\n<h5>\u0130\u015fbirli\u011fi<\/h5>\n<ul>\n<li>Prof. Dr. \u0130nci Ero\u011flu, Kimya M\u00fchnedili\u011fi B\u00f6l\u00fcm\u00fc, ODT\u00dc, Ankara<\/li>\n<li>Prof. Dr. \u015eaban Patat, Kimya B\u00f6l\u00fcm\u00fc, Erciyes \u00dcniversitesi<\/li>\n<li>bak\u0131n\u0131z \u00a0<a href=\"https:\/\/blog.metu.edu.tr\/ozturk\/nesshy\/\">NESSHY<\/a><\/li>\n<li><a href=\"http:\/\/www.cost.eu\/domains_actions\/mpns\/Actions\/MP1103\">bak\u0131n\u0131z\u00a0COST \u2013MP1103<\/a><\/li>\n<\/ul>\n<div class=\"fieldgroup group-people-academic\">\n<div class=\"content\">\n<div class=\"field-item odd\">\n<div class=\"fieldgroup group-lab-images\">\u00a0<\/div>\n<\/div>\n<\/div>\n<\/div>\n<\/div><\/div>\n","protected":false},"excerpt":{"rendered":"<p>Ara\u015ft\u0131rma Konular\u0131 Termal Plazma ile Toz \u00dcretimi (Eklemeli \u0130malat) Nanotoz \u00dcretimi Alkalin Bataryalar Kat\u0131 Oksit Yak\u0131t Pilleri Hidrojen Ay\u0131r\u0131c\u0131 Membran Geli\u015ftirme Metal Hidr\u00fcrler \u00a0 ODT\u00dc Metalurji ve Malzeme M\u00fchendisli\u011fi B\u00f6l\u00fcm\u00fcnde mevcut laboratuarlar\u0131m\u0131zda Alkalin piller, Kat\u0131 oksit yak\u0131t pilleri ve Hidrojen ay\u0131r\u0131c\u0131 membranlar konusunda \u00e7al\u0131\u015fmalar yap\u0131lmaktad\u0131r. \u00c7oklu yakla\u015f\u0131mla aktif malzeme tasar\u0131m\u0131 her \u00fc\u00e7 malzeme gurubunda yo\u011fun [&hellip;]<\/p>\n","protected":false},"author":2845,"featured_media":0,"parent":0,"menu_order":0,"comment_status":"closed","ping_status":"closed","template":"","meta":{"footnotes":"","_links_to":"","_links_to_target":""},"class_list":["post-143","page","type-page","status-publish","hentry"],"_links":{"self":[{"href":"https:\/\/blog.metu.edu.tr\/ozturk\/wp-json\/wp\/v2\/pages\/143","targetHints":{"allow":["GET"]}}],"collection":[{"href":"https:\/\/blog.metu.edu.tr\/ozturk\/wp-json\/wp\/v2\/pages"}],"about":[{"href":"https:\/\/blog.metu.edu.tr\/ozturk\/wp-json\/wp\/v2\/types\/page"}],"author":[{"embeddable":true,"href":"https:\/\/blog.metu.edu.tr\/ozturk\/wp-json\/wp\/v2\/users\/2845"}],"replies":[{"embeddable":true,"href":"https:\/\/blog.metu.edu.tr\/ozturk\/wp-json\/wp\/v2\/comments?post=143"}],"version-history":[{"count":0,"href":"https:\/\/blog.metu.edu.tr\/ozturk\/wp-json\/wp\/v2\/pages\/143\/revisions"}],"wp:attachment":[{"href":"https:\/\/blog.metu.edu.tr\/ozturk\/wp-json\/wp\/v2\/media?parent=143"}],"curies":[{"name":"wp","href":"https:\/\/api.w.org\/{rel}","templated":true}]}}