{"id":59,"date":"2016-02-24T19:57:36","date_gmt":"2016-02-24T19:57:36","guid":{"rendered":"http:\/\/blog.metu.edu.tr\/ozguven\/?page_id=59"},"modified":"2016-03-06T17:41:01","modified_gmt":"2016-03-06T17:41:01","slug":"sukran-ozguven","status":"publish","type":"page","link":"https:\/\/blog.metu.edu.tr\/ozguven\/sukran-ozguven\/","title":{"rendered":"\u015e\u00fckran \u00d6zg\u00fcven"},"content":{"rendered":"<p><a href=\"https:\/\/blog.metu.edu.tr\/ozguven\/files\/2016\/02\/Sukran_3R.jpg\" rel=\"attachment wp-att-91\"><img loading=\"lazy\" decoding=\"async\" class=\"alignnone size-medium wp-image-91\" src=\"https:\/\/blog.metu.edu.tr\/ozguven\/files\/2016\/02\/Sukran_3R-300x274.jpg\" alt=\"Sukran_portre\" width=\"300\" height=\"274\" srcset=\"https:\/\/blog.metu.edu.tr\/ozguven\/files\/2016\/02\/Sukran_3R-300x274.jpg 300w, https:\/\/blog.metu.edu.tr\/ozguven\/files\/2016\/02\/Sukran_3R.jpg 962w\" sizes=\"auto, (max-width: 300px) 100vw, 300px\" \/><\/a><a href=\"https:\/\/blog.metu.edu.tr\/ozguven\/files\/2016\/03\/SukranNevzat.jpg\" rel=\"attachment wp-att-94\"><img loading=\"lazy\" decoding=\"async\" class=\"alignnone size-medium wp-image-94\" src=\"https:\/\/blog.metu.edu.tr\/ozguven\/files\/2016\/03\/SukranNevzat-300x273.jpg\" alt=\"Sukran&amp;Nevzat\" width=\"300\" height=\"273\" srcset=\"https:\/\/blog.metu.edu.tr\/ozguven\/files\/2016\/03\/SukranNevzat-300x273.jpg 300w, https:\/\/blog.metu.edu.tr\/ozguven\/files\/2016\/03\/SukranNevzat.jpg 962w\" sizes=\"auto, (max-width: 300px) 100vw, 300px\" \/><\/a><a href=\"https:\/\/blog.metu.edu.tr\/ozguven\/files\/2016\/02\/Sukran_portre.jpg\" rel=\"attachment wp-att-60\"><br \/>\n<\/a><\/p>\n<p style=\"padding-left: 80px\"><span style=\"color: #cf3030\"><strong>\u015e\u00fckran \u00d6zg\u00fcven<\/strong><\/span><\/p>\n<p style=\"padding-left: 80px\"><strong><span style=\"color: #cf3030\">E-mail:<\/span><\/strong> sukranozguven@gmail.com<\/p>\n","protected":false},"excerpt":{"rendered":"<p>\u015e\u00fckran \u00d6zg\u00fcven E-mail: sukranozguven@gmail.com<\/p>\n","protected":false},"author":3177,"featured_media":0,"parent":0,"menu_order":0,"comment_status":"closed","ping_status":"closed","template":"","meta":{"footnotes":"","_links_to":"","_links_to_target":""},"class_list":["post-59","page","type-page","status-publish","hentry"],"_links":{"self":[{"href":"https:\/\/blog.metu.edu.tr\/ozguven\/wp-json\/wp\/v2\/pages\/59","targetHints":{"allow":["GET"]}}],"collection":[{"href":"https:\/\/blog.metu.edu.tr\/ozguven\/wp-json\/wp\/v2\/pages"}],"about":[{"href":"https:\/\/blog.metu.edu.tr\/ozguven\/wp-json\/wp\/v2\/types\/page"}],"author":[{"embeddable":true,"href":"https:\/\/blog.metu.edu.tr\/ozguven\/wp-json\/wp\/v2\/users\/3177"}],"replies":[{"embeddable":true,"href":"https:\/\/blog.metu.edu.tr\/ozguven\/wp-json\/wp\/v2\/comments?post=59"}],"version-history":[{"count":0,"href":"https:\/\/blog.metu.edu.tr\/ozguven\/wp-json\/wp\/v2\/pages\/59\/revisions"}],"wp:attachment":[{"href":"https:\/\/blog.metu.edu.tr\/ozguven\/wp-json\/wp\/v2\/media?parent=59"}],"curies":[{"name":"wp","href":"https:\/\/api.w.org\/{rel}","templated":true}]}}