{"id":27,"date":"2016-02-24T10:04:37","date_gmt":"2016-02-24T10:04:37","guid":{"rendered":"http:\/\/blog.metu.edu.tr\/ozguven\/?page_id=27"},"modified":"2025-04-18T06:59:49","modified_gmt":"2025-04-18T06:59:49","slug":"yurtdisi-proje-ve-seminerler","status":"publish","type":"page","link":"https:\/\/blog.metu.edu.tr\/ozguven\/yurtdisi-proje-ve-seminerler\/","title":{"rendered":"Yurtd\u0131\u015f\u0131 Proje ve Seminerler"},"content":{"rendered":"<p><img loading=\"lazy\" decoding=\"async\" class=\"\" src=\"https:\/\/blog.metu.edu.tr\/ozguven\/files\/2020\/11\/IMG_0618-1.jpeg\" alt=\"This image has an empty alt attribute; its file name is IMG_0618-1.jpeg\" width=\"310\" height=\"341\" \/><\/p>\n<h4><span style=\"color: #cf3030\"><strong>YURTDI\u015eI DESTEKL\u0130 PROJELER<\/strong><\/span><\/h4>\n<p>&#8220;EXPERTISE &#8211;\u00a0<span id=\"titolo_pagina_1\">models, EXperiments and high PERformance computing for Turbine <span style=\"color: #000000\">mechanical<\/span> Integrity and Structural dynamics in Europe&#8221;, H2020 &#8211; Innovative Training Networks, March 2017 &#8211; .<\/span><\/p>\n<p>&#8220;Non-linear mathematical modeling of gear dynamics&#8221;, Dan\u0131\u015fman,Gear Dynamics and Gear Noise Research Laboratory, The Ohio State University, Columbus, Ohio, ABD (A\u011fustos-Eyl\u00fcl 1989, A\u011fustos-Eyl\u00fcl 1991).<\/p>\n<p>&#8220;Assistance to Develop Indigenous Software Industry&#8221;,Ulusal Proje Koordinat\u00f6r\u00fc, UNDP-TUR\/95\/002. (Destekleyen Kurulu\u015f: United Nations Development Programme) Kas\u0131m 1996 &#8211; Aral\u0131k 2002.<\/p>\n<p>&#8220;T\u00fcrkiye&#8217;de Bilim\/\u0130\u015f Park\u0131 Yap\u0131labilirli\u011finin Ara\u015ft\u0131r\u0131lmas\u0131&#8221;,Dan\u0131\u015fman, TTGV Odak Projesi TTGV-181\/S. (Destekleyen Kurulu\u015f: D\u00fcnya Bankas\u0131) Kas\u0131m 1995-Temmuz1996.<\/p>\n<p>&#8220;Theoretical and Experimental Analysis of Non-LinearStructures&#8221;Proje Y\u00f6neticileri: H. N. \u00d6zg\u00fcven (ODT\u00dc) ve M. \u0130mreg\u00fcn (Imperial College) Imperial College ve ODT\u00dc Akademik \u0130\u015fbirli\u011fi. (Destekleyen Kurulu\u015f: British Council) Haziran 1990-Nisan1993.<\/p>\n<h4><span style=\"color: #cf3030\"><strong>YURTDI\u015eINDA VER\u0130LEN SEM\u0130NERLER<\/strong><\/span><\/h4>\n<p style=\"font-weight: 400\">\u201cFRF Coupling\/Decoupling and Identifying Connection Dynamics\u201d, Technical University of Munich (TUM), November 2022.<\/p>\n<p style=\"font-weight: 400\">\u00a0\u201cModal Analysis of Nonlinear Systems\u201d Technical University of Munich (TUM), November 2022.<\/p>\n<p style=\"font-weight: 400\">\u201cNonlinear Structural Modification, Coupling and Decoupling\u201d Technical University of Munich (TUM), December 2022.<\/p>\n<p>&#8220;Gear Dynamic Models&#8221;, Gear Dynamics and Gear Noise Research Laboratory Sponsors Meeting, Columbus, Ohio, May\u0131s 1987.<\/p>\n<p>&#8220;Dynamic Analysis of Nonproportionally Damped Structures&#8221;,University of Miami,Coral Gables, Florida, Nisan 1987.<\/p>\n<p>&#8220;Dynamic Analysis of Nonproportionally Damped Structures&#8221;,The Ohio State University, Columbus, Ohio, Ekim 1985.<\/p>\n<p>&#8220;Gear Vibrations and Mathematical Modelling in Gear Dynamics&#8221;Gear Dynamics and Gear Noise Research Laboratory Sponsors Meeting, Columbus,Ohio, Ekim 1986.<\/p>\n<p>&#8220;Dynamic Analysis for Nuclear Reactor Buildings with Foundation Interaction&#8221;,The Ohio State University, Columbus, Ohio, Ekim 1985.<\/p>\n","protected":false},"excerpt":{"rendered":"<p>YURTDI\u015eI DESTEKL\u0130 PROJELER &#8220;EXPERTISE &#8211;\u00a0models, EXperiments and high PERformance computing for Turbine mechanical Integrity and Structural dynamics in Europe&#8221;, H2020 &#8211; Innovative Training Networks, March 2017 &#8211; . &#8220;Non-linear mathematical modeling of gear dynamics&#8221;, Dan\u0131\u015fman,Gear Dynamics and Gear Noise Research <a class=\"more-link\" href=\"https:\/\/blog.metu.edu.tr\/ozguven\/yurtdisi-proje-ve-seminerler\/\">Read More &#8230;<\/a><\/p>\n","protected":false},"author":3177,"featured_media":0,"parent":0,"menu_order":0,"comment_status":"closed","ping_status":"closed","template":"","meta":{"footnotes":"","_links_to":"","_links_to_target":""},"class_list":["post-27","page","type-page","status-publish","hentry"],"_links":{"self":[{"href":"https:\/\/blog.metu.edu.tr\/ozguven\/wp-json\/wp\/v2\/pages\/27","targetHints":{"allow":["GET"]}}],"collection":[{"href":"https:\/\/blog.metu.edu.tr\/ozguven\/wp-json\/wp\/v2\/pages"}],"about":[{"href":"https:\/\/blog.metu.edu.tr\/ozguven\/wp-json\/wp\/v2\/types\/page"}],"author":[{"embeddable":true,"href":"https:\/\/blog.metu.edu.tr\/ozguven\/wp-json\/wp\/v2\/users\/3177"}],"replies":[{"embeddable":true,"href":"https:\/\/blog.metu.edu.tr\/ozguven\/wp-json\/wp\/v2\/comments?post=27"}],"version-history":[{"count":0,"href":"https:\/\/blog.metu.edu.tr\/ozguven\/wp-json\/wp\/v2\/pages\/27\/revisions"}],"wp:attachment":[{"href":"https:\/\/blog.metu.edu.tr\/ozguven\/wp-json\/wp\/v2\/media?parent=27"}],"curies":[{"name":"wp","href":"https:\/\/api.w.org\/{rel}","templated":true}]}}