{"id":9,"date":"2012-09-24T20:24:13","date_gmt":"2012-09-24T20:24:13","guid":{"rendered":"http:\/\/blog.metu.edu.tr\/ozcebe\/?page_id=9"},"modified":"2012-11-20T16:41:07","modified_gmt":"2012-11-20T16:41:07","slug":"tezler","status":"publish","type":"page","link":"https:\/\/blog.metu.edu.tr\/ozcebe\/tezler\/","title":{"rendered":"Tezler"},"content":{"rendered":"<p>1.\u00a0Contribution of RC infills to the seismic behaviour of structural systems\u00a0 [Betonarme dolgu duvarlar\u0131n yap\u0131lar\u0131n sismik davran\u0131\u015flar\u0131 \u00fczerine etkileri]\u00a0 \/ Erdem Canbay \/ U\u011fur Ersoy, G\u00fcney \u00d6zcebe \/ Ph.D [Doktora] \/ 2001<\/p>\n<p>2.\u00a0Hysteretic response of reinforced concrete frames repaired by means of reinforced concrete infills\u00a0 [Betonarme dolgular ile g\u00fc\u00e7lendirilmi\u015f \u00e7er\u00e7evelerin deprem davran\u0131\u015f\u0131] \/ Musa Onur Sonuvar \/ G\u00fcney \u00d6zcebe \/ Ph.D [Doktora] \/ 2001<\/p>\n<p>3.\u00a0Improving ductility and shear capacity of reinforced columns with carbon fiber reinforced polymer\u00a0 [Betonarme kolonlar\u0131n s\u00fcnekli\u011finin ve kesme kapasitesinin karbon fiber lifli polimer ile iyile\u015ftirilmesi]\u00a0 \/ Okan \u00d6zcan \/ G\u00fcney \u00d6zcebe, Bar\u0131\u015f Binici \/ Ph.D [Doktora] \/ 2009<\/p>\n<p>4.\u00a0Seismic strengthening of masonry infilled R\/C frames with steel fiber reinforcement\u00a0 [Dolgulu betonarme \u00e7er\u00e7evelerin \u00e7elik tel donat\u0131 uygulamas\u0131 ile depreme kar\u015f\u0131 g\u00fc\u00e7lendirilmesi]\u00a0 \/ Tu\u011f\u00e7e Sevil \/ Erdem Canbay, G\u00fcney \u00d6zcebe \/ Ph.D [Doktora] \/2010<\/p>\n<p>5.\u00a0Improvement of punching strength of flat plates by using carbon fiber reinforced polymr (CFRP) dowels [D\u00fcz d\u00f6\u015femelerin z\u0131mbalama dayan\u0131m\u0131n\u0131n karbon fiber takviyeli polimer (CFRP) d\u00fcbeller kullan\u0131larak iyile\u015ftirilmesi] \/ Hakan Erdo\u011fan \/ G\u00fcney \u00d6zcebe, Bar\u0131\u015f Binici \/ Ph.D [Doktora] \/ 2010<\/p>\n<p>6.\u00a0Strengthening of brick infilled rc frames with cfrp reinforcement-general principles [Bo\u015fluklu tu\u011fla dolgu duvarl\u0131 betonarme \u00e7er\u00e7evelerin cfrp \u015feritlerle g\u00fc\u00e7lendirilmesi-genel prensipler] \/ Emre Ak\u0131n \/ G\u00fcney \u00d6zcebe \/ Ph.D [Doktora] \/ 2011<\/p>\n<p>7.\u00a0Seismic performance evaluation of reinforced concrete frames with psd testing [Betonarme \u00e7er\u00e7evelerin dinamik benzeri deneylerle deprem davran\u0131\u015flar\u0131n\u0131n belirlenmesi] \/Pourang Ezzatfar \/ G\u00fcney \u00d6zcebe \/ Ph.D [Doktora] \/ devam ediyor<\/p>\n<p>8.\u00a0Modelling of the hysteretic flexural and shear responses of R\/C members subjected to simulated seismic loading\u00a0 \/ C.Hakan Balc\u0131\u00a0 \/ G\u00fcney \u00d6zcebe \/ MS [Y\u00fcksek Lisans] \/1989<\/p>\n<p>9.\u00a0Use of expanded metals as shear\/confinement reinforcement in concrete members phase 1: Axially loaded columns \/ Mehmet Se\u00e7kin Yanarate\u015f \/ G\u00fcney \u00d6zcebe \/ MS [Y\u00fcksek Lisans] \/ 1990<\/p>\n<p>10.\u00a0A Comparative study on confinement models for concrete\u00a0 [Beton sarg\u0131 modelleri \u00fczerine kar\u015f\u0131la\u015ft\u0131rmal\u0131 bir \u00e7al\u0131\u015fma]\u00a0 \/ Sadettin Korkmaz \/ G\u00fcney \u00d6zcebe \/ MS [Y\u00fcksek Lisans] \/ 1992<\/p>\n<p>11.\u00a0An Exper\u0131mental study on minimum flexural re\u0131nforcement for h\u0131gh strength concrete beams\u00a0 [Y\u00fcksek dayan\u0131ml\u0131 betonla yap\u0131lan e\u011filme elemanlar\u0131 i\u00e7in minimum \u00e7ekme donat\u0131s\u0131 \u00fczerine deneysel bir inceleme]\u00a0 \/ Hasan Ba\u015faran \/ G\u00fcney \u00d6zcebe \/ MS [Y\u00fcksek Lisans] \/1993<\/p>\n<p>12.\u00a0An Experimental study on minimum web reinforcement for high strength concrete beams shart shear span\u00a0 [Y\u00fcksek dayan\u0131ml\u0131 betondan yap\u0131lan k\u0131sa a\u00e7\u0131kl\u0131kl\u0131 kiri\u015flerde minimum kesme donat\u0131s\u0131 \u00fczerine deneysel bir inceleme]\u00a0 \/ Kerem Kurluva \/ G\u00fcney \u00d6zcebe \/ MS [Y\u00fcksek Lisans] \/ 1994<\/p>\n<p>13.\u00a0An Experimental study on minimum shear reinforcement for high strength concrete beams\u00a0 [Y\u00fcksek dayan\u0131ml\u0131 betonla yap\u0131lan kesme elemanlar\u0131 i\u00e7in minimum kesme donat\u0131s\u0131 \u00fczerine deneysel bir inceleme]\u00a0 \/ Sinan Sina Kaya \/ G\u00fcney \u00d6zcebe \/ MS [Y\u00fcksek Lisans] \/ 1994<\/p>\n<p>14.\u00a0Uniaxially loaded high strength concrete spiral columns\u00a0 [Eksenel y\u00fckl\u00fc fretli y\u00fcksek dayan\u0131ml\u0131 beton kolonlar]\u00a0 \/ \u00d6nder T\u00fcmer \/ G\u00fcney \u00d6zcebe \/ MS [Y\u00fcksek Lisans] \/ 1995<\/p>\n<p>15.\u00a0Behaviour of high-strength concrete columns under eccentric compression-tied columus\u00a0 [Eksentrik y\u00fckl\u00fc y\u00fcksek dayan\u0131ml\u0131 beton kolonlar\u0131n davran\u0131\u015f\u0131-etriyeli kolonlar]\u00a0 \/ Erdem Canbay \/ G\u00fcney \u00d6zcebe \/ MS [Y\u00fcksek Lisans] \/ 1995<\/p>\n<p>16.\u00a0Uniaxially loaded normal strength spiral columns\u00a0 [Eksenel y\u00fckl\u00fc fretli normal dayan\u0131ml\u0131 beton kolonlar]\u00a0 \/ Feridun Cahit Yalduz \/ G\u00fcney \u00d6zcebe \/ MS [Y\u00fcksek Lisans] \/ 1997<\/p>\n<p>17.\u00a0Behaviour of high strength concrete columns under strain gradient-tied columns\u00a0 [D\u00fczg\u00fcn de\u011fi\u015fen birim deformasyon alt\u0131nda y\u00fcksek dayan\u0131ml\u0131 beton kolonlar\u0131n davran\u0131\u015f\u0131]\u00a0 \/ Ahmet Y\u0131ld\u0131r\u0131m\u00a0 \/ G\u00fcney \u00d6zcebe \/ MS [Y\u00fcksek Lisans] \/ 1997<\/p>\n<p>18.\u00a0Uniaxially loaded high strength concrete spiral columns part II\u00a0 [Eksenel y\u00fckl\u00fc y\u00fcksek dayan\u0131ml\u0131 beton kolonlar, ikinci b\u00f6l\u00fcm]\u00a0 \/ G\u00fcney \u00d6zcebe; U\u011fur Ersoy \/ Zeki Burak Koru \/ MS [Y\u00fcksek Lisans] \/1998<\/p>\n<p>19.\u00a0Minimum flexural reinforcement requirement of reinforced concrete beams\u00a0 [Donat\u0131l\u0131 beton kiri\u015flerde minimum e\u011filme donat\u0131s\u0131]\u00a0 \/ Mustafa \u00c7al\u0131\u015fkan \/ Dan\u0131\u015fman: Prof.Dr. G\u00fcney \u00d6zcebe \/ MS [Y\u00fcksek Lisans] \/1999<\/p>\n<p>20.\u00a0Minimum flexural reinforcement requirement of high strength concrete t-beams with flange in tension\u00a0 [Tablas\u0131 \u00e7ekme alt\u0131nda kalan y\u00fcksek dayan\u0131ml\u0131 t-kiri\u015flerde minimum e\u011filme donat\u0131s\u0131]\u00a0 \/ Nazan Y\u0131lmaz \u00d6zt\u00fcrk \/ Dan\u0131\u015fman: Prof.Dr. G\u00fcney \u00d6zcebe \/ MS [Y\u00fcksek Lisans] \/ 2001<\/p>\n<p>21.\u00a0A New methodology for the seismic assessment of existings buildings in Tukey\u00a0 [T\u00fcrkiye&#8217;deki mevcut binalar\u0131n deprem g\u00fcvenilirli\u011finin tespiti i\u00e7in yeni bir y\u00f6ntem]\u00a0 \/ Ali Cihan Pay \/ Dan\u0131\u015fman: Prof.Dr. G\u00fcney \u00d6zcebe \/ MS [Y\u00fcksek Lisans] \/ 2001<\/p>\n<p>22.\u00a0ehavior of brick infilled reinforced concrete frames strengthened by CFRP reinforcement: Phase II\u00a0 [CFRP ile g\u00fc\u00e7lendirilmi\u015f tu\u011fla dolgulu betonarme \u00e7er\u00e7evelerin davran\u0131\u015f\u0131: K\u0131s\u0131m II]\u00a0 \/\u00a0 Emrah Erduran \/ Dan\u0131\u015fman: Prof.Dr. G\u00fcney \u00d6zcebe \/ MS [Y\u00fcksek Lisans] \/ 2002<\/p>\n<p>23.\u00a0Behavior of brick infilled reinforced concrete frames strengthened by CFRP reinforcement: Phase I\u00a0 [CFRP ile g\u00fc\u00e7lendirilmi\u015f tu\u011fla dolgulu betonarme \u00e7er\u00e7evelerin davran\u0131\u015f\u0131: K\u0131s\u0131m I]\u00a0 \/ R\u0131za Secer Orkun Keskin \/ Dan\u0131\u015fman: Prof.Dr. G\u00fcney \u00d6zcebe \/ MS [Y\u00fcksek Lisans] \/ 2002<\/p>\n<p>24.\u00a0Seismic evaluation of school buildings after the 12 November 1999 D\u00fczce earthquake\u00a0 [12 Kas\u0131m 1999 D\u00fczce depreminin ard\u0131ndan okul binalar\u0131n\u0131n sismik de\u011ferlendirilmesi]\u00a0 \/ Hasan Ayd\u0131n Pek\u00f6z \/ Dan\u0131\u015fman: Prof.Dr. Haluk Sucuo\u011flu &#8211; Prof.Dr. G\u00fcney \u00d6zcebe \/ MS [Y\u00fcksek Lisans] \/ 2002<\/p>\n<p>25.\u00a0Seismic performance assessment of a residential building in D\u00fczce during the 12 November 1999 D\u00fczce earthquake\u00a0 [D\u00fczce&#8217;deki bir konut binas\u0131n\u0131n 12 Kas\u0131m 1999 D\u00fczce depremi&#8217;ndeki sismik performans\u0131n\u0131n de\u011ferlendirilmesi]\u00a0 \/ Serhat Bay\u0131l\u0131 \/ Dan\u0131\u015fman: Prof.Dr. Haluk Sucuo\u011flu &#8211; Prof.Dr. G\u00fcney \u00d6zcebe \/ MS [Y\u00fcksek Lisans] \/ 2002<\/p>\n<p>26.\u00a0Seismic vulnerability assessment of existing reinforced concrete buildings in Turkey\u00a0 [T\u00fcrkiye&#8217;deki mevcut betonerme binalar\u0131n deprem hasar g\u00f6rebilirliklerinin tahmini]\u00a0 \/ Volkan Aydo\u011fan \/ Dan\u0131\u015fman: Prof.Dr. G\u00fcney \u00d6zcebe &#8211; Prof.Dr. Semih Y\u00fccemen \/ MS [Y\u00fcksek Lisans] \/ 2003<\/p>\n<p>27.\u00a0An analytical study on minimum confinement in spiral columns\u00a0 [Fretli kolonlarda minimum sarg\u0131 donat\u0131s\u0131 \u00fczerine analitik bir \u00e7al\u0131\u015fma]\u00a0 \/ Cenan \u00d6zkaya \/ Dan\u0131\u015fman: Prof.Dr. G\u00fcney \u00d6zcebe &#8211; Prof.Dr. U\u011fur Ersoy \/ MS [Y\u00fcksek Lisans] \/ 2005<\/p>\n<p>28.\u00a0Seismic strengthening of a mid-rise reinforced concrete frame using CFRPSs: An application from real life\u00a0 [Orta-katl\u0131 bir betonarme binan\u0131n lifli karbon polimerleri kullan\u0131larak g\u00fc\u00e7lendirilmesi: Ger\u00e7ek hayattan bir uygulama]\u00a0 \/ Mustafa T\u00fcmer Tan \/ Dan\u0131\u015fman: Prof. Dr. G\u00fcney \u00d6zcebe &#8211; Do\u00e7. Dr. Bar\u0131\u015f Binici \/ MS [Y\u00fcksek Lisans] \/ 2009<\/p>\n<p>29.\u00a0Investigation of strenghthening techniques using pseudo-dynamic testing Dinamik-benzeri deneylerle yap\u0131 g\u00fc\u00e7lendirme tekniklerinin irdelenmesi] \/ Efe G\u00f6k\u00e7e Kurt \/ Prof. Dr. G\u00fcney \u00d6zcebe &#8211; Do\u00e7. Dr. Erdem Canbay \/ MS [Y\u00fcksek Lisans] \/ 2010<\/p>\n<p>30.\u00a0Comparison of strain and rotation based seismic assessment methods for reinforced concrete members [Betonarme elemanlar\u0131n birim uzama ve d\u00f6nme tabanl\u0131 sismik de\u011ferlendirme metotlar\u0131n\u0131n kar\u015f\u0131la\u015ft\u0131r\u0131lmas\u0131] \/ Baran \u00c7obano\u011flu \/ G\u00fcney \u00d6zcebe, Bar\u0131\u015f Binici \/ MS [Y\u00fcksek Lisans]\/ devam ediyor<\/p>\n<p>&nbsp;<\/p>\n","protected":false},"excerpt":{"rendered":"<p>1.\u00a0Contribution of RC infills to the seismic behaviour of structural systems\u00a0 [Betonarme dolgu duvarlar\u0131n yap\u0131lar\u0131n sismik davran\u0131\u015flar\u0131 \u00fczerine etkileri]\u00a0 \/ Erdem Canbay \/ U\u011fur Ersoy, G\u00fcney \u00d6zcebe \/ Ph.D [Doktora] \/ 2001 2.\u00a0Hysteretic response of reinforced concrete frames repaired by means of reinforced concrete infills\u00a0 [Betonarme dolgular ile g\u00fc\u00e7lendirilmi\u015f \u00e7er\u00e7evelerin deprem davran\u0131\u015f\u0131] \/ Musa Onur [&hellip;]<\/p>\n","protected":false},"author":797,"featured_media":0,"parent":0,"menu_order":0,"comment_status":"open","ping_status":"open","template":"","meta":{"footnotes":"","_links_to":"","_links_to_target":""},"class_list":["post-9","page","type-page","status-publish","hentry"],"_links":{"self":[{"href":"https:\/\/blog.metu.edu.tr\/ozcebe\/wp-json\/wp\/v2\/pages\/9","targetHints":{"allow":["GET"]}}],"collection":[{"href":"https:\/\/blog.metu.edu.tr\/ozcebe\/wp-json\/wp\/v2\/pages"}],"about":[{"href":"https:\/\/blog.metu.edu.tr\/ozcebe\/wp-json\/wp\/v2\/types\/page"}],"author":[{"embeddable":true,"href":"https:\/\/blog.metu.edu.tr\/ozcebe\/wp-json\/wp\/v2\/users\/797"}],"replies":[{"embeddable":true,"href":"https:\/\/blog.metu.edu.tr\/ozcebe\/wp-json\/wp\/v2\/comments?post=9"}],"version-history":[{"count":0,"href":"https:\/\/blog.metu.edu.tr\/ozcebe\/wp-json\/wp\/v2\/pages\/9\/revisions"}],"wp:attachment":[{"href":"https:\/\/blog.metu.edu.tr\/ozcebe\/wp-json\/wp\/v2\/media?parent=9"}],"curies":[{"name":"wp","href":"https:\/\/api.w.org\/{rel}","templated":true}]}}