{"id":83,"date":"2016-04-12T11:00:01","date_gmt":"2016-04-12T11:00:01","guid":{"rendered":"http:\/\/blog.metu.edu.tr\/opekcan\/?page_id=83"},"modified":"2018-11-25T10:05:56","modified_gmt":"2018-11-25T10:05:56","slug":"contact","status":"publish","type":"page","link":"https:\/\/blog.metu.edu.tr\/opekcan\/","title":{"rendered":"Contact"},"content":{"rendered":"<p>\u200bAssistant Professor |  Dr. Ogr. Uyesi<br \/>\nMiddle East Technical University (METU)             | Orta Do\u011fu Teknik \u00dcniversitesi (ODTU)<br \/>\nDepartment of Civil Engineering Office: K1-241  | \u0130n\u015faat M\u00fchendisligi Bolumu K1-241 No&#8217;lu Oda<br \/>\n\u00dcniversiteler Mah. Dumlup\u0131nar Blv. No:1<br \/>\n06800 ANKARA &#8211; TURKEY<br \/>\noffice: +90.312.210 54 03<br \/>\nfax:+90.312.210 54 01<\/p>\n","protected":false},"excerpt":{"rendered":"<p>\u200bAssistant Professor | Dr. Ogr. Uyesi Middle East Technical University (METU) | Orta Do\u011fu Teknik \u00dcniversitesi (ODTU) Department of Civil Engineering Office: K1-241 | \u0130n\u015faat M\u00fchendisligi Bolumu K1-241 No&#8217;lu Oda \u00dcniversiteler Mah. Dumlup\u0131nar Blv. No:1 06800 ANKARA &#8211; TURKEY office: +90.312.210 54 03 fax:+90.312.210 54 01<\/p>\n","protected":false},"author":604,"featured_media":0,"parent":0,"menu_order":0,"comment_status":"closed","ping_status":"closed","template":"","meta":{"footnotes":"","_links_to":"","_links_to_target":""},"class_list":["post-83","page","type-page","status-publish","hentry"],"_links":{"self":[{"href":"https:\/\/blog.metu.edu.tr\/opekcan\/wp-json\/wp\/v2\/pages\/83","targetHints":{"allow":["GET"]}}],"collection":[{"href":"https:\/\/blog.metu.edu.tr\/opekcan\/wp-json\/wp\/v2\/pages"}],"about":[{"href":"https:\/\/blog.metu.edu.tr\/opekcan\/wp-json\/wp\/v2\/types\/page"}],"author":[{"embeddable":true,"href":"https:\/\/blog.metu.edu.tr\/opekcan\/wp-json\/wp\/v2\/users\/604"}],"replies":[{"embeddable":true,"href":"https:\/\/blog.metu.edu.tr\/opekcan\/wp-json\/wp\/v2\/comments?post=83"}],"version-history":[{"count":0,"href":"https:\/\/blog.metu.edu.tr\/opekcan\/wp-json\/wp\/v2\/pages\/83\/revisions"}],"wp:attachment":[{"href":"https:\/\/blog.metu.edu.tr\/opekcan\/wp-json\/wp\/v2\/media?parent=83"}],"curies":[{"name":"wp","href":"https:\/\/api.w.org\/{rel}","templated":true}]}}