{"id":96,"date":"2021-04-28T06:11:50","date_gmt":"2021-04-28T06:11:50","guid":{"rendered":"https:\/\/blog.metu.edu.tr\/mr4ms\/?page_id=96"},"modified":"2022-02-01T16:42:12","modified_gmt":"2022-02-01T16:42:12","slug":"project-team","status":"publish","type":"page","link":"https:\/\/blog.metu.edu.tr\/mr4ms\/project-team\/","title":{"rendered":"Project Team"},"content":{"rendered":"<p>MR4MS is a multi-disciplinary project, you can find more information about the team member on this page.<\/p>\n<p><a href=\"http:\/\/blog.metu.edu.tr\/emustafa\/\" rel=\"noopener\" target=\"_blank\">Assoc.Prof.Dr Mustafa Erkayao\u011flu<\/a> (Project Coordinator)<\/p>\n<p><a href=\"http:\/\/mine.metu.edu.tr\/en\/prof-dr-nuray-demirel\" rel=\"noopener\" target=\"_blank\">Prof.Dr.Nuray Demirel<\/a> (Senior Researcher)<\/p>\n<p><a href=\"https:\/\/blog.metu.edu.tr\/elifs\/\" rel=\"noopener\" target=\"_blank\">Assoc.Prof.Dr.Elif S\u00fcrer<\/a> (Researcher)<\/p>\n<p><a href=\"http:\/\/mine.metu.edu.tr\/en\/asstprofdr-onur-golbasi\" rel=\"noopener\" target=\"_blank\">Asst.Prof.Dr.Onur G\u00f6lba\u015f\u0131<\/a> (Researcher)<\/p>\n<p><a href=\"http:\/\/mine.metu.edu.tr\/en\/cengiz-kaydim\" rel=\"noopener\" target=\"_blank\">Res.Asst. Cengiz Kayd\u0131m<\/a> (Project Assistant)<\/p>\n<p><a href=\"http:\/\/mine.metu.edu.tr\/en\/ceren-karatas-batan\" rel=\"noopener\" target=\"_blank\">Res.Asst. Ceren Karata\u015f Batan<\/a> (Researcher)<\/p>\n<p>\u0130lteri\u015f Ka\u011fan Bah\u00e7eci <\/a> (3D Modeling)<\/p>\n","protected":false},"excerpt":{"rendered":"<p>MR4MS is a multi-disciplinary project, you can find more information about the team member on this page. Assoc.Prof.Dr Mustafa Erkayao\u011flu (Project Coordinator) Prof.Dr.Nuray Demirel (Senior Researcher) Assoc.Prof.Dr.Elif S\u00fcrer (Researcher) Asst.Prof.Dr.Onur G\u00f6lba\u015f\u0131 (Researcher) Res.Asst. Cengiz Kayd\u0131m (Project Assistant) Res.Asst. Ceren Karata\u015f Batan (Researcher) \u0130lteri\u015f Ka\u011fan Bah\u00e7eci (3D Modeling)<\/p>\n","protected":false},"author":7415,"featured_media":0,"parent":0,"menu_order":0,"comment_status":"closed","ping_status":"closed","template":"","meta":{"footnotes":"","_links_to":"","_links_to_target":""},"class_list":["post-96","page","type-page","status-publish","hentry"],"_links":{"self":[{"href":"https:\/\/blog.metu.edu.tr\/mr4ms\/wp-json\/wp\/v2\/pages\/96","targetHints":{"allow":["GET"]}}],"collection":[{"href":"https:\/\/blog.metu.edu.tr\/mr4ms\/wp-json\/wp\/v2\/pages"}],"about":[{"href":"https:\/\/blog.metu.edu.tr\/mr4ms\/wp-json\/wp\/v2\/types\/page"}],"author":[{"embeddable":true,"href":"https:\/\/blog.metu.edu.tr\/mr4ms\/wp-json\/wp\/v2\/users\/7415"}],"replies":[{"embeddable":true,"href":"https:\/\/blog.metu.edu.tr\/mr4ms\/wp-json\/wp\/v2\/comments?post=96"}],"version-history":[{"count":0,"href":"https:\/\/blog.metu.edu.tr\/mr4ms\/wp-json\/wp\/v2\/pages\/96\/revisions"}],"wp:attachment":[{"href":"https:\/\/blog.metu.edu.tr\/mr4ms\/wp-json\/wp\/v2\/media?parent=96"}],"curies":[{"name":"wp","href":"https:\/\/api.w.org\/{rel}","templated":true}]}}