{"id":45,"date":"2017-04-07T13:55:59","date_gmt":"2017-04-07T10:55:59","guid":{"rendered":"http:\/\/blog.metu.edu.tr\/mdonmez\/?page_id=45"},"modified":"2025-07-28T12:02:11","modified_gmt":"2025-07-28T09:02:11","slug":"my-projects","status":"publish","type":"page","link":"https:\/\/blog.metu.edu.tr\/mdonmez\/my-projects\/","title":{"rendered":"My Projects"},"content":{"rendered":"<p><strong>International Projects<\/strong><\/p>\n<ol>\n<li><strong>THEE: Teaching in Higher Education Effectively via Eye Tracking<\/strong><br \/>\nErasmus+ Project<br \/>\n<em>Researcher<\/em> | 1 Sept 2019 \u2013 31 Aug 2022<\/li>\n<li><strong>E-Teach: Improvement of Teaching Techniques by Eye Tracking Technology Enhanced Classrooms<\/strong><br \/>\nErasmus+ Project<br \/>\n<em>Researcher<\/em> | 1 Sept 2017 \u2013 31 Dec 2020<\/li>\n<li><strong>Nature for Youth and the City<\/strong><br \/>\nErasmus+ Project<br \/>\n<em>Researcher<\/em> | 1 Oct 2016 \u2013 1 Mar 2019<\/li>\n<li><strong>IRIS: Towards Natural Interaction and Communication<\/strong><br \/>\nEuropean Union (FP7-People)<br \/>\n<em>Researcher<\/em> | 1 Jan 2014 \u2013 31 Dec 2017<\/li>\n<\/ol>\n<p><strong>National Projects (TR)<\/strong><\/p>\n<ol>\n<li><strong>Eye Tracking Based Dyslexia Diagnostic System<\/strong><br \/>\nFunded by the Scientific and Technological Research Council of T\u00fcrkiye (T\u00dcB\u0130TAK)<br \/>\n<em>Researcher<\/em> | 1 Jan 2023 \u2013 Ongoing<\/li>\n<li><strong>Communication and Mobility System via Computer with Eye Movements<\/strong><br \/>\nFunded by the Scientific and Technological Research Council of T\u00fcrkiye (T\u00dcB\u0130TAK)<br \/>\n<em>Researcher<\/em> | 1 July 2022 \u2013 Ongoing<\/li>\n<li><strong>Technological Infrastructure Project for Location Based Game\/Application System<\/strong><br \/>\nFunded by the Scientific and Technological Research Council of T\u00fcrkiye (T\u00dcB\u0130TAK)<br \/>\n<em>Coordinator<\/em> | 1 Jan 2021 \u2013 30 June 2022<\/li>\n<li><strong>Game Based Eye Training System Using Eye Tracking Technology for People with Low Vision (Phase II)<\/strong><br \/>\nFunded by the Scientific and Technological Research Council of T\u00fcrkiye (T\u00dcB\u0130TAK)<br \/>\n<em>Coordinator<\/em> | 1 June 2020 \u2013 30 Nov 2021<\/li>\n<li><strong>Differences in Students&#8217; Mental Processes While Creating Pseudo-Code: A Cognitive Ethnography Study<\/strong><br \/>\nHigher Education Institutions Scientific Research Project (BAP) \u2013 Supported by METU<br \/>\n<em>Researcher<\/em> | 24 May 2018 \u2013 24 May 2019<\/li>\n<li><strong>Innovative Educational Technology Supported Multidimensional Course Design<\/strong><br \/>\nHigher Education Institutions Scientific Research Project (BAP) \u2013 Supported by METU<br \/>\n<em>Researcher<\/em> | 1 Jan 2018 \u2013 31 Dec 2018<\/li>\n<li><strong>Game Based Eye Training System Using Eye Tracking Technology for People with Low Vision (Phase I)<\/strong><br \/>\nFunded by the Scientific and Technological Research Council of T\u00fcrkiye (T\u00dcB\u0130TAK)<br \/>\n<em>Coordinator<\/em> | 1 Oct 2017 \u2013 30 Sept 2018<\/li>\n<li><strong>Neuroscience Examination of Educational Human Computer Interaction<\/strong><br \/>\nMevlana Exchange Project \u2013 Supported by the Turkish Higher Education Council (Y\u00d6K)<br \/>\n<em>Researcher<\/em> | 1 Sept 2017 \u2013 31 Aug 2018<\/li>\n<li><strong>Development of Educational Neuroscience Experiment Application and Teachers&#8217; Neuromyth Perceptions Research Project<\/strong><br \/>\nHigher Education Institutions Scientific Research Project (BAP) \u2013 Supported by METU<br \/>\n<em>Researcher<\/em> | 1 Jan 2017 \u2013 31 Dec 2017<\/li>\n<li><strong>Electronic and Motorized Wheelchair System Project That Can Be Controlled with Eye Movements<\/strong><br \/>\nHigher Education Institutions Scientific Research Project (BAP) \u2013 Supported by METU<br \/>\n<em>Researcher<\/em> | 1 Jan 2017 \u2013 31 Dec 2017<\/li>\n<li><strong>Large Multi-Touch Interfaces<\/strong><br \/>\nProject Supported by the Ministry of Industry (SAN-TEZ), T\u00fcrkiye<br \/>\n<em>Researcher<\/em> | 1 May 2014 \u2013 30 Apr 2016<\/li>\n<li><strong>Game-Based iTOD Mobile Learning Applications Enriched with Technology<\/strong><br \/>\nHigher Education Institutions Scientific Research Project (BAP) \u2013 Supported by METU<br \/>\n<em>Researcher<\/em> | 1 Jan 2012 \u2013 31 Dec 2014<\/li>\n<\/ol>\n","protected":false},"excerpt":{"rendered":"<p>International Projects THEE: Teaching in Higher Education Effectively via Eye Tracking Erasmus+ Project Researcher | 1 Sept 2019 \u2013 31 Aug 2022 E-Teach: Improvement of Teaching Techniques by Eye Tracking Technology Enhanced Classrooms Erasmus+ Project Researcher | 1 Sept 2017 \u2013 31 Dec 2020 Nature for Youth and the City Erasmus+ Project Researcher | 1 [&hellip;]<\/p>\n","protected":false},"author":3378,"featured_media":0,"parent":0,"menu_order":0,"comment_status":"closed","ping_status":"closed","template":"","meta":{"footnotes":"","_links_to":"","_links_to_target":""},"class_list":["post-45","page","type-page","status-publish","hentry"],"_links":{"self":[{"href":"https:\/\/blog.metu.edu.tr\/mdonmez\/wp-json\/wp\/v2\/pages\/45","targetHints":{"allow":["GET"]}}],"collection":[{"href":"https:\/\/blog.metu.edu.tr\/mdonmez\/wp-json\/wp\/v2\/pages"}],"about":[{"href":"https:\/\/blog.metu.edu.tr\/mdonmez\/wp-json\/wp\/v2\/types\/page"}],"author":[{"embeddable":true,"href":"https:\/\/blog.metu.edu.tr\/mdonmez\/wp-json\/wp\/v2\/users\/3378"}],"replies":[{"embeddable":true,"href":"https:\/\/blog.metu.edu.tr\/mdonmez\/wp-json\/wp\/v2\/comments?post=45"}],"version-history":[{"count":0,"href":"https:\/\/blog.metu.edu.tr\/mdonmez\/wp-json\/wp\/v2\/pages\/45\/revisions"}],"wp:attachment":[{"href":"https:\/\/blog.metu.edu.tr\/mdonmez\/wp-json\/wp\/v2\/media?parent=45"}],"curies":[{"name":"wp","href":"https:\/\/api.w.org\/{rel}","templated":true}]}}