{"id":65,"date":"2012-09-17T20:26:15","date_gmt":"2012-09-17T20:26:15","guid":{"rendered":"http:\/\/blog.metu.edu.tr\/korkuyu\/?page_id=65"},"modified":"2012-09-20T14:52:36","modified_gmt":"2012-09-20T14:52:36","slug":"dizi","status":"publish","type":"page","link":"https:\/\/blog.metu.edu.tr\/korkuyu\/izlemeler\/dizi\/","title":{"rendered":"Dizi"},"content":{"rendered":"<h1><span style=\"color: #ff0000\"><strong>En \u0130yi 50 Drama Dizisi (20.09.2012)<\/strong><\/span><\/h1>\n<p>\u0130ngiliz The Guardian Gazetesi t\u00fcm zamanlar\u0131n en iyi 50 drama dizisini se\u00e7ti. G\u00fcn\u00fcm\u00fcz dizilerinden Mad Men 4. s\u0131rada yerini al\u0131rken, Breaking Bad ve Game of Thrones listede yer bulamad\u0131. <a href=\"http:\/\/www.guardian.co.uk\/tv-and-radio\/tvandradioblog\/2010\/jan\/12\/guardian-50-television-dramas\">[The Guardian&#8217;s top 50 television dramas of all time]<\/a><\/p>\n","protected":false},"excerpt":{"rendered":"<p>En \u0130yi 50 Drama Dizisi (20.09.2012) \u0130ngiliz The Guardian Gazetesi t\u00fcm zamanlar\u0131n en iyi 50 drama dizisini se\u00e7ti. G\u00fcn\u00fcm\u00fcz dizilerinden Mad Men 4. s\u0131rada yerini al\u0131rken, Breaking Bad ve Game of Thrones listede yer bulamad\u0131. [The Guardian&#8217;s top 50 television &hellip; <a href=\"https:\/\/blog.metu.edu.tr\/korkuyu\/izlemeler\/dizi\/\">Okumaya devam et <span class=\"meta-nav\">&rarr;<\/span><\/a><\/p>\n","protected":false},"author":785,"featured_media":0,"parent":53,"menu_order":3,"comment_status":"open","ping_status":"closed","template":"","meta":{"footnotes":"","_links_to":"","_links_to_target":""},"class_list":["post-65","page","type-page","status-publish","hentry"],"_links":{"self":[{"href":"https:\/\/blog.metu.edu.tr\/korkuyu\/wp-json\/wp\/v2\/pages\/65","targetHints":{"allow":["GET"]}}],"collection":[{"href":"https:\/\/blog.metu.edu.tr\/korkuyu\/wp-json\/wp\/v2\/pages"}],"about":[{"href":"https:\/\/blog.metu.edu.tr\/korkuyu\/wp-json\/wp\/v2\/types\/page"}],"author":[{"embeddable":true,"href":"https:\/\/blog.metu.edu.tr\/korkuyu\/wp-json\/wp\/v2\/users\/785"}],"replies":[{"embeddable":true,"href":"https:\/\/blog.metu.edu.tr\/korkuyu\/wp-json\/wp\/v2\/comments?post=65"}],"version-history":[{"count":0,"href":"https:\/\/blog.metu.edu.tr\/korkuyu\/wp-json\/wp\/v2\/pages\/65\/revisions"}],"up":[{"embeddable":true,"href":"https:\/\/blog.metu.edu.tr\/korkuyu\/wp-json\/wp\/v2\/pages\/53"}],"wp:attachment":[{"href":"https:\/\/blog.metu.edu.tr\/korkuyu\/wp-json\/wp\/v2\/media?parent=65"}],"curies":[{"name":"wp","href":"https:\/\/api.w.org\/{rel}","templated":true}]}}