{"id":295,"date":"2013-10-08T07:27:27","date_gmt":"2013-10-08T07:27:27","guid":{"rendered":"http:\/\/blog.metu.edu.tr\/korkuyu\/?page_id=295"},"modified":"2013-10-08T07:28:28","modified_gmt":"2013-10-08T07:28:28","slug":"dilin-evrimi-b-peterson","status":"publish","type":"page","link":"https:\/\/blog.metu.edu.tr\/korkuyu\/yazilar\/dilin-evrimi-b-peterson\/","title":{"rendered":"Dilin Evrimi- B. Peterson"},"content":{"rendered":"<p>Bret Peterson\u2019un \u201cDilin Evrimi\u201d adl\u0131 yaz\u0131s\u0131 i\u00e7in <a href=\"http:\/\/blog.metu.edu.tr\/korkuyu\/files\/2013\/10\/Dilin-Evrimi-Bret-Peterson.pdf\">t\u0131klay\u0131n\u0131z.<\/a><\/p>\n","protected":false},"excerpt":{"rendered":"<p>Bret Peterson\u2019un \u201cDilin Evrimi\u201d adl\u0131 yaz\u0131s\u0131 i\u00e7in t\u0131klay\u0131n\u0131z.<\/p>\n","protected":false},"author":785,"featured_media":0,"parent":42,"menu_order":5,"comment_status":"open","ping_status":"open","template":"","meta":{"footnotes":"","_links_to":"","_links_to_target":""},"class_list":["post-295","page","type-page","status-publish","hentry"],"_links":{"self":[{"href":"https:\/\/blog.metu.edu.tr\/korkuyu\/wp-json\/wp\/v2\/pages\/295","targetHints":{"allow":["GET"]}}],"collection":[{"href":"https:\/\/blog.metu.edu.tr\/korkuyu\/wp-json\/wp\/v2\/pages"}],"about":[{"href":"https:\/\/blog.metu.edu.tr\/korkuyu\/wp-json\/wp\/v2\/types\/page"}],"author":[{"embeddable":true,"href":"https:\/\/blog.metu.edu.tr\/korkuyu\/wp-json\/wp\/v2\/users\/785"}],"replies":[{"embeddable":true,"href":"https:\/\/blog.metu.edu.tr\/korkuyu\/wp-json\/wp\/v2\/comments?post=295"}],"version-history":[{"count":0,"href":"https:\/\/blog.metu.edu.tr\/korkuyu\/wp-json\/wp\/v2\/pages\/295\/revisions"}],"up":[{"embeddable":true,"href":"https:\/\/blog.metu.edu.tr\/korkuyu\/wp-json\/wp\/v2\/pages\/42"}],"wp:attachment":[{"href":"https:\/\/blog.metu.edu.tr\/korkuyu\/wp-json\/wp\/v2\/media?parent=295"}],"curies":[{"name":"wp","href":"https:\/\/api.w.org\/{rel}","templated":true}]}}