{"id":145,"date":"2012-10-01T07:19:43","date_gmt":"2012-10-01T07:19:43","guid":{"rendered":"http:\/\/blog.metu.edu.tr\/korkuyu\/?page_id=145"},"modified":"2012-10-01T13:22:48","modified_gmt":"2012-10-01T13:22:48","slug":"edebiyat-tarihinin-en-iyi-100-giris-cumlesi","status":"publish","type":"page","link":"https:\/\/blog.metu.edu.tr\/korkuyu\/coplenmeler\/edebiyat-tarihinin-en-iyi-100-giris-cumlesi\/","title":{"rendered":"Edebiyat Tarihinin En \u0130yi 100 Giri\u015f C\u00fcmlesi"},"content":{"rendered":"<p>\u201cBir kitab\u0131n okuyucuyu ilk c\u00fcmleden itibaren etkilemesi gibisi yoktur. Okuyucunun okudu\u011fu ilk c\u00fcmle, kitab\u0131n giri\u015f c\u00fcmlesi, o kitab\u0131n satmas\u0131n\u0131, kapan\u0131\u015f c\u00fcmlesi ise yazar\u0131n daha fazla okuyucu kazanmas\u0131n\u0131 sa\u011flar derler,\u201d diyen sitenin<strong>\u00a0\u201cEn iyi 100 giri\u015f c\u00fcmlesi\u201d<\/strong>\u00a0listesi a\u015fa\u011f\u0131da.<\/p>\n<address><a href=\"http:\/\/www.sabitfikir.com\/haber\/edebiyat-tarihinin-en-iyi-100-giris-cumlesi\">http:\/\/www.sabitfikir.com\/haber\/edebiyat-tarihinin-en-iyi-100-giris-cumlesi<\/a> adresinden al\u0131nm\u0131\u015ft\u0131r.<\/address>\n<p>1.<\/p>\n<p>J.D. Salinger<strong>\u00a0\u00c7avdar Tarlas\u0131nda \u00c7ocuklar<\/strong><\/p>\n<p>\u201cAnlatacaklar\u0131m\u0131 ger\u00e7ekten dinleyecekseniz, herhalde \u00f6nce nerede do\u011fdu\u011fumu, rezil \u00e7ocuklu\u011fumun nas\u0131l ge\u00e7ti\u011fini, ben do\u011fmadan \u00f6nce annemle babam\u0131n nas\u0131l tan\u0131\u015ft\u0131klar\u0131n\u0131, t\u00fcm o David Copperfield z\u0131rval\u0131klar\u0131n\u0131 filan da bilmek istersiniz, ama ben pek anlatmak istemiyorum. Her \u015feyden \u00f6nce, ben bu z\u0131mb\u0131rt\u0131lardan s\u0131k\u0131l\u0131yorum.\u201d<\/p>\n<p>2.<\/p>\n<p>Leo Tolstoy\u00a0<strong>Anna Karenina<\/strong><\/p>\n<p>\u201cB\u00fct\u00fcn mutlu aileler birbirine benzer, her mutsuz ailenin mutsuzlu\u011fu kendine g\u00f6redir.\u201d<\/p>\n<p>3.<\/p>\n<p>Jane Austen\u00a0<strong>A\u015fk ve Gurur<\/strong><\/p>\n<p>\u201cParas\u0131 pulu olan her bekar erke\u011fin kendine bir ya\u015fam arkada\u015f\u0131 se\u00e7mesinin ka\u00e7\u0131n\u0131lmaz oldu\u011fu, herkes\u00e7e benimsenen bir ger\u00e7ektir.\u201d<\/p>\n<p>\u201cDunyaca kabul edilmis bir gercektir, hali vakti yerinde olan her bekar erkegin mutlaka bir ese ihtiyaci vardir.\u201d (Hamdi Ko\u00e7 \u00e7evirisiyle)<\/p>\n<p>4.<\/p>\n<p>Charles Dickens<strong>\u00a0\u0130ki \u015eehrin Hikayesi<\/strong><\/p>\n<p>\u201cAk\u0131l \u00e7a\u011f\u0131yd\u0131, budalal\u0131k \u00e7a\u011f\u0131yd\u0131 da. \u0130nan\u00e7 \u00e7a\u011f\u0131yd\u0131 ayn\u0131 zamanda inkar \u00e7a\u011f\u0131yd\u0131 da. Bir taraftan ayd\u0131nl\u0131k bir taraftan karanl\u0131k mevsim ya\u015fan\u0131yordu. Umudun bahar\u0131yd\u0131, yeisin k\u0131\u015f\u0131. Her \u015feyimiz vard\u0131 ama hi\u00e7 bir \u015feyimiz yoktu. Hepimiz do\u011fruca cennete gidiyorduk ama hepimiz cehenneme de gidiyorduk.\u201d<\/p>\n<p>5.<\/p>\n<p>Virginia Woolf\u00a0<strong>Bayan Dalloway<\/strong><\/p>\n<p>6.<\/p>\n<p>Anne Tyler\u00a0<strong>Back When We Were Grownups<\/strong>\u00a0(Yeti\u015fkin Oldu\u011fumuz Zamanlar)<\/p>\n<p>7.<\/p>\n<p>F.Scott-Fitzgerald\u00a0<strong>Muhte\u015fem Gatsby<\/strong><\/p>\n<p>\u201cToy \u00e7a\u011f\u0131mda bir \u00f6\u011f\u00fct vermi\u015fti babam, hala k\u00fcpedir kula\u011f\u0131ma: \u201cNe zaman,\u201d demi\u015fti, \u201cbirini tenkide davranacak olsan, hat\u0131rdan \u00e7\u0131karma, herkes senin imkanlar\u0131nda gelmemi\u015ftir d\u00fcnyaya!\u201d<\/p>\n<p>8.<\/p>\n<p>Sylvia Plath\u00a0<strong>S\u0131r\u00e7a Fanus<\/strong><\/p>\n<p>\u201cGarip, bo\u011fucu bir yazd\u0131.\u201d<\/p>\n<p>9.<\/p>\n<p>Herman Melville\u00a0<strong>Beyaz Balina<\/strong><\/p>\n<p>\u201cIshmael deyin bana. Birka\u00e7 y\u0131l \u00f6nce -ka\u00e7 y\u0131l \u00f6nce oldu\u011fu \u00f6nemli de\u011fil param\u0131n azald\u0131\u011f\u0131 ya da hi\u00e7 kalmad\u0131\u011f\u0131 bir s\u0131rada-, karada da beni ayr\u0131ca ba\u011flayan bir \u015fey olmad\u0131\u011f\u0131 i\u00e7in, bir engine a\u00e7\u0131lay\u0131m, bu d\u00fcnyan\u0131n denizlerini \u015f\u00f6yle bir g\u00f6reyim dedim. Ben b\u00f6yleyimdir; b\u00f6yle bulurum s\u0131k\u0131nt\u0131dan kurtulman\u0131n, uyu\u015fan kan\u0131ma h\u0131z vermenin yolunu.\u201d<\/p>\n<p>10.<\/p>\n<p>Douglas Adams\u00a0<strong>Otostop\u00e7unun Galaksi Rehberi<\/strong><\/p>\n<p>\u201cGalaksinin Bat\u0131 Sarmal Kolu\u2019nun bir ucunda, haritas\u0131 bile \u00e7\u0131kar\u0131lmam\u0131\u015f \u00fccra bir k\u00f6\u015fede, g\u00f6zlerden uzak, k\u00fc\u00e7\u00fck ve sar\u0131 bir g\u00fcne\u015f vard\u0131r. Bu g\u00fcne\u015fin y\u00f6r\u00fcngesinde, kabaca y\u00fcz k\u0131rksekiz milyon kilometre uza\u011f\u0131nda, tamam\u0131yla \u00f6nemsiz ve mavi-ye\u015fil renkli, k\u00fc\u00e7\u00fck bir gezegen d\u00f6ner. Gezegenin maymun soyundan gelen canl\u0131lar\u0131 \u00f6yle ilkeldir ki dijital kol saatinin h\u00e2l\u00e2 \u00e7ok etkileyici bir bulu\u015f oldu\u011funu d\u00fc\u015f\u00fcn\u00fcrler.\u201d<\/p>\n<p>11.<\/p>\n<p>Franz Kafka\u00a0<strong>D\u00f6n\u00fc\u015f\u00fcm<\/strong><\/p>\n<p>\u201cGregor Samsa bir sabah bunalt\u0131c\u0131 d\u00fc\u015flerden uyand\u0131\u011f\u0131nda, kendini yata\u011f\u0131nda dev bir b\u00f6ce\u011fe d\u00f6n\u00fc\u015fm\u00fc\u015f olarak buldu.\u201d<\/p>\n<p>12.<\/p>\n<p>J.K. Rowling\u00a0<strong>Harry Potter ve Felsefe Ta\u015f\u0131<\/strong><\/p>\n<p>13.<\/p>\n<p>Mark Haddon\u00a0<strong>S\u00fcper \u0130yi G\u00fcnler<\/strong><br \/>\n14.<\/p>\n<p>Audrey Niffenegger\u00a0<strong>Zaman Yolcusunun Kar\u0131s\u0131<\/strong><\/p>\n<p>15.<\/p>\n<p>John Ronald Reuel Tolkien\u00a0<strong>Y\u00fcz\u00fcklerin Efendisi : Y\u00fcz\u00fck Karde\u015fli\u011fi<\/strong><\/p>\n<p>\u201c\u00c7\u0131k\u0131n \u00c7\u0131kmaz\u0131\u2019ndan Bay Bilbo Baggins k\u0131sa bir s\u00fcre sonra y\u00fcz on birinci ya\u015f g\u00fcn\u00fcn\u00fc debdebeli bir davet ile kutlayaca\u011f\u0131n\u0131 ilan etti\u011finde Hobbitk\u00f6y\u2019de b\u00fcy\u00fck bir heyecan ya\u015fanm\u0131\u015f ve s\u00f6ylentiler al\u0131p y\u00fcr\u00fcm\u00fc\u015ft\u00fc.\u201d<\/p>\n<p>16.<\/p>\n<p>Hunter S. Thompson\u00a0<strong>Las Vegas\u2019ta Korku ve Nefret<\/strong><\/p>\n<p>17.<\/p>\n<p>Alice Walker<strong>\u00a0The Color Purple<\/strong>\u00a0(Renklerden Mor)<br \/>\n18.<\/p>\n<p>Zora Neale Hurston\u00a0<strong>Tanr\u0131ya Bak\u0131yorlard\u0131<\/strong><\/p>\n<p>19.<\/p>\n<p>Helen Fielding<strong>\u00a0Bridget Jones\u2019un G\u00fcnl\u00fc\u011f\u00fc<\/strong><\/p>\n<p>20.<\/p>\n<p>Virginia Woolf\u00a0<strong>Kendine Ait Bir Oda<\/strong><\/p>\n<p>\u201cAma biz senden kadinlar ve kurmaca yazin konusunda konusmani istemistik, bunun insanin kendine ait bir odasi olmasiyla ne ilgisi var diyebilirsiniz. Aciklamaya calisacagim\u2026.\u201d<\/p>\n<p>21.<\/p>\n<p>Sue Monk Kidd\u00a0<strong>Ar\u0131lar\u0131n Gizli Ya\u015fam\u0131<\/strong><\/p>\n<p>22.<\/p>\n<p>Rebecca Wells\u00a0<strong>Dostlu\u011fun Kutsal Ba\u011f\u0131<\/strong><\/p>\n<p>23.<\/p>\n<p>Elizabeth Gilbert\u00a0<strong>Ye,Dua et,Sev<\/strong><\/p>\n<p>24.<\/p>\n<p>Laura Whitcomb<strong>\u00a0Hayalet Sevgilim<\/strong><\/p>\n<p>25.<\/p>\n<p>Jane Austen\u00a0<strong>Emma<\/strong><\/p>\n<p>\u201cEmma Woodhouse, g\u00fczel, zeki, varl\u0131kl\u0131 bir k\u0131zdi. Rahat bir evi, iyimser bir yarad\u0131l\u0131\u015f\u0131 vard\u0131.\u201d<\/p>\n<p>26.<\/p>\n<p>Mary Shelley\u00a0<strong>Frankenstein<\/strong><\/p>\n<p>27.<\/p>\n<p>Richard Yates\u00a0<strong>The Revolutionary Road<\/strong>\u00a0(Devrim Yolu)<\/p>\n<p>28.<\/p>\n<p>Gabriel Garcia Marquez\u00a0<strong>Kolera G\u00fcnlerinde A\u015fk<\/strong><\/p>\n<p>\u201cKa\u00e7\u0131n\u0131lmaz bir \u015feydi: Ac\u0131badem kokusu ona mutsuz a\u015fklar\u0131n yazg\u0131s\u0131n\u0131 an\u0131msat\u0131rd\u0131 hep. Doktor Juvenal Urbino, y\u0131llard\u0131r kendisi i\u00e7in \u00f6nemini yitirmi\u015f bir olayla ilgilenmek \u00fczere ko\u015fup geldi\u011fi, h\u00e2l\u00e2 alaca \u0131\u015f\u0131\u011fa g\u00f6m\u00fcl\u00fc odaya girdi\u011fi an ayr\u0131m\u0131na vard\u0131 bunun. Antilli g\u00f6\u00e7men, harp malul\u00fc, \u00e7ocuk foto\u011fraf\u00e7\u0131s\u0131, satran\u00e7ta en yufka y\u00fcrekli rakibi, bir alt\u0131n siyan\u00fcr\u00fcyle belle\u011fin i\u015fkencelerinden kurtarm\u0131\u015ft\u0131 kendini.\u201d<\/p>\n<p>29.<\/p>\n<p>Emily Bronte\u00a0<strong>R\u00fczgarl\u0131 Bay\u0131r<\/strong><\/p>\n<p>30.<\/p>\n<p>C.S. Lewis\u00a0<strong>Narnia G\u00fcnl\u00fckleri: 5 \u015eafak Y\u0131ld\u0131z\u0131\u2019n\u0131n Yolculu\u011fu<\/strong><\/p>\n<p>31.<\/p>\n<p>William Makepeace Thackeray\u00a0<strong>Gurur D\u00fcnyas\u0131<\/strong><\/p>\n<p>32.<\/p>\n<p>Lewis Carrol\u00a0<strong>Alice Harikalar Diyar\u0131nda<\/strong><\/p>\n<p>33.<\/p>\n<p>Louisa M. Alcott\u00a0<strong>K\u00fc\u00e7\u00fck Kad\u0131nlar<\/strong><\/p>\n<p>34.<\/p>\n<p>Vladimir Nabokov<strong>\u00a0Lolita Beyaz Irktan Dul Bir Erke\u011fin \u0130tiraflar\u0131<\/strong><\/p>\n<p>\u201cLolita, hayat\u0131m\u0131n \u0131\u015f\u0131\u011f\u0131, kas\u0131klar\u0131m\u0131n ate\u015fi. G\u00fcnah\u0131m, ruhum, Lo-Li-Ta; dilin ucu damaktan di\u015flere do\u011fru \u00fc\u00e7 basamakl\u0131k bir yol al\u0131r, \u00dc\u00e7\u00fcnc\u00fcs\u00fcnde gelir di\u015flere dayan\u0131r. Lo-Li-Ta\u201d<strong><br \/>\n<\/strong><br \/>\n35.<\/p>\n<p>Oscar Wilde\u00a0<strong>Dorian Gray\u2019in Portresi<\/strong><\/p>\n<p>\u201cSt\u00fcdyo g\u00fcllerin bayg\u0131n kokusuyla doluydu; hafif yaz esintisi bah\u00e7edeki a\u011fa\u00e7lar\u0131n aras\u0131nda gezindi\u011finde a\u00e7\u0131k kap\u0131dan leylaklar\u0131n a\u011f\u0131r kokusu ya da pembe \u00e7icek a\u00e7m\u0131\u015f diken a\u011fa\u00e7lar\u0131n\u0131n daha narin parf\u00fcm\u00fc geliyordu.\u201d<strong><br \/>\n<\/strong><br \/>\n36.<\/p>\n<p>E. B. White\u00a0<strong>\u00d6r\u00fcmcek A\u011f\u0131<\/strong><\/p>\n<p>37.<\/p>\n<p>Anthony Burgess\u00a0<strong>Otomatik Portakal<\/strong><\/p>\n<p>\u201c- S\u00f6yleyin bakal\u0131m ne yapaca\u011f\u0131m\u0131z\u0131, ha?\u201d<\/p>\n<p>38.<\/p>\n<p>Roald Dahl<strong>\u00a0Matilda<\/strong><\/p>\n<p>39.<\/p>\n<p>Ian McEwan\u00a0<strong>Kefaret<\/strong><\/p>\n<p>40.<\/p>\n<p>Billie Letts<strong>\u00a0Y\u00fcre\u011fin Att\u0131\u011f\u0131 Yer<\/strong><\/p>\n<p>41.<\/p>\n<p>William Goldman<strong>\u00a0Prenses Gelin<\/strong><\/p>\n<p>42.<\/p>\n<p>JM Barrie\u00a0<strong>Peter Pan ve Wendy<\/strong><\/p>\n<p>\u201cB\u00fct\u00fcn \u00e7ocuklar b\u00fcy\u00fcrler, biri hari\u00e7.\u201d<br \/>\n43.<\/p>\n<p>Lemony Snicket<strong>\u00a0Talihsiz Ser\u00fcvenler Dizisi<\/strong><\/p>\n<p>44.<\/p>\n<p>Kurt Vonnegut\u00a0<strong>\u015eampiyonlar\u0131n Kahvalt\u0131s\u0131<\/strong><\/p>\n<p>45.<\/p>\n<p>Chuck Palahniuk\u00a0<strong>T\u0131kanma<\/strong><\/p>\n<p>\u201cE\u011fer bunu okumaya niyetliyseniz vazge\u00e7in.\u201d<\/p>\n<p>46.<\/p>\n<p>Iain Banks\u00a0<strong>The Crow Road<\/strong>\u00a0(Karga Yolu)<\/p>\n<p>47.<\/p>\n<p>Douglas Adams\u00a0<strong>Kutsal Dedektiflik B\u00fcrosu<\/strong><\/p>\n<p>48.<\/p>\n<p>Mario Puzo\u00a0<strong>Baba<\/strong><\/p>\n<p>\u201cHer b\u00fcy\u00fck servetin arkas\u0131nda bir su\u00e7 gizlidir. (Balzac)<\/p>\n<p>Amerigo Bonasera New york \u00dc\u00e7\u00fcnc\u00fc A\u011f\u0131r Ceza Mahkemesinin salonunda oturmu\u015f, adaletin yerine getirilmesini bekliyordu; k\u0131z\u0131n\u0131 insafs\u0131zca yaralayan, onun \u015ferefiyle oynayan ki\u015filerden adaletin eliyle intikam alm\u0131\u015f olacakt\u0131.<strong>\u201d<\/strong><strong><br \/>\n<\/strong><br \/>\n49.<\/p>\n<p>Margaret Mitchell\u00a0<strong>R\u00fczgar Gibi Ge\u00e7ti<\/strong><\/p>\n<p>50.<\/p>\n<p>George Orwell\u00a0<strong>Bin Dokuz Y\u00fcz Seksen D\u00f6rt<\/strong><\/p>\n<p>\u201cNisan ay\u0131n\u0131n so\u011fuk, ama a\u00e7\u0131k bir g\u00fcn\u00fcyd\u00fc; saatler on \u00fc\u00e7\u00fc g\u00f6steriyordu. Y\u0131ld\u0131r\u0131c\u0131 esen r\u00fczgardan korunabilmek i\u00e7in\u00e7enesini g\u00f6\u011fs\u00fcne g\u00f6mm\u00fc\u015f olan Winston Smith, h\u0131zla Zafer Kona\u011f\u0131\u2019n\u0131n caml\u0131 kap\u0131s\u0131ndan i\u00e7eri s\u00fcz\u00fcld\u00fc; ama bir toz bulutunun da kendisiyle birlikte i\u00e7eri dalmas\u0131na engel olabilecek kadar \u00e7abuk davranamad\u0131.<strong>\u201d<\/strong><strong><br \/>\n<\/strong><br \/>\n51.<\/p>\n<p>H. G. Wells<strong>\u00a0G\u00f6r\u00fcnmez Adam<\/strong><\/p>\n<p>\u201cYabanc\u0131, \u015eubat ay\u0131n\u0131n ba\u015flar\u0131nda, y\u0131l\u0131n son kar\u0131n\u0131n ya\u011fd\u0131\u011f\u0131 so\u011fuk bir k\u0131\u015f g\u00fcn\u00fc, keskin bir r\u00fczgar\u0131n ve \u015fiddetli bir kar\u0131n alt\u0131nda, yaylalar\u0131n oradan, g\u00f6r\u00fcnd\u00fc\u011f\u00fc kadar\u0131yla Bramblehurst \u0130stasyonu taraf\u0131ndan, kal\u0131n bir eldiven gidi\u011fi elinde k\u00fc\u00e7\u00fck siyah bir bavulla y\u00fcr\u00fcyerek gelmi\u015fti.\u201d<\/p>\n<p>52.<\/p>\n<p>Daniel Quinn \u0130smail<strong>\u00a0Bir Zihin ve Ruh Maceras\u0131<\/strong><\/p>\n<p>53.<\/p>\n<p>Micheal Cox\u00a0<strong>The Meaning of the Night<\/strong>\u00a0(Gecenin anlam\u0131)<\/p>\n<p>54.<\/p>\n<p>Christopher Buckley\u00a0<strong>Sigara \u0130\u00e7ti\u011finiz \u0130\u00e7in Te\u015fekk\u00fcrler<\/strong><\/p>\n<p>55.<\/p>\n<p>Thomas Pynchon\u00a0<strong>The Gravity\u2019s Rainbow<\/strong>\u00a0(Yer\u00e7ekiminin G\u00f6kku\u015fa\u011f\u0131)<\/p>\n<p>56.<\/p>\n<p>Raphael Sabatini\u00a0<strong>Scaramouche<\/strong><\/p>\n<p>57.<\/p>\n<p>Arthur C. Clarke\u00a0<strong>Bir Uzay Efsanesi<\/strong><\/p>\n<p>58.<\/p>\n<p>Jane Austen\u00a0<strong>Northanger Manast\u0131r\u0131<\/strong><\/p>\n<p>59.<\/p>\n<p>George Elliot\u00a0<strong>Middlemarch<\/strong><\/p>\n<p>60.<\/p>\n<p>Margaret Atwood<strong>\u00a0Kedi G\u00f6z\u00fc<\/strong><\/p>\n<p>61.<\/p>\n<p>Joseph Heller\u00a0<strong>Madde 22<\/strong><\/p>\n<p>62.<\/p>\n<p>Saul Bellow\u00a0<strong>Herzog<\/strong><\/p>\n<p>63.<\/p>\n<p>Raymond Chandler<strong>\u00a0B\u00fcy\u00fck Uyku<\/strong><\/p>\n<p>64.<\/p>\n<p>Cormac McCarthy<strong>\u00a0O G\u00fczel Atlar S\u0131n\u0131r \u00dc\u00e7lemesi: 1<\/strong><\/p>\n<p>65.<\/p>\n<p>John Scalzi\u00a0<strong>Old Man\u2019s War<\/strong>\u00a0(\u0130htiyar\u0131n\u00a0 Sava\u015f\u0131)<\/p>\n<p>66.<\/p>\n<p>Bret Easton Ellis\u00a0<strong>Amerikan Sap\u0131\u011f\u0131<\/strong><\/p>\n<p>67.<\/p>\n<p>H. G. Wells\u00a0<strong>D\u00fcnyalar Sava\u015f\u0131<\/strong><\/p>\n<p>68.<\/p>\n<p>Avi<strong>\u00a0True Confessions of Charlotte Doyle<\/strong>\u00a0(Charlotte Doyle\u2019un Ger\u00e7ek \u0130tiraflar\u0131)<\/p>\n<p>69.<\/p>\n<p>F. Scott Fitzgerald\u00a0<strong>This Side of Paradise\u00a0<\/strong>(Cennetin Bu Taraf\u0131)<\/p>\n<p>\u201cTERK ET B\u00dcT\u00dcN UMUDU EY SEN BURAYA G\u0130REN diye karalam\u0131\u015flar Onbirinci Sokak\u2019la Birinci Cadde\u2019nin k\u00f6\u015fesinin yak\u0131nlar\u0131ndaki Chemical Bank\u2019\u0131n yan duvar\u0131na kan k\u0131rm\u0131z\u0131s\u0131 harflerle ve harfler Wall Street\u2019ten d\u0131\u015far\u0131 do\u011fru akan trafikte \u00f6ne do\u011fru sars\u0131lan taksinin arka koltu\u011fundan g\u00f6r\u00fclecek kadar b\u00fcy\u00fck.\u201d<\/p>\n<p>70.<\/p>\n<p>Clive Barker\u00a0<strong>The Thief of Always\u00a0<\/strong>(T\u00fcm Zamanlar\u0131n H\u0131rs\u0131z\u0131)<\/p>\n<p>71.<\/p>\n<p>Emma Donoghue<strong>\u00a0Oda<\/strong><\/p>\n<p>\u201cBug\u00fcn be\u015f oldum. Ben hi\u00e7 eksi say\u0131lar oldum mu?\u201d<br \/>\n72.<\/p>\n<p>William Peter Blatty\u00a0<strong>The Exorcist<\/strong>\u00a0(\u015eeytan \u00c7\u0131kar\u0131c\u0131)<\/p>\n<p>73.<\/p>\n<p>John Steinbeck\u00a0<strong>Gazap \u00dcz\u00fcmleri<\/strong><\/p>\n<p>74.<\/p>\n<p>Ray Bradbury\u00a0<strong>Fahrenheit 451<\/strong><\/p>\n<p>75.<\/p>\n<p>Richard Matheson<strong>\u00a0Ben, Efsane!<\/strong><\/p>\n<p>76.<\/p>\n<p>Marcel Proust\u00a0<strong>Swann\u2019s Way<\/strong>\u00a0(Swann\u2019\u0131n Yolu)<\/p>\n<p>77.<\/p>\n<p>The Bible\u00a0<strong>\u0130ncil<\/strong><\/p>\n<p>\u201c1 Ba\u015flang\u0131\u00e7ta Tanr\u0131 g\u00f6\u011f\u00fc ve yeri yaratt\u0131.<br \/>\n2 Yer bo\u015ftu, yery\u00fcz\u00fc \u015fekilleri yoktu; engin karanl\u0131klarla kapl\u0131yd\u0131. Tanr\u0131\u2019n\u0131n Ruhu sular\u0131n \u00fczerinde dalgalan\u0131yordu. (Yarat\u0131l\u0131\u015f 1:1-2)\u201d<\/p>\n<p>78.<\/p>\n<p>Charlotte Bronte\u00a0<strong>Jane Eyre<\/strong><\/p>\n<p>79.<\/p>\n<p>T. Coraghessan Boyle\u00a0<strong>The Road to Wellville<\/strong>\u00a0( Melville\u2019e Giden Yol)<\/p>\n<p>80.<\/p>\n<p>Yann Martel\u00a0<strong>Pi\u2019nin Ya\u015fam\u0131<\/strong><\/p>\n<p>81.<\/p>\n<p>Arthur Conan Doyle\u00a0<strong>Bohemya\u2019da Skandal<\/strong><\/p>\n<p>82.<\/p>\n<p>Kurt Vonnegut\u00a0<strong>Mezbaha No: 5<\/strong><\/p>\n<p>83.<\/p>\n<p>Peter Hoeg\u00a0<strong>Smilla\u2019s Sense of Snow<\/strong>\u00a0(Smilla\u2019n\u0131n Kar Hissi)<\/p>\n<p>84.<\/p>\n<p>Richard Adams\u00a0<strong>Watership Tepesi<\/strong><\/p>\n<p>85.<\/p>\n<p>Louis de Bernieres\u00a0<strong>Y\u00fczba\u015f\u0131 Corelli\u2019nin Mandolini<\/strong><\/p>\n<p>86.<\/p>\n<p>William Shakespeare<strong>\u00a0Onikinci Gece<\/strong><\/p>\n<p>87.<\/p>\n<p>Jane Rule\u00a0<strong>Desert of the Heart<\/strong>\u00a0(Y\u00fcre\u011fin \u00c7\u00f6l\u00fc)<\/p>\n<p>88.<\/p>\n<p>Ian McEwan\u00a0<strong>Sonsuz A\u015fk<\/strong><\/p>\n<p>89.<\/p>\n<p>John Maxwell Coetzee<strong>\u00a0Utan\u00e7<\/strong><\/p>\n<p>90.<\/p>\n<p>Charles Dickens\u00a0<strong>Bir Y\u0131lba\u015f\u0131 \u00d6yk\u00fcs\u00fc<\/strong><\/p>\n<p>91.<\/p>\n<p>Dashiell Hammett\u00a0<strong>The Dain Curse\u00a0<\/strong>(Dain Laneti)<br \/>\n92.<\/p>\n<p>Heinrich B\u00f6ll\u00a0<strong>The Clown\u00a0<\/strong>(Palya\u00e7o)<\/p>\n<p>93.<\/p>\n<p>Margaret Atwood\u00a0<strong>K\u00f6r Suikast\u00e7i<\/strong><\/p>\n<p>94.<\/p>\n<p>Lemony Snicket<strong>\u00a0The Austere Academy<\/strong>\u00a0(Auster Akademisi)<\/p>\n<p>95.<\/p>\n<p>Dorothy Allison\u00a0<strong>Karolina\u2019n\u0131n Pi\u00e7i<\/strong><\/p>\n<p>96.<\/p>\n<p>D.H. Lawrence\u00a0<strong>Lady Chatterley\u2019in Sevgilisi<\/strong><\/p>\n<p>97.<\/p>\n<p>William Faulkner\u00a0<strong>Ses ve \u00d6fke<\/strong><\/p>\n<p>98.<\/p>\n<p>Salman Rushdie<strong>\u00a0The Satanic Verses<\/strong>\u00a0(\u015eeytan Ayetleri)<\/p>\n<p>99.<\/p>\n<p>Edgar Allan Poe<strong>\u00a0The Tell-Tale Heart<\/strong><\/p>\n<p>100.<\/p>\n<p>Barry Hughart\u00a0<strong>Bridge of Birds<\/strong>\u00a0(Ku\u015flar K\u00f6pr\u00fcs\u00fc)<\/p>\n","protected":false},"excerpt":{"rendered":"<p>\u201cBir kitab\u0131n okuyucuyu ilk c\u00fcmleden itibaren etkilemesi gibisi yoktur. Okuyucunun okudu\u011fu ilk c\u00fcmle, kitab\u0131n giri\u015f c\u00fcmlesi, o kitab\u0131n satmas\u0131n\u0131, kapan\u0131\u015f c\u00fcmlesi ise yazar\u0131n daha fazla okuyucu kazanmas\u0131n\u0131 sa\u011flar derler,\u201d diyen sitenin\u00a0\u201cEn iyi 100 giri\u015f c\u00fcmlesi\u201d\u00a0listesi a\u015fa\u011f\u0131da. http:\/\/www.sabitfikir.com\/haber\/edebiyat-tarihinin-en-iyi-100-giris-cumlesi adresinden al\u0131nm\u0131\u015ft\u0131r. 1. &hellip; <a href=\"https:\/\/blog.metu.edu.tr\/korkuyu\/coplenmeler\/edebiyat-tarihinin-en-iyi-100-giris-cumlesi\/\">Okumaya devam et <span class=\"meta-nav\">&rarr;<\/span><\/a><\/p>\n","protected":false},"author":785,"featured_media":0,"parent":51,"menu_order":2,"comment_status":"open","ping_status":"open","template":"","meta":{"footnotes":"","_links_to":"","_links_to_target":""},"class_list":["post-145","page","type-page","status-publish","hentry"],"_links":{"self":[{"href":"https:\/\/blog.metu.edu.tr\/korkuyu\/wp-json\/wp\/v2\/pages\/145","targetHints":{"allow":["GET"]}}],"collection":[{"href":"https:\/\/blog.metu.edu.tr\/korkuyu\/wp-json\/wp\/v2\/pages"}],"about":[{"href":"https:\/\/blog.metu.edu.tr\/korkuyu\/wp-json\/wp\/v2\/types\/page"}],"author":[{"embeddable":true,"href":"https:\/\/blog.metu.edu.tr\/korkuyu\/wp-json\/wp\/v2\/users\/785"}],"replies":[{"embeddable":true,"href":"https:\/\/blog.metu.edu.tr\/korkuyu\/wp-json\/wp\/v2\/comments?post=145"}],"version-history":[{"count":0,"href":"https:\/\/blog.metu.edu.tr\/korkuyu\/wp-json\/wp\/v2\/pages\/145\/revisions"}],"up":[{"embeddable":true,"href":"https:\/\/blog.metu.edu.tr\/korkuyu\/wp-json\/wp\/v2\/pages\/51"}],"wp:attachment":[{"href":"https:\/\/blog.metu.edu.tr\/korkuyu\/wp-json\/wp\/v2\/media?parent=145"}],"curies":[{"name":"wp","href":"https:\/\/api.w.org\/{rel}","templated":true}]}}