{"id":14,"date":"2012-05-10T16:45:23","date_gmt":"2012-05-10T13:45:23","guid":{"rendered":"http:\/\/blog.metu.edu.tr\/karpuz\/?page_id=14"},"modified":"2012-05-10T16:45:23","modified_gmt":"2012-05-10T13:45:23","slug":"thesis","status":"publish","type":"page","link":"https:\/\/blog.metu.edu.tr\/karpuz\/thesis\/","title":{"rendered":"Thesis"},"content":{"rendered":"<p><strong>Ph.D. Thesis<\/strong><\/p>\n<p>1.\u00a0\u00a0\u00a0\u00a0\u00a0\u00a0\u00a0\u00a0 Stable crack propagation studies in Ankara andesites, Nejdet K\u00f6ksal, September 1989, 220 p. (Together with Dr. Levent Tutluo\u00f0lu)<\/p>\n<p>2.\u00a0\u00a0\u00a0\u00a0\u00a0\u00a0\u00a0\u00a0 Performance monitoring of electrical power shovels for diggability assessment in surface coal mines, Atilla Ceylano\u00f0lu, July 1991, 228 pp<\/p>\n<p>3.\u00a0\u00a0\u00a0\u00a0\u00a0\u00a0\u00a0\u00a0 Strata control aspects at the gate roadways of OAL underground mine, Selami \u0130stanbulluo\u011flu, December 1995, 220 p.<\/p>\n<p>4. \u00a0\u00a0\u00a0\u00a0\u00a0\u00a0\u00a0 Development of a particle size distribution analysis system by digital image processing,\u00a0Taylan Bozda\u011f, March 1996, 126 p.<\/p>\n<p>5.\u00a0\u00a0\u00a0\u00a0\u00a0\u00a0\u00a0\u00a0 Effect of operational parameters and formation properties in drillability in surface set diamond\u00a0core drilling, Ertan Ak\u00fcn, September 1997, 251 p.<\/p>\n<p>6.\u00a0\u00a0\u00a0\u00a0\u00a0\u00a0\u00a0\u00a0 Development of a computer based monitoring system and its usage for power shovels&#8217; monitoring, Mehmet Ali Hindistan, November 1997, 139 p.<\/p>\n<p>7.\u00a0\u00a0\u00a0\u00a0\u00a0\u00a0\u00a0\u00a0 Reliability Based Design of Rock slopes,H. \u015e.D\u00fczg\u00fcn, June 2000,160 p.(Together with Dr. S. Y\u00fccemen).<\/p>\n<p>8.\u00a0\u00a0\u00a0\u00a0\u00a0\u00a0\u00a0\u00a0 Rippability Assesment \u00a0Based on Direct Ripping, Specific Energy Concept and Numerical Modelling,\u00a0Hakan Ba\u015far\u0131r, September 2002<\/p>\n<p>9.\u00a0\u00a0\u00a0\u00a0\u00a0\u00a0\u00a0\u00a0 Risk Assessment Approach on Underground Coal Mine Safety analysis, Mehmet Sar\u0131, November 2002, 202 pages.<\/p>\n<p>10.\u00a0\u00a0\u00a0\u00a0\u00a0\u00a0 Development of an Elastoplastic Analytical Model For Design of Grouted Rockbolts in Tunnels\u00a0with Particular Reference to Poor Rock Masses, Reza Rangsaz Osgou\u0131, January 2007, 223 pages.<\/p>\n<p>11.\u00a0\u00a0\u00a0\u00a0\u00a0\u00a0 Three Dimensional Numerical Modelling of Discontinuous Rocks by Using Distinct Element Method, Arman Ko\u00e7al, September 2008, 198 pages (together with Dr.Debnem D\u00fczg\u00fcn)<\/p>\n<p><strong>\u00a0<\/strong><\/p>\n<p><strong>M.Sc. Thesis<\/strong><\/p>\n<p>1.\u00a0\u00a0\u00a0\u00a0\u00a0\u00a0\u00a0\u00a0 Stability assessment of a nuclear power plant foundation on rock, Orhan Acaralp, September 1985, 86 p.<\/p>\n<p>2.\u00a0\u00a0\u00a0\u00a0\u00a0\u00a0\u00a0\u00a0 Some rock mass and material properties and stability analysis of nuclear power plant foundation\u00a0on heterogeneous rock mass, Mete Ye\u015fil, February 1987, 94 p.<\/p>\n<p>3.\u00a0\u00a0\u00a0\u00a0\u00a0\u00a0\u00a0\u00a0 Indirect rippability assessment of coal measure rocks, Taylan Bozda\u011f, September 1988, 86 p.<\/p>\n<p>4.\u00a0\u00a0\u00a0\u00a0\u00a0\u00a0\u00a0\u00a0 The diggability assessment using power consumption of electrical power shovels, Atilla Ceylano\u011flu, September, 1988, 89 p.<\/p>\n<p>5.\u00a0\u00a0\u00a0\u00a0\u00a0\u00a0\u00a0\u00a0 Convergence characteristics and gate roadway support design at \u00c7ay\u00fdrhan colliery, Selami \u0130stanbulluo\u011flu, December 1989, 115 p.<\/p>\n<p>6.\u00a0\u00a0\u00a0\u00a0\u00a0\u00a0\u00a0 Improving the drillability of exploration drilling at Zonguldak Hard Coal Basin, Ertan Ak\u00fcn, January 1990, 96 p.<\/p>\n<p>7.\u00a0\u00a0\u00a0\u00a0\u00a0\u00a0\u00a0\u00a0 Improvement of the belt conveyor shifting operations in K\u0131\u015flak\u00f6y\/Elbistan lignite mine\u00a0using the critical path method, Din\u00e7er Kara, January 1990, 118 p. (Together with Dr. Ne\u015f&#8217;e \u00c7elebi)<\/p>\n<p>8.\u00a0\u00a0\u00a0\u00a0\u00a0\u00a0\u00a0\u00a0 Critical analysis of short rod fracture toughness testing method., Ay\u015fe \u00d6zden \u015eantay, January 1990, 83 p.<\/p>\n<p>9.\u00a0\u00a0\u00a0\u00a0\u00a0\u00a0\u00a0\u00a0 Load and convergence measurements and support design at longwall faces of Alpagut\u00a0Dodurga Lignite (ADL) Mine, Veli Do\u011fan, Aral\u0131k 1990, 114 p.<\/p>\n<p>10.\u00a0\u00a0\u00a0\u00a0\u00a0\u00a0 Fragmentation size improvements at the production drifts of Etibank Bigadi\u00e7 Av\u015far underground mine, \u0130brahim Konuk, January 1991, 123 p.<\/p>\n<p>11.\u00a0\u00a0\u00a0\u00a0\u00a0\u00a0 Subsidence measurements and modelling for prediction, Turhan \u00dcnver,\u00a0 1994.<\/p>\n<p>12.\u00a0\u00a0\u00a0\u00a0\u00a0\u00a0 Critical analysis on the application of Krigging to rock mass classification, Hasan Kaya, September 1995, 163 p.<\/p>\n<p>13.\u00a0\u00a0\u00a0\u00a0\u00a0\u00a0 Development of a computer controlled continuous failure state triaxial test system, Hakan Ba\u015far\u0131r, September 1997, 66 p.<\/p>\n<p>14.\u00a0\u00a0\u00a0\u00a0\u00a0\u00a0 Performance Evaluation of Shield Support\u00a0 Transporting Systems During Face Transfer\u00a0Operations in \u00c7ay\u0131rhan\u00a0 Mine by Discrete Event\u00a0 Simulation, H. H\u00fcseyin Erdo\u011fan, Aral\u0131k 2001,156 pages\u00a0(together with Dr.\u015eebnem D\u00fczg\u00fcn)<\/p>\n<p>15.\u00a0\u00a0\u00a0\u00a0\u00a0\u00a0 Effect of Discontinuity Roughness and Anisotropy on Shear Strength, Alper Kaan Denli, May 2004, 109 pages (together with Dr.\u015eebnem D\u00fczg\u00fcn)<\/p>\n<p>16.\u00a0\u00a0\u00a0\u00a0\u00a0\u00a0 A Methodology for Detection and Evaluation of Lineaments from satellite Imagery, Arman Ko\u00e7al,June 2004, 122 pa ges (together with Dr.\u015eebnem D\u00fczg\u00fcn)<\/p>\n<p>17.\u00a0\u00a0\u00a0\u00a0\u00a0\u00a0 Probabilistic Modeling of Failure In Rock Slopes, Mohammed Fadelmoula, July 2007, 134 pages (together with Dr.\u015eebnem D\u00fczg\u00fcn)<\/p>\n<p>18.\u00a0\u00a0\u00a0\u00a0\u00a0\u00a0 Analysis of Support Design Practice at Elmal\u0131k Portals of Bolu Tunnels, G\u00f6khan A\u015f\u00e7\u0131o\u011flu, December 2007, 197 pages<\/p>\n<p>19.\u00a0\u00a0\u00a0\u00a0\u00a0\u00a0 Slope Stability Analysis and Design in Elbistan- \u00c7\u00f6llolar Open Cast Mine, Ferid \u00d6ge, September 2008, 136 pages<\/p>\n<p>20.\u00a0\u00a0\u00a0\u00a0\u00a0\u00a0 Developing a coal transportation cost estimation model for Turkish Coal Enterprises, Ebru Demir,February 2009,103 pages<\/p>\n","protected":false},"excerpt":{"rendered":"<p>Ph.D. Thesis 1.\u00a0\u00a0\u00a0\u00a0\u00a0\u00a0\u00a0\u00a0 Stable crack propagation studies in Ankara andesites, Nejdet K\u00f6ksal, September 1989, 220 p. (Together with Dr. Levent Tutluo\u00f0lu) 2.\u00a0\u00a0\u00a0\u00a0\u00a0\u00a0\u00a0\u00a0 Performance monitoring of electrical power shovels for diggability assessment in surface coal mines, Atilla Ceylano\u00f0lu, July 1991, 228 pp 3.\u00a0\u00a0\u00a0\u00a0\u00a0\u00a0\u00a0\u00a0 Strata control aspects at the gate roadways of OAL underground mine, Selami \u0130stanbulluo\u011flu, [&hellip;]<\/p>\n","protected":false},"author":578,"featured_media":0,"parent":0,"menu_order":0,"comment_status":"closed","ping_status":"closed","template":"","meta":{"footnotes":"","_links_to":"","_links_to_target":""},"class_list":["post-14","page","type-page","status-publish","hentry"],"_links":{"self":[{"href":"https:\/\/blog.metu.edu.tr\/karpuz\/wp-json\/wp\/v2\/pages\/14","targetHints":{"allow":["GET"]}}],"collection":[{"href":"https:\/\/blog.metu.edu.tr\/karpuz\/wp-json\/wp\/v2\/pages"}],"about":[{"href":"https:\/\/blog.metu.edu.tr\/karpuz\/wp-json\/wp\/v2\/types\/page"}],"author":[{"embeddable":true,"href":"https:\/\/blog.metu.edu.tr\/karpuz\/wp-json\/wp\/v2\/users\/578"}],"replies":[{"embeddable":true,"href":"https:\/\/blog.metu.edu.tr\/karpuz\/wp-json\/wp\/v2\/comments?post=14"}],"version-history":[{"count":0,"href":"https:\/\/blog.metu.edu.tr\/karpuz\/wp-json\/wp\/v2\/pages\/14\/revisions"}],"wp:attachment":[{"href":"https:\/\/blog.metu.edu.tr\/karpuz\/wp-json\/wp\/v2\/media?parent=14"}],"curies":[{"name":"wp","href":"https:\/\/api.w.org\/{rel}","templated":true}]}}