{"id":22,"date":"2018-02-18T16:07:37","date_gmt":"2018-02-18T13:07:37","guid":{"rendered":"http:\/\/blog.metu.edu.tr\/ipekg\/?page_id=22"},"modified":"2018-11-09T15:23:31","modified_gmt":"2018-11-09T12:23:31","slug":"research","status":"publish","type":"page","link":"https:\/\/blog.metu.edu.tr\/ipekg\/research\/","title":{"rendered":"Research"},"content":{"rendered":"<h4>Research interests<\/h4>\n<p>Sustainable building design<\/p>\n<p>design computing<\/p>\n<p>generative design systems<\/p>\n<p>software modeling and development<\/p>\n<p>building energy efficiency<\/p>\n<p>building information modeling (BIM) and heritage building information modeling (HBIM)<\/p>\n<p>virtual and mixed reality in architectural design<\/p>\n<p>climate change<\/p>\n<h4>Research projects<\/h4>\n<p>2018- , \u201c<span style=\"text-decoration: underline\">A Stakeholder-Oriented Intelligent System for Building Energy Retrofitting<\/span> (Bina Enerji Retrofiti I\u00e7in Payda\u015f-Temelli Bir Ak\u0131ll\u0131 Sistem)\u201d, T\u00dcB\u0130TAK 2551 &#8211; NEWTON-KAT\u0130P \u00c7ELEB\u0130 \u0130K\u0130L\u0130 \u0130\u015eB\u0130RL\u0130\u011e\u0130 &#8211; UK-British Council; Co-Principal investigator (with Bilge Erdo\u011fan, Heriot Watt University).<\/p>\n<p>2018- , \u201c<span style=\"text-decoration: underline\">Mixed Reality Design Tool for BIM-Based Sustainable Design<\/span> (Karma Ger\u00e7eklik ile BIM-Temelli S\u00fcrd\u00fcr\u00fclebilir Mimari Tasar\u0131m Ortam\u0131 Geli\u015ftirilmesi)\u201d Funded by the Middle East Technical University (BAP-02-01-2018-003); Principal investigator.<\/p>\n<p>2018- , \u201c<span style=\"text-decoration: underline\">Mixed Reality Interaction and Serious Game Development for Architectural Design<\/span> (Mimarl\u0131k E\u011fitiminde Karma Ger\u00e7eklik Etkile\u015fimi ve Ciddi Oyun Uygulamas\u0131\u201d Funded by the Middle East Technical University (BAP -08-11-2018-008); Researcher (PI: Y. Do\u00e7. Dr. Elif S\u00fcrer).<\/p>\n<p>2017-2018 \u201c<span style=\"text-decoration: underline\">Building Design Support Tool for Climate Change<\/span> (\u0130klim De\u011fi\u015fikli\u011fi Ba\u011flam\u0131nda Bina Tasar\u0131m Deste\u011fi Geli\u015ftirilmesi)\u201d , Funded by the Middle East Technical University (BAP-02-01-2017-002); Principal investigator.<\/p>\n<p>2013-2015 &#8220;<span style=\"text-decoration: underline\">Integral use of computational methods and tools for performance-based architectural design<\/span> (Performans temelli bina tasar\u0131m\u0131nda b\u00fct\u00fcnle\u015fik performans analiz ara\u00e7 ve y\u00f6ntemlerinin ara\u015ft\u0131r\u0131lmas\u0131)&#8221;, Funded by the Middle East Technical University (BAP-08-11-2013-070); Principal investigator.<\/p>\n<p>2009-2010 \u201c<u>Energy Performance Integration in Corporate public Real Estate Management Software tool development<\/u>\u201d, Principal investigator, funded by European Commission in the Intelligent Energy Europe programme (E\/C EIE\/07\/129\/S12.467632)<\/p>\n<p>June-October 2010, \u201c<u>Voorraad in de Vingers \u2013 pilot Westraven<\/u>\u201d, Investigator, Dutch Government Building Agency (Rijksgebouwendienst), Ministerie van Binnenlandse Zaken en Koninkrijksrelaties, in cooperation with van de Geijn Partners, TIM\/Aquadis<\/p>\n<p>2003-2005 \u201c<u>Product and Process Modeling for Building Commissioning<\/u>\u201d, Carnegie Mellon Univerity, Graduate research assistant, Funded by the <em>National Institute of Standards and Technology (NIST)<\/em><\/p>\n<p>&nbsp;<\/p>\n","protected":false},"excerpt":{"rendered":"<p>Research interests Sustainable building design design computing generative design systems software modeling and development building energy efficiency building information modeling (BIM) and heritage building information modeling (HBIM) virtual and mixed reality in architectural design climate change Research projects 2018- , \u201cA Stakeholder-Oriented Intelligent System for Building Energy Retrofitting (Bina Enerji Retrofiti I\u00e7in Payda\u015f-Temelli Bir Ak\u0131ll\u0131 [&hellip;]<\/p>\n","protected":false},"author":1166,"featured_media":0,"parent":0,"menu_order":0,"comment_status":"closed","ping_status":"closed","template":"","meta":{"footnotes":"","_links_to":"","_links_to_target":""},"class_list":["post-22","page","type-page","status-publish","hentry"],"_links":{"self":[{"href":"https:\/\/blog.metu.edu.tr\/ipekg\/wp-json\/wp\/v2\/pages\/22","targetHints":{"allow":["GET"]}}],"collection":[{"href":"https:\/\/blog.metu.edu.tr\/ipekg\/wp-json\/wp\/v2\/pages"}],"about":[{"href":"https:\/\/blog.metu.edu.tr\/ipekg\/wp-json\/wp\/v2\/types\/page"}],"author":[{"embeddable":true,"href":"https:\/\/blog.metu.edu.tr\/ipekg\/wp-json\/wp\/v2\/users\/1166"}],"replies":[{"embeddable":true,"href":"https:\/\/blog.metu.edu.tr\/ipekg\/wp-json\/wp\/v2\/comments?post=22"}],"version-history":[{"count":0,"href":"https:\/\/blog.metu.edu.tr\/ipekg\/wp-json\/wp\/v2\/pages\/22\/revisions"}],"wp:attachment":[{"href":"https:\/\/blog.metu.edu.tr\/ipekg\/wp-json\/wp\/v2\/media?parent=22"}],"curies":[{"name":"wp","href":"https:\/\/api.w.org\/{rel}","templated":true}]}}