{"id":4,"date":"2016-09-13T16:29:05","date_gmt":"2016-09-13T16:29:05","guid":{"rendered":"http:\/\/blog.metu.edu.tr\/indbio\/?page_id=4"},"modified":"2026-02-24T09:33:00","modified_gmt":"2026-02-24T09:33:00","slug":"4-2","status":"publish","type":"page","link":"https:\/\/blog.metu.edu.tr\/indbio\/","title":{"rendered":"Prof. Dr. P\u0131nar \u00c7al\u0131k"},"content":{"rendered":"<p><strong><span style=\"color: #c8102e\"><span style=\"font-size: xx-large\"><img loading=\"lazy\" decoding=\"async\" class=\"alignnone size-medium wp-image-5\" src=\"https:\/\/blog.metu.edu.tr\/indbio\/files\/2016\/09\/pcalik-282x300.png\" alt=\"pcalik\" width=\"282\" height=\"300\" srcset=\"https:\/\/blog.metu.edu.tr\/indbio\/files\/2016\/09\/pcalik-282x300.png 282w, https:\/\/blog.metu.edu.tr\/indbio\/files\/2016\/09\/pcalik.png 535w\" sizes=\"auto, (max-width: 282px) 100vw, 282px\" \/><img loading=\"lazy\" decoding=\"async\" class=\"alignnone size-medium wp-image-18\" src=\"https:\/\/blog.metu.edu.tr\/indbio\/files\/2016\/09\/contact-info-300x154.png\" alt=\"contact-info\" width=\"300\" height=\"154\" srcset=\"https:\/\/blog.metu.edu.tr\/indbio\/files\/2016\/09\/contact-info-300x154.png 300w, https:\/\/blog.metu.edu.tr\/indbio\/files\/2016\/09\/contact-info.png 463w\" sizes=\"auto, (max-width: 300px) 100vw, 300px\" \/><\/span><\/span><\/strong><\/p>\n<div class=\"id-banner-header\"><span style=\"color: #99cc00\"><strong>https:\/\/avesis.metu.edu.tr\/pcalik\/<\/strong><\/span><\/div>\n<div class=\"id-banner-header\"><span style=\"color: #99cc00\"><strong>ORCID iD\u00a0 <\/strong><\/span>https:\/\/orcid.org\/0000-0002-9628-6538<\/div>\n<div class=\"orcid-id-container\">\n<div class=\"orcid-id-options\">\n<div class=\"orcid-id-info\"><span style=\"color: #333399\"><strong style=\"font-size: inherit\">Researcher ID\u00a0 <\/strong><\/span><span style=\"font-size: inherit\">AAZ-8050-2020<\/span><\/div>\n<div><strong style=\"font-size: inherit\"><span style=\"color: #99cc00\"><span style=\"color: #ff9900\">Scopus ID <\/span><\/span><\/strong>6603737686<\/div>\n<\/div>\n<\/div>\n<div>\u00a0<\/div>\n<div><strong><em>h-<\/em>index: 28 (Scopus; WOS)<\/strong><\/div>\n<div><strong>WOS &#8211; Total Citations: 2355<\/strong><\/div>\n<div><strong>Google Scholar &#8211; Total Citations: 3778<\/strong><\/div>\n<div>\u00a0<\/div>\n<h2><strong><span style=\"color: #c8102e\"><span style=\"font-size: xx-large\">The \u00c7al\u0131k Lab Researches on:<\/span><\/span><\/strong><\/h2>\n<ul>\n<li>\n<h4><span style=\"color: #000080\"><b>Biochemical reaction engineering\u00a0<\/b><\/span><\/h4>\n<\/li>\n<li>\n<h4><b><\/b><span style=\"color: #000080\"><b>Modelling of intracellular reaction networks and analysis <\/b><\/span><\/h4>\n<\/li>\n<li>\n<h4><span style=\"color: #000080\"><b>Pharmaceutical protein p<\/b><\/span><span style=\"color: #000080\"><b>roduction processes<\/b><\/span><\/h4>\n<\/li>\n<li>\n<h4><span style=\"color: #000080\"><b>Industrial enzyme p<\/b><\/span><span style=\"color: #000080\"><b>roduction processes<\/b><\/span><\/h4>\n<\/li>\n<li>\n<h4><b><\/b><b style=\"color: #000080;font-size: revert\">Intermediate biomolecule production as novel reactants for the chemical industries<\/b><\/h4>\n<\/li>\n<li>\n<h4><b style=\"color: #000080;font-size: revert\">Bioinformatics and computational genomics\u00a0\u00a0<\/b><\/h4>\n<\/li>\n<\/ul>\n<h3><strong>THE TOOLS<\/strong><\/h3>\n<ul>\n<li>\n<h4><strong><span style=\"color: #ff0084\">BIOCATALYSIS<\/span><\/strong><strong><span style=\"color: #ff0084\">\u00a0through metabolic engineering\u00a0<\/span><\/strong><\/h4>\n<\/li>\n<li>\n<h4><strong><span style=\"color: #ff0084\">PROMOTER ENGINEERING: Hybrid-architectured novel synthetic promoter design\u00a0<\/span><\/strong><\/h4>\n<\/li>\n<li>\n<h4><strong><span style=\"color: #ff0084\">TRANSCRIPTIONAL ENGINEERING: <\/span><span style=\"color: #ff0084\">To opimize transcription factor concentrations to enhance biocatalytic rates<\/span><\/strong><\/h4>\n<\/li>\n<li>\n<h4>Computational methodologies in biochemical reaction engineering<\/h4>\n<\/li>\n<\/ul>\n<h3>\u00a0<\/h3>\n\n\n<p><\/p>\n","protected":false},"excerpt":{"rendered":"<p>https:\/\/avesis.metu.edu.tr\/pcalik\/ ORCID iD\u00a0 https:\/\/orcid.org\/0000-0002-9628-6538 Researcher ID\u00a0 AAZ-8050-2020 Scopus ID 6603737686 \u00a0 h-index: 28 (Scopus; WOS) WOS &#8211; Total Citations: 2355 Google Scholar &#8211; Total Citations: 3778 \u00a0 The \u00c7al\u0131k Lab Researches on: Biochemical reaction engineering\u00a0 Modelling of intracellular reaction networks and analysis Pharmaceutical protein production processes Industrial enzyme production processes Intermediate biomolecule production as novel [&hellip;]<\/p>\n","protected":false},"author":4302,"featured_media":0,"parent":0,"menu_order":0,"comment_status":"closed","ping_status":"closed","template":"","meta":{"footnotes":"","_links_to":"","_links_to_target":""},"class_list":["post-4","page","type-page","status-publish","hentry"],"_links":{"self":[{"href":"https:\/\/blog.metu.edu.tr\/indbio\/wp-json\/wp\/v2\/pages\/4","targetHints":{"allow":["GET"]}}],"collection":[{"href":"https:\/\/blog.metu.edu.tr\/indbio\/wp-json\/wp\/v2\/pages"}],"about":[{"href":"https:\/\/blog.metu.edu.tr\/indbio\/wp-json\/wp\/v2\/types\/page"}],"author":[{"embeddable":true,"href":"https:\/\/blog.metu.edu.tr\/indbio\/wp-json\/wp\/v2\/users\/4302"}],"replies":[{"embeddable":true,"href":"https:\/\/blog.metu.edu.tr\/indbio\/wp-json\/wp\/v2\/comments?post=4"}],"version-history":[{"count":0,"href":"https:\/\/blog.metu.edu.tr\/indbio\/wp-json\/wp\/v2\/pages\/4\/revisions"}],"wp:attachment":[{"href":"https:\/\/blog.metu.edu.tr\/indbio\/wp-json\/wp\/v2\/media?parent=4"}],"curies":[{"name":"wp","href":"https:\/\/api.w.org\/{rel}","templated":true}]}}