{"id":14,"date":"2016-12-05T02:58:18","date_gmt":"2016-12-04T23:58:18","guid":{"rendered":"http:\/\/blog.metu.edu.tr\/ilkay\/?page_id=14"},"modified":"2022-04-23T22:13:14","modified_gmt":"2022-04-23T19:13:14","slug":"tips","status":"publish","type":"page","link":"https:\/\/blog.metu.edu.tr\/ilkay\/tips\/","title":{"rendered":"Tips"},"content":{"rendered":"\n<p>People are divided into two: the good and the bad. There is no other classification of human beings.<\/p>\n\n\n\n<p>\u0130nsanlar ikiye ayr\u0131l\u0131r: \u0130yiler ve k\u00f6t\u00fcler. Ba\u015fka bir ayr\u0131m da yoktur.<\/p>\n","protected":false},"excerpt":{"rendered":"<p>People are divided into two: the good and the bad. There is no other classification of human beings. \u0130nsanlar ikiye ayr\u0131l\u0131r: \u0130yiler ve k\u00f6t\u00fcler. Ba\u015fka bir ayr\u0131m da yoktur.<\/p>\n","protected":false},"author":4452,"featured_media":0,"parent":0,"menu_order":0,"comment_status":"closed","ping_status":"closed","template":"","meta":{"footnotes":"","_links_to":"","_links_to_target":""},"class_list":["post-14","page","type-page","status-publish","hentry"],"_links":{"self":[{"href":"https:\/\/blog.metu.edu.tr\/ilkay\/wp-json\/wp\/v2\/pages\/14","targetHints":{"allow":["GET"]}}],"collection":[{"href":"https:\/\/blog.metu.edu.tr\/ilkay\/wp-json\/wp\/v2\/pages"}],"about":[{"href":"https:\/\/blog.metu.edu.tr\/ilkay\/wp-json\/wp\/v2\/types\/page"}],"author":[{"embeddable":true,"href":"https:\/\/blog.metu.edu.tr\/ilkay\/wp-json\/wp\/v2\/users\/4452"}],"replies":[{"embeddable":true,"href":"https:\/\/blog.metu.edu.tr\/ilkay\/wp-json\/wp\/v2\/comments?post=14"}],"version-history":[{"count":0,"href":"https:\/\/blog.metu.edu.tr\/ilkay\/wp-json\/wp\/v2\/pages\/14\/revisions"}],"wp:attachment":[{"href":"https:\/\/blog.metu.edu.tr\/ilkay\/wp-json\/wp\/v2\/media?parent=14"}],"curies":[{"name":"wp","href":"https:\/\/api.w.org\/{rel}","templated":true}]}}