{"id":48,"date":"2015-08-17T16:13:33","date_gmt":"2015-08-17T13:13:33","guid":{"rendered":"http:\/\/blog.metu.edu.tr\/e182042\/?page_id=48"},"modified":"2015-09-10T12:06:54","modified_gmt":"2015-09-10T09:06:54","slug":"completed","status":"publish","type":"page","link":"https:\/\/blog.metu.edu.tr\/han\/projects\/completed\/","title":{"rendered":"COMPLETED"},"content":{"rendered":"<ul>\n<li><em>Tarihi Geleneksel Ah\u015fap Karkas\/H\u0131m\u0131\u015f Konutlar\u0131n Sismik Performans\u0131n\u0131n De\u011ferlendirilmesi<\/em>, T\u00dcB\u0130TAK Projesi, 106M499, Coordinator, 2007-2011.<\/li>\n<li><em>Preserving and development of Millet \u0130lyas Bey Kulliyesi<\/em>, Member of Advisory Board, 2007-2011.<\/li>\n<li><em>Kommagene Nemrut Preserving and development<\/em>, Ministry of Culture and Tourism (06.02.01.2.00.11), Researcher, 2006-2011.<\/li>\n<li><em>LessLoss <\/em>Project, EU-FP6, Researcher, 2005.<\/li>\n<li><em>Karbon Takviyeli Polimer (CFRP) ile G\u00fc\u00e7lendirilmi\u015f Yap\u0131lar\u0131n S\u00fcnme Davran\u0131\u015f\u0131<\/em>, Research Funding Project-METU, BAP-2004-03-03-02, Researcher, 2004.<\/li>\n<li><em>Modelling of Damage Phenomenon for Elasto-plasticity<\/em>, T\u00dcB\u0130TAK-J\u00dcL\u0130CH Project, Coordinator, 2004.<\/li>\n<li><em>Sismik \u0130zolat\u00f6r Malzemesi \u00c7elik Tabakal\u0131 Kau\u00e7uk Yast\u0131klar\u0131n D\u00fc\u015fey Y\u00fckler Alt\u0131nda Histeretik Davran\u0131\u015f\u0131n\u0131n \u0130ncelenmesi<\/em>, T\u00dcB\u0130TAK, \u0130\u00c7TAG-A046, Coordinator, 2004.<\/li>\n<li><em>Karayolu K\u00f6pr\u00fcleri \u0130\u00e7in Pasif Kontrol Sistemi ve Dinamik \u0130zolat\u00f6r Geli\u015ftirilmesi<\/em>,K\u00fc\u00e7\u00fck \u00d6l\u00e7ekli Model ve Ger\u00e7ek K\u00f6pr\u00fc \u00dczerinde Uygulanmas\u0131, Research Funding Project-METU, BAP-2002-03-03-04, Coordinator, 2002.<\/li>\n<li><em>Deprem M\u00fchendisli\u011fi Yayg\u0131n E\u011fitim Projesi<\/em>, T\u00dcB\u0130TAK, I\u00c7TAG I577, Researcher, 2002-2006.<\/li>\n<li><em>Sismik \u0130zolasyon Malzemesi Kau\u00e7uk Yast\u0131klar\u0131n Elastomekanik \u00d6zelliklerinin Deneysel ve Teorik Y\u00f6ntemlerle Belirlenmesi<\/em>, Ara\u015ft\u0131rma Fonu Projesi-ODT\u00dc, AFP-2001-03-03-07, Coordinator, 2001.<\/li>\n<li><em>Mevcut Binalar \u0130\u00e7in G\u00fc\u00e7lendirme Y\u00f6ntemleri Geli\u015ftirilmesi<\/em>, T\u00dcB\u0130TAK, I\u00c7TAG I575, Coordinator, 2001-2005.<\/li>\n<li><em>Seismic Assessment and Rehabilitation of Existing Buildings<\/em>, NATO-Sience for Peace, SfP-977231, Researcher, 2000-2005.<\/li>\n<\/ul>\n","protected":false},"excerpt":{"rendered":"<p>Tarihi Geleneksel Ah\u015fap Karkas\/H\u0131m\u0131\u015f Konutlar\u0131n Sismik Performans\u0131n\u0131n De\u011ferlendirilmesi, T\u00dcB\u0130TAK Projesi, 106M499, Coordinator, 2007-2011. Preserving and development of Millet \u0130lyas Bey Kulliyesi, Member of Advisory Board, 2007-2011. Kommagene Nemrut Preserving and development, Ministry of Culture and Tourism (06.02.01.2.00.11), Researcher, 2006-2011. LessLoss Project, EU-FP6, Researcher, 2005. Karbon Takviyeli Polimer (CFRP) ile G\u00fc\u00e7lendirilmi\u015f Yap\u0131lar\u0131n S\u00fcnme Davran\u0131\u015f\u0131, Research Funding [&hellip;]<\/p>\n","protected":false},"author":2158,"featured_media":0,"parent":11,"menu_order":2,"comment_status":"closed","ping_status":"closed","template":"","meta":{"footnotes":"","_links_to":"","_links_to_target":""},"class_list":["post-48","page","type-page","status-publish","hentry"],"_links":{"self":[{"href":"https:\/\/blog.metu.edu.tr\/han\/wp-json\/wp\/v2\/pages\/48","targetHints":{"allow":["GET"]}}],"collection":[{"href":"https:\/\/blog.metu.edu.tr\/han\/wp-json\/wp\/v2\/pages"}],"about":[{"href":"https:\/\/blog.metu.edu.tr\/han\/wp-json\/wp\/v2\/types\/page"}],"author":[{"embeddable":true,"href":"https:\/\/blog.metu.edu.tr\/han\/wp-json\/wp\/v2\/users\/2158"}],"replies":[{"embeddable":true,"href":"https:\/\/blog.metu.edu.tr\/han\/wp-json\/wp\/v2\/comments?post=48"}],"version-history":[{"count":0,"href":"https:\/\/blog.metu.edu.tr\/han\/wp-json\/wp\/v2\/pages\/48\/revisions"}],"up":[{"embeddable":true,"href":"https:\/\/blog.metu.edu.tr\/han\/wp-json\/wp\/v2\/pages\/11"}],"wp:attachment":[{"href":"https:\/\/blog.metu.edu.tr\/han\/wp-json\/wp\/v2\/media?parent=48"}],"curies":[{"name":"wp","href":"https:\/\/api.w.org\/{rel}","templated":true}]}}