{"id":42,"date":"2015-08-17T16:06:00","date_gmt":"2015-08-17T13:06:00","guid":{"rendered":"http:\/\/blog.metu.edu.tr\/e182042\/?page_id=42"},"modified":"2015-09-10T10:59:45","modified_gmt":"2015-09-10T07:59:45","slug":"ph-d","status":"publish","type":"page","link":"https:\/\/blog.metu.edu.tr\/han\/theses\/ph-d\/","title":{"rendered":"PH. D."},"content":{"rendered":"<ul>\n<li><strong>Ali Karimzadeh Naghshineh<\/strong>, \u201c<em><a href=\"http:\/\/library.metu.edu.tr\/search~S15?\/cTA455.E4+.K146+2013\/cta++455+e4+k146+2013\/-3,-1,0,E\/l856~b1811956&amp;FF=cta++455+e4+k146+2013&amp;1,1,,1,0\">Experimental studies on fiber mesh reinforced elastomeric bearings<\/a><\/em>\u201d, Orta Do\u011fu Teknik \u00dcniversitesi, 2013.<\/li>\n<li><strong>Bar\u0131\u015f Erdil<\/strong>, \u201c<em><a href=\"http:\/\/library.metu.edu.tr\/search~S15?\/aerdil\/aerdil\/1,5,28,B\/l856~b1632254&amp;FF=aerdil+baris~a&amp;1,1,,1,0\/indexsort=-\">Behaviour of CFRP Reinforced Members Against Temperature Changes and Loads<\/a><\/em>\u201d, 2012.<\/li>\n<li><strong>Cenan \u00d6zkaya<\/strong>, \u201c<em><a href=\"http:\/\/library.metu.edu.tr\/search~S15?\/a{u00F6}zkaya\/ao~azkaya\/1,19,21,B\/l856~b1522748&amp;FF=ao~azkaya+cenan&amp;2,,2,1,0\/indexsort=-\">Development of a New Seismic Isolator Named Ball Rubber Bearing<\/a><\/em>\u201d, 2010 (Co-supervisor).<\/li>\n<li><strong>G\u00f6khan \u00d6zdemir<\/strong>, \u201c<em><a href=\"http:\/\/library.metu.edu.tr\/search~S15?\/a{u00F6}zdemir\/ao~azdemir\/1,131,166,B\/l856~b1382318&amp;FF=ao~azdemir+go~akhan&amp;2,,2,1,0\/indexsort=-\">Base Isolation with FRP Layered Rubber Bearings<\/a><\/em>\u201d, 2010.<\/li>\n<li><strong>Celal Soyarslan<\/strong>, \u201c<em><a href=\"http:\/\/library.metu.edu.tr\/search~S15?\/asoyarslan\/asoyarslan\/1,1,2,B\/l856~b1336663&amp;FF=asoyarslan+celal&amp;2,,2,1,0\/indexsort=-\">Modelling of Damage for Elasto-plasticity<\/a><\/em>\u201d, 2008.<\/li>\n<li><strong>Seval P\u0131narba\u015f\u0131<\/strong>, \u201c<em><a href=\"http:\/\/library.metu.edu.tr\/search~S15?\/ap{u0131}narba{u015F}{u0131}\/apinarbas~ai\/1,1,2,B\/l856~b1296202&amp;FF=apinarbas~ai+seval&amp;2,,2,1,0\/indexsort=-\">Investigation of the Behavior of Rubber Bearings Subjected to Finite Elastostatic and Elastodynamic Deformations<\/a><\/em>\u201d, 2007.<\/li>\n<\/ul>\n","protected":false},"excerpt":{"rendered":"<p>Ali Karimzadeh Naghshineh, \u201cExperimental studies on fiber mesh reinforced elastomeric bearings\u201d, Orta Do\u011fu Teknik \u00dcniversitesi, 2013. Bar\u0131\u015f Erdil, \u201cBehaviour of CFRP Reinforced Members Against Temperature Changes and Loads\u201d, 2012. Cenan \u00d6zkaya, \u201cDevelopment of a New Seismic Isolator Named Ball Rubber Bearing\u201d, 2010 (Co-supervisor). G\u00f6khan \u00d6zdemir, \u201cBase Isolation with FRP Layered Rubber Bearings\u201d, 2010. Celal Soyarslan, [&hellip;]<\/p>\n","protected":false},"author":2158,"featured_media":0,"parent":12,"menu_order":2,"comment_status":"closed","ping_status":"closed","template":"","meta":{"footnotes":"","_links_to":"","_links_to_target":""},"class_list":["post-42","page","type-page","status-publish","hentry"],"_links":{"self":[{"href":"https:\/\/blog.metu.edu.tr\/han\/wp-json\/wp\/v2\/pages\/42","targetHints":{"allow":["GET"]}}],"collection":[{"href":"https:\/\/blog.metu.edu.tr\/han\/wp-json\/wp\/v2\/pages"}],"about":[{"href":"https:\/\/blog.metu.edu.tr\/han\/wp-json\/wp\/v2\/types\/page"}],"author":[{"embeddable":true,"href":"https:\/\/blog.metu.edu.tr\/han\/wp-json\/wp\/v2\/users\/2158"}],"replies":[{"embeddable":true,"href":"https:\/\/blog.metu.edu.tr\/han\/wp-json\/wp\/v2\/comments?post=42"}],"version-history":[{"count":0,"href":"https:\/\/blog.metu.edu.tr\/han\/wp-json\/wp\/v2\/pages\/42\/revisions"}],"up":[{"embeddable":true,"href":"https:\/\/blog.metu.edu.tr\/han\/wp-json\/wp\/v2\/pages\/12"}],"wp:attachment":[{"href":"https:\/\/blog.metu.edu.tr\/han\/wp-json\/wp\/v2\/media?parent=42"}],"curies":[{"name":"wp","href":"https:\/\/api.w.org\/{rel}","templated":true}]}}