{"id":187,"date":"2015-08-27T10:49:12","date_gmt":"2015-08-27T07:49:12","guid":{"rendered":"http:\/\/blog.metu.edu.tr\/han\/?page_id=187"},"modified":"2015-09-16T13:53:24","modified_gmt":"2015-09-16T10:53:24","slug":"arastirma","status":"publish","type":"page","link":"https:\/\/blog.metu.edu.tr\/han\/dekanlik-projeleri\/2012-2015\/arastirma\/","title":{"rendered":"ARA\u015eTIRMA"},"content":{"rendered":"<p>2012 y\u0131l\u0131nda Dekanl\u0131k adayl\u0131\u011f\u0131m s\u0131ras\u0131nda ara\u015ft\u0131rmayla\u00a0ilgili ger\u00e7ekle\u015ftirilmesinin faydal\u0131 olaca\u011f\u0131na inand\u0131\u011f\u0131m konular olarak yazd\u0131klar\u0131m ve yap\u0131labilenler hakk\u0131nda bilgiler \u015f\u00f6yledir:<\/p>\n<ul>\n<li><em>\u00d6\u011fretim \u00fcyelerimize, \u00f6zellikle uluslararas\u0131 kurulu\u015flara sunacaklar\u0131, projelerle ilgili konularda daha fazla kurumsal deste\u011fin verilmesi<\/em> &#8211;&gt; Rekt\u00f6rl\u00fc\u011f\u00fcm\u00fczle ve \u00f6zellikle Teknokent ile ortak \u00e7al\u0131\u015fmalar sayesinde Avrupa Birli\u011fi Projelerinde proje \u00e7a\u011fr\u0131lar\u0131 \u00f6ncesi yap\u0131lan grup toplant\u0131lar\u0131na seyahat deste\u011fi sa\u011flanm\u0131\u015ft\u0131r. Ayr\u0131ca Teknokent&#8217;te proje haz\u0131rlama konusunda hocalar\u0131m\u0131za yard\u0131mc\u0131 olmaktad\u0131r.<\/li>\n<li><em>Teknokent \u015firketleri fak\u00fcltemize davet edilerek faaliyet alanlar\u0131n\u0131 tan\u0131tmalar\u0131, ara\u015ft\u0131rma geli\u015ftirme konular\u0131nda ne tip destekler beklediklerini \u00f6\u011fretim \u00fcyelerimize aktarmas\u0131<\/em> &#8211;&gt; Konuyla ilgili y\u0131l i\u00e7erisinde \u00e7e\u015fitli yuvarlak masa toplant\u0131lar\u0131 d\u00fczenlenmi\u015ftir. Ayr\u0131ca \u00f6\u011frencilerimize giri\u015fimcilik ruhunun kazand\u0131r\u0131lmas\u0131 i\u00e7in Teknokent Giri\u015fimcilik ve \u0130novasyon Program\u0131ndan destek al\u0131nm\u0131\u015f ve \u00f6\u011frencilerimize b\u00f6l\u00fcmlerinde seminerler verilmi\u015ftir.<\/li>\n<li><em>\u00d6\u011fretim \u00fcyelerimize d\u00fczenleyecekleri ulusal ve uluslararas\u0131 konferans\/kongreler i\u00e7in sekretarya destek hizmetinin sa\u011flanmas\u0131<\/em> &#8211;&gt; Dekanl\u0131\u011f\u0131m\u0131za ula\u015fan her t\u00fcrl\u00fc destek talebi kar\u015f\u0131lanmaya \u00e7al\u0131\u015f\u0131lm\u0131\u015ft\u0131r.<\/li>\n<li><em>Teknisyen ihtiyac\u0131n\u0131n, yukar\u0131daki g\u00f6r\u00fc\u015fler de g\u00f6z\u00f6n\u00fcne al\u0131narak, bir an \u00f6nce \u00e7\u00f6z\u00fcmlenmesi i\u00e7in giri\u015fimlerde bulunulmas\u0131<\/em> &#8211;&gt; Teknisyen ihtiyac\u0131m\u0131n k\u0131smen giderilmekle birlikte halen ihtiya\u00e7 devam etmektedir. Maalesef \u00dcniversitemiz yeni idari personel kadrosu konusunda s\u0131k\u0131nt\u0131 \u00e7ekmektedir.<\/li>\n<li><em>\u00dcniversitede ara\u015ft\u0131rmac\u0131 olman\u0131n cazibesi artt\u0131r\u0131larak, fak\u00fcltemizin lisans\u00fcst\u00fc \u00f6\u011frenci say\u0131s\u0131n\u0131 art\u0131rman\u0131n ve \u00d6YP\u2019n\u0131n nitelikli ara\u015ft\u0131rmac\u0131lar yeti\u015ftirmek i\u00e7in etkin \u015fekilde kullan\u0131labilece\u011fini d\u00fc\u015f\u00fcn\u00fcyorum<\/em> &#8211;&gt; Yeni a\u00e7\u0131lan lisans\u00fcst\u00fc programlar\u0131n da sayesinde lisans\u00fcst\u00fc \u00f6\u011frenci say\u0131m\u0131z art\u0131r\u0131labilmi\u015ftir. Ancak \u00d6YP konusunda \u00dcniversitemize istenilen \u00f6l\u00e7\u00fcde \u00f6\u011frenci kazand\u0131r\u0131lamam\u0131\u015ft\u0131r.<\/li>\n<li><em>B\u00f6l\u00fcmlerin mezunlar\u0131ndan olu\u015fan, amac\u0131 end\u00fcstri-\u00fcniversite i\u015fbirli\u011fini g\u00fc\u00e7lendirmek olan dan\u0131\u015fma kurullar\u0131n\u0131n daha etkin kullan\u0131lmas\u0131<\/em> &#8211;&gt; \u00d6zellikle 2015 y\u0131l\u0131nda ABET de\u011ferlendirmesinden ge\u00e7ecek olmam\u0131z sebebiyle B\u00f6l\u00fcmlerimiz dan\u0131\u015fma kurullar\u0131n\u0131 daha etkin kullanm\u0131\u015flard\u0131r. Dekanl\u0131\u011f\u0131m\u0131z\u0131n bu konuda bir katk\u0131s\u0131 olmam\u0131\u015ft\u0131r.<\/li>\n<\/ul>\n<p>&nbsp;<\/p>\n<p style=\"padding-left: 30px\">Bunlar\u0131n d\u0131\u015f\u0131nda lisans ve lisans\u00fcst\u00fc laboratuvar desteklerine Rekt\u00f6rl\u00fc\u011f\u00fcm\u00fcz\u00fcn katk\u0131lar\u0131yla devam edilmi\u015f ve 3 y\u0131l i\u00e7erisinde yakla\u015f\u0131k 4.000.000,- TL mali kaynak harcanm\u0131\u015ft\u0131r.<\/p>\n<p style=\"padding-left: 30px\">Ara\u015ft\u0131rma g\u00f6revlilerimize doktora yeterlilik sonras\u0131 yurtd\u0131\u015f\u0131 kongre kat\u0131l\u0131m deste\u011fi verilebilmekteyken, doktora program\u0131na kay\u0131tl\u0131 ara\u015ft\u0131rma g\u00f6revlilerimize doktora yeterlilik \u00f6ncesi de yurtd\u0131\u015f\u0131 kongre kat\u0131l\u0131m deste\u011fi verilmeye ba\u015flanm\u0131\u015ft\u0131r. Konuyla ilgili gerekli uygulama esas\u00a0de\u011fi\u015fikli\u011fi Dekanl\u0131\u011f\u0131m\u0131z\u0131n \u00f6nerisi Rekt\u00f6rl\u00fc\u011f\u00fcm\u00fcz\u00fcn uygun g\u00f6r\u00fc\u015f\u00fcyle Senato&#8217;dan ge\u00e7mi\u015ftir.<\/p>\n<p>&nbsp;<\/p>\n","protected":false},"excerpt":{"rendered":"<p>2012 y\u0131l\u0131nda Dekanl\u0131k adayl\u0131\u011f\u0131m s\u0131ras\u0131nda ara\u015ft\u0131rmayla\u00a0ilgili ger\u00e7ekle\u015ftirilmesinin faydal\u0131 olaca\u011f\u0131na inand\u0131\u011f\u0131m konular olarak yazd\u0131klar\u0131m ve yap\u0131labilenler hakk\u0131nda bilgiler \u015f\u00f6yledir: \u00d6\u011fretim \u00fcyelerimize, \u00f6zellikle uluslararas\u0131 kurulu\u015flara sunacaklar\u0131, projelerle ilgili konularda daha fazla kurumsal deste\u011fin verilmesi &#8211;&gt; Rekt\u00f6rl\u00fc\u011f\u00fcm\u00fczle ve \u00f6zellikle Teknokent ile ortak \u00e7al\u0131\u015fmalar sayesinde Avrupa Birli\u011fi Projelerinde proje \u00e7a\u011fr\u0131lar\u0131 \u00f6ncesi yap\u0131lan grup toplant\u0131lar\u0131na seyahat deste\u011fi sa\u011flanm\u0131\u015ft\u0131r. Ayr\u0131ca Teknokent&#8217;te [&hellip;]<\/p>\n","protected":false},"author":2158,"featured_media":0,"parent":184,"menu_order":0,"comment_status":"closed","ping_status":"closed","template":"","meta":{"footnotes":"","_links_to":"","_links_to_target":""},"class_list":["post-187","page","type-page","status-publish","hentry"],"_links":{"self":[{"href":"https:\/\/blog.metu.edu.tr\/han\/wp-json\/wp\/v2\/pages\/187","targetHints":{"allow":["GET"]}}],"collection":[{"href":"https:\/\/blog.metu.edu.tr\/han\/wp-json\/wp\/v2\/pages"}],"about":[{"href":"https:\/\/blog.metu.edu.tr\/han\/wp-json\/wp\/v2\/types\/page"}],"author":[{"embeddable":true,"href":"https:\/\/blog.metu.edu.tr\/han\/wp-json\/wp\/v2\/users\/2158"}],"replies":[{"embeddable":true,"href":"https:\/\/blog.metu.edu.tr\/han\/wp-json\/wp\/v2\/comments?post=187"}],"version-history":[{"count":0,"href":"https:\/\/blog.metu.edu.tr\/han\/wp-json\/wp\/v2\/pages\/187\/revisions"}],"up":[{"embeddable":true,"href":"https:\/\/blog.metu.edu.tr\/han\/wp-json\/wp\/v2\/pages\/184"}],"wp:attachment":[{"href":"https:\/\/blog.metu.edu.tr\/han\/wp-json\/wp\/v2\/media?parent=187"}],"curies":[{"name":"wp","href":"https:\/\/api.w.org\/{rel}","templated":true}]}}