{"id":2,"date":"2010-02-12T14:28:14","date_gmt":"2010-02-12T12:28:14","guid":{"rendered":"http:\/\/blog.metu.edu.tr\/focal\/hakkinda\/"},"modified":"2010-02-12T14:28:14","modified_gmt":"2010-02-12T12:28:14","slug":"hakkinda","status":"publish","type":"page","link":"https:\/\/blog.metu.edu.tr\/focal\/hakkinda\/","title":{"rendered":"Hakk\u0131mda"},"content":{"rendered":"<p style=\"text-align: left\">Merhaba Feryal,<\/p>\n<p style=\"text-align: left\">K\u00fct\u00fcphanede \u00e7al\u0131\u015f\u0131yorum.Bu g\u00fcn bloglama e\u011fitimindeyim.<\/p>\n<p style=\"text-align: left\">Sevdi\u011fim \u015feyler<\/p>\n<ul>\n<li>\n<div style=\"text-align: left\">Seyahat etmek<\/div>\n<\/li>\n<li>\n<div style=\"text-align: left\">M\u00fczik dinlemek<\/div>\n<\/li>\n<li>\n<div style=\"text-align: left\">Yemek yemek<\/div>\n<\/li>\n<\/ul>\n<p style=\"text-align: center\">\u00a0<\/p>\n<p style=\"text-align: center\">\u00a0<\/p>\n","protected":false},"excerpt":{"rendered":"<p>Merhaba Feryal, K\u00fct\u00fcphanede \u00e7al\u0131\u015f\u0131yorum.Bu g\u00fcn bloglama e\u011fitimindeyim. Sevdi\u011fim \u015feyler Seyahat etmek M\u00fczik dinlemek Yemek yemek \u00a0 \u00a0<\/p>\n","protected":false},"author":563,"featured_media":0,"parent":0,"menu_order":0,"comment_status":"open","ping_status":"open","template":"","meta":{"footnotes":"","_links_to":"","_links_to_target":""},"class_list":["post-2","page","type-page","status-publish","hentry"],"_links":{"self":[{"href":"https:\/\/blog.metu.edu.tr\/focal\/wp-json\/wp\/v2\/pages\/2","targetHints":{"allow":["GET"]}}],"collection":[{"href":"https:\/\/blog.metu.edu.tr\/focal\/wp-json\/wp\/v2\/pages"}],"about":[{"href":"https:\/\/blog.metu.edu.tr\/focal\/wp-json\/wp\/v2\/types\/page"}],"author":[{"embeddable":true,"href":"https:\/\/blog.metu.edu.tr\/focal\/wp-json\/wp\/v2\/users\/563"}],"replies":[{"embeddable":true,"href":"https:\/\/blog.metu.edu.tr\/focal\/wp-json\/wp\/v2\/comments?post=2"}],"version-history":[{"count":0,"href":"https:\/\/blog.metu.edu.tr\/focal\/wp-json\/wp\/v2\/pages\/2\/revisions"}],"wp:attachment":[{"href":"https:\/\/blog.metu.edu.tr\/focal\/wp-json\/wp\/v2\/media?parent=2"}],"curies":[{"name":"wp","href":"https:\/\/api.w.org\/{rel}","templated":true}]}}