{"id":47,"date":"2021-04-18T12:50:11","date_gmt":"2021-04-18T12:50:11","guid":{"rendered":"https:\/\/blog.metu.edu.tr\/eresmech\/?page_id=47"},"modified":"2021-10-04T10:30:04","modified_gmt":"2021-10-04T10:30:04","slug":"mekanizma-teknigi","status":"publish","type":"page","link":"https:\/\/blog.metu.edu.tr\/eresmech\/mekanizma-teknigi\/","title":{"rendered":"Mekanizma Tekni\u011fi"},"content":{"rendered":"<div\n\t\t\t\n\t\t\tclass=\"so-widget-sow-editor so-widget-sow-editor-base\"\n\t\t\t\n\t\t>\n<div class=\"siteorigin-widget-tinymce textwidget\">\n\t<h1>Mekanizma Tekni\u011fi<\/h1>\n<p><a href=\"https:\/\/blog.metu.edu.tr\/eresmech\/mekanizma-teknigi\/onsoz\/\">\u00d6ns\u00f6z<\/a><\/p>\n<hr \/>\n<h2>B\u00f6l\u00fcm 1:<\/h2>\n<p><a href=\"https:\/\/blog.metu.edu.tr\/eresmech\/mekanizma-teknigi\/ch1\/\">Mekanizma Tekni\u011fine Giri\u015f\u00a0<\/a><\/p>\n<hr \/>\n<h2>B\u00f6l\u00fcm 2:<\/h2>\n<p><a href=\"https:\/\/blog.metu.edu.tr\/eresmech\/mekanizma-teknigi\/ch2\/\"><span class=\"instancename\">Mekanizma Serbestlik Derecesi Ve Mekanizmalar\u0131n S\u0131n\u0131fland\u0131r\u0131lmas\u0131<\/span><\/a><\/p>\n<hr \/>\n<h2>B\u00f6l\u00fcm 3:<\/h2>\n<p><a href=\"https:\/\/blog.metu.edu.tr\/eresmech\/mekanizma-teknigi\/ch3\/\"><span class=\"instancename\">Mekanizmalarda Konum Analizi<\/span><\/a><\/p>\n<hr \/>\n<h2>B\u00f6l\u00fcm 4:<\/h2>\n<p><a href=\"https:\/\/blog.metu.edu.tr\/eresmech\/mekanizma-teknigi\/ch4\/\"><span class=\"instancename\">Mekanizmalarda H\u0131z ve \u0130vme Analizi<\/span><\/a><\/p>\n<hr \/>\n<h2>B\u00f6l\u00fcm 5:<\/h2>\n<p><a href=\"https:\/\/blog.metu.edu.tr\/eresmech\/mekanizma-teknigi\/ch5\/\">Ani D\u00f6nme Merkezi<\/a><\/p>\n<hr \/>\n<h2>B\u00f6l\u00fcm 6:<\/h2>\n<p><a href=\"https:\/\/blog.metu.edu.tr\/eresmech\/mekanizma-teknigi\/ch6\/\">Lineer Mekanik Sistemler<\/a><\/p>\n<hr \/>\n<h2>B\u00f6l\u00fcm 7:<\/h2>\n<p><a href=\"https:\/\/blog.metu.edu.tr\/eresmech\/mekanizma-teknigi\/ch7\/\">D\u00f6rt Uzuvlu Mekanizmalar<\/a><\/p>\n<hr \/>\n<h2>B\u00f6l\u00fcm 8:<\/h2>\n<p><a href=\"https:\/\/blog.metu.edu.tr\/eresmech\/mekanizma-teknigi\/ch8\/\">Kam Mekanizmalar\u0131<\/a><\/p>\n<\/div>\n<\/div>","protected":false},"excerpt":{"rendered":"","protected":false},"author":7747,"featured_media":0,"parent":0,"menu_order":0,"comment_status":"closed","ping_status":"closed","template":"","meta":{"footnotes":"","_links_to":"","_links_to_target":""},"class_list":["post-47","page","type-page","status-publish","hentry"],"_links":{"self":[{"href":"https:\/\/blog.metu.edu.tr\/eresmech\/wp-json\/wp\/v2\/pages\/47","targetHints":{"allow":["GET"]}}],"collection":[{"href":"https:\/\/blog.metu.edu.tr\/eresmech\/wp-json\/wp\/v2\/pages"}],"about":[{"href":"https:\/\/blog.metu.edu.tr\/eresmech\/wp-json\/wp\/v2\/types\/page"}],"author":[{"embeddable":true,"href":"https:\/\/blog.metu.edu.tr\/eresmech\/wp-json\/wp\/v2\/users\/7747"}],"replies":[{"embeddable":true,"href":"https:\/\/blog.metu.edu.tr\/eresmech\/wp-json\/wp\/v2\/comments?post=47"}],"version-history":[{"count":0,"href":"https:\/\/blog.metu.edu.tr\/eresmech\/wp-json\/wp\/v2\/pages\/47\/revisions"}],"wp:attachment":[{"href":"https:\/\/blog.metu.edu.tr\/eresmech\/wp-json\/wp\/v2\/media?parent=47"}],"curies":[{"name":"wp","href":"https:\/\/api.w.org\/{rel}","templated":true}]}}