{"id":2195,"date":"2022-03-15T12:13:55","date_gmt":"2022-03-15T12:13:55","guid":{"rendered":"https:\/\/blog.metu.edu.tr\/eresmech\/?page_id=2195"},"modified":"2022-03-15T12:28:43","modified_gmt":"2022-03-15T12:28:43","slug":"5-1","status":"publish","type":"page","link":"https:\/\/blog.metu.edu.tr\/eresmech\/mechanisms\/ch5\/5-1\/","title":{"rendered":"5-1"},"content":{"rendered":"<div id=\"pl-gb2195-69e042987047f\"  class=\"panel-layout\" ><div id=\"pg-gb2195-69e042987047f-0\"  class=\"panel-grid panel-no-style\" ><div id=\"pgc-gb2195-69e042987047f-0-0\"  class=\"panel-grid-cell\" ><div id=\"panel-gb2195-69e042987047f-0-0-0\" class=\"so-panel widget widget_sow-editor panel-first-child panel-last-child widgetopts-SO\" data-index=\"0\" ><div\n\t\t\t\n\t\t\tclass=\"so-widget-sow-editor so-widget-sow-editor-base\"\n\t\t\t\n\t\t>\n<div class=\"siteorigin-widget-tinymce textwidget\">\n\t<h1>5.1 SIMPLE GEAR TRAINS<\/h1>\n<p>A gear train is called a simple gear train, if the axes of the gears are connected by revolute joints to the fixed link. The geometric representation of a gear train with one gear pair is shown below. In the figure the solid model of the gear train (and its simulation) is also shown. The circles drawn as centerline is the known as the\u00a0<strong><span style=\"color: #ff0000\">pitch circle<\/span><\/strong>\u00a0of the gear. The linear velocity of the point of contact P, is the point where the relative velocity between the two links is zero (there is pure rolling and no sliding between the toothed surfaces). The gear ratio R<sub>23<\/sub>\u00a0is defined as:<\/p>\n<p style=\"text-align: center\"><span class=\"katex-eq\" data-katex-display=\"false\"> \\displaystyle {{\\text{N}}_{{23}}}=\\frac{{{\\text{\u03c9}_{{13}}}}}{{{\\text{\u03c9}_{{12}}}}}=\\frac{{{{\\text{n}}_{{13}}}}}{{{{\\text{n}}_{{12}}}}}<\/span><\/p>\n<p>Where n<sub>1j<\/sub>\u00a0is the angular speed of link j with respect to the fixed link 1 expressed in rpm. Velocity of point P is:<\/p>\n<p style=\"text-align: center\"><span class=\"katex-eq\" data-katex-display=\"false\"> \\displaystyle {\\text{v}_{{{\\text{P}_{3}}}}}~={\\text{v}_{{{\\text{P}_{2}}}}}={\\text{\u03c9}_{{13}}}{\\text{r}_{3}}={\\text{\u03c9}_{{12}}}{\\text{r}_{2}} <\/span><\/p>\n<p>Hence:<\/p>\n<p style=\"text-align: center\"><span class=\"katex-eq\" data-katex-display=\"false\"> \\displaystyle {{\\text{N}}_{{23}}}=\\frac{{{{\\text{\u03c9}}_{{13}}}}}{{{{\\text{\u03c9}}_{{12}}}}}=\\frac{{{{\\text{n}}_{{13}}}}}{{{{\\text{n}}_{{12}}}}}=\\frac{{{\\text{r}_{2}}}}{{{\\text{r}_{3}}}}=\\frac{{{\\text{d}_{2}}}}{{{\\text{d}_{3}}}}<\/span><\/p>\n<p style=\"text-align: center\"><strong><span style=\"font-family: Arial, Helvetica, sans-serif\">Simple Gear Train<\/span>\u00a0\u00a0<\/strong><\/p>\n<p align=\"center\"><img loading=\"lazy\" decoding=\"async\" class=\"wp-image-2197 size-full aligncenter\" src=\"https:\/\/blog.metu.edu.tr\/eresmech\/files\/2022\/03\/img1.gif\" alt=\"\" width=\"308\" height=\"238\" \/><\/p>\n<p style=\"text-align: center\" align=\"center\"><strong>Geometric Representation of Gears in External Mesh<\/strong>\u00a0(P in between centers)<\/p>\n<p>Where d<sub>j<\/sub>\u00a0and r<sub>j<\/sub>\u00a0are the diameters and radii of the pitch circles of the gears.<\/p>\n<p>From the law of gearing for the gears to be in mesh, the\u00a0<strong><em><span style=\"color: #cc0000\">diametral pitch<\/span><\/em><\/strong>, which is the ratio of the number of teeth over the pitch diameter must be the same for two mating gears: e.g.:<\/p>\n<p style=\"text-align: center\"><span class=\"katex-eq\" data-katex-display=\"false\"> \\displaystyle \\frac{{{\\text{T}_{3}}}}{{{\\text{d}_{3}}}}=\\frac{{{\\text{T}_{2}}}}{{{\\text{d}_{2}}}}<\/span><\/p>\n<p>Where T<sub>j<\/sub>\u00a0is the number of teeth on gear j. In European countries rather than the diametral pitch,\u00a0<strong><em><span style=\"color: #cc0000\">Module<\/span><\/em><\/strong>, m , which is the ratio of the pitch circumference to the number of tooth (pd<sub>j<\/sub>\/T<sub>j<\/sub>), is used. Unit for diametral pitch is in 1\/inch and the unit for module is\u00a0 mm.<\/p>\n<p>we\u00a0<span style=\"font-family: Arial, Helvetica, sans-serif\">define<\/span>\u00a0that the gear ratio\u00a0<span style=\"font-family: Arial, Helvetica, sans-serif\">as<\/span>\u00a0positive when the two gears in mesh are rotating in the same direction and negative if they are rotating in the opposite direction. As seen in\u00a0<span style=\"font-family: Arial, Helvetica, sans-serif\">the figure above<\/span>, if P is in between the fixed centres, the gear ratio will be negative and such gear pairing we shall call \u201c<strong><em><span style=\"color: #cc0000\">external mesh<\/span><\/em><\/strong>\u201d. If the pairing is as shown<span style=\"font-family: Arial, Helvetica, sans-serif\">\u00a0below<\/span>., The point of contact is outside the fixed centres and the gear ratio is positive. Such gear pairing will be called \u201c<strong><em><span style=\"color: #cc0000\">internal mesh<\/span><\/em><\/strong>\u201d.<\/p>\n<p align=\"center\"><img loading=\"lazy\" decoding=\"async\" class=\"wp-image-1359 aligncenter\" src=\"https:\/\/blog.metu.edu.tr\/eresmech\/files\/2021\/09\/img2-17.gif\" alt=\"\" width=\"462\" height=\"429\" \/><\/p>\n<p align=\"center\"><img loading=\"lazy\" decoding=\"async\" class=\"size-full wp-image-1360 aligncenter\" src=\"https:\/\/blog.metu.edu.tr\/eresmech\/files\/2021\/09\/img3-13.gif\" alt=\"\" width=\"400\" height=\"274\" \/><\/p>\n<p style=\"text-align: center\" align=\"center\"><strong>\u00a0\u00a0\u00a0<span style=\"font-family: Arial, Helvetica, sans-serif\">Gear train with Internal Mesh<\/span><\/strong>\u00a0(P outside the centers)<\/p>\n<p>Therefore, the gear ratio of a gear train with one gear pair can be expressed as:<\/p>\n<p style=\"text-align: center\"><span class=\"katex-eq\" data-katex-display=\"false\"> \\displaystyle {\\text{N}_{{23}}}=\\frac{{{\\text{\u03c9}_{{13}}}}}{{{\\text{\u03c9}_{{12}}}}}=\\frac{{{\\text{n}_{{13}}}}}{{{\\text{n}_{{12}}}}}=\\pm \\frac{{{\\text{r}_{2}}}}{{{\\text{r}_{3}}}}=\\pm \\frac{{{\\text{d}_{2}}}}{{{\\text{d}_{3}}}}=\\pm \\frac{{{\\text{T}_{2}}}}{{{\\text{T}_{3}}}}={\\text{R}_{{23}}} <\/span><\/p>\n<p>+ if internal,<\/p>\n<p>&#8211; if external mesh.<\/p>\n<p><img loading=\"lazy\" decoding=\"async\" class=\"aligncenter wp-image-1361\" src=\"https:\/\/blog.metu.edu.tr\/eresmech\/files\/2021\/09\/img4-11.gif\" alt=\"\" width=\"448\" height=\"280\" \/><\/p>\n<p><img loading=\"lazy\" decoding=\"async\" class=\"size-full wp-image-1362 aligncenter\" src=\"https:\/\/blog.metu.edu.tr\/eresmech\/files\/2021\/09\/img5-7.gif\" alt=\"\" width=\"451\" height=\"228\" \/><\/p>\n<p style=\"text-align: center\" align=\"center\"><strong><span style=\"font-family: Arial, Helvetica, sans-serif\">Simple Gear Train with more than one gear pair<\/span><\/strong><\/p>\n<p>Simplest gear trains have one gear pair on each link. A simple example is , shown in Fig.\u00a0<span style=\"font-family: Arial, Helvetica, sans-serif\">6<\/span>.3. The overall gear ratio of the gear train, R<sub>24<\/sub>, will be:<\/p>\n<p style=\"text-align: center\"><span class=\"katex-eq\" data-katex-display=\"false\"> \\displaystyle {\\text{R}_{{23}}}=\\frac{{{\\text{n}_{{13}}}}}{{{\\text{n}_{{12}}}}}=-\\frac{{{\\text{T}_{2}}}}{{{\\text{T}_{3}}}}\\text{ , }{\\text{R}_{{34}}}=\\frac{{{\\text{n}_{{14}}}}}{{{\\text{n}_{{13}}}}}=-\\frac{{{\\text{T}_{3}}}}{{{\\text{T}_{4}}}} <\/span><\/p>\n<p>and<\/p>\n<p style=\"text-align: center\"><span class=\"katex-eq\" data-katex-display=\"false\"> \\displaystyle {\\text{R}_{{24}}}=\\frac{{{\\text{n}_{{14}}}}}{{{\\text{n}_{{12}}}}}=\\frac{{{\\text{n}_{{13}}}}}{{{\\text{n}_{{12}}}}}\\frac{{{\\text{n}_{{14}}}}}{{{\\text{n}_{{13}}}}}={\\text{R}_{{23}}}{\\text{R}_{{34}}}=\\left( {-\\frac{{{\\text{T}_{2}}}}{{{\\text{T}_{3}}}}} \\right)\\left( {-\\frac{{{\\text{T}_{3}}}}{{{\\text{T}_{4}}}}} \\right)=\\frac{{{\\text{T}_{2}}}}{{{\\text{T}_{4}}}}<\/span><\/p>\n<p>Hence, for such gear trains, the intermediate gears have no effect on the gear ratio, except the sign of the gear ratio. These intermediate gears are usually called\u00a0<strong><em>idlers<\/em><\/strong>. They are used either to change the direction of rotation or they can be used to transmit motion between two shafts that are far apart while the gear sizes are kept small.<\/p>\n<p align=\"center\"><img loading=\"lazy\" decoding=\"async\" class=\"aligncenter wp-image-1363\" src=\"https:\/\/blog.metu.edu.tr\/eresmech\/files\/2021\/09\/img6-7.gif\" alt=\"\" width=\"510\" height=\"272\" \/><\/p>\n<p style=\"text-align: center\" align=\"center\"><strong>A Compound Gear train<\/strong><\/p>\n<p style=\"text-align: left\" align=\"center\">A gear train is called a\u00a0<strong><em><span style=\"color: #cc0000\">compound gear train<\/span><\/em><\/strong>\u00a0 if there is more than one gear on each link. An example is shown above. In a compound gear train there may be some idler gears. The gear ratio for the whole gear train can be determined by considering the gear ratio for each gear pair.<\/p>\n<p>We can write:<\/p>\n<p style=\"text-align: center\"><span class=\"katex-eq\" data-katex-display=\"false\"> \\displaystyle {\\text{R}_{{23}}}=\\frac{{{\\text{n}_{{13}}}}}{{{\\text{n}_{{12}}}}}=-\\frac{{{\\text{T}_{2}}}}{{{\\text{T}_{3}}}}\\text{\u00a0 \u00a0,\u00a0 \u00a0}{\\text{R}_{{34}}}=\\frac{{{\\text{n}_{{14}}}}}{{{\\text{n}_{{13}}}}}=-\\frac{{{\\text{T}_{3}}}}{{{\\text{T}_{4}}}}\\text{\u00a0 \u00a0,\u00a0 \u00a0}{\\text{R}_{{45}}}=\\frac{{{\\text{n}_{{15}}}}}{{{\\text{n}_{{14}}}}}=-\\frac{{{\\text{T}_{4}}^{\\prime }}}{{{\\text{T}_{5}}}}\\text{\u00a0 \u00a0,\u00a0 \u00a0}{\\text{R}_{{56}}}=\\frac{{{\\text{n}_{{16}}}}}{{{\\text{n}_{{15}}}}}=-\\frac{{{\\text{T}_{5}}^{\\prime }}}{{{\\text{T}_{6}}}}<\/span><\/p>\n<p>Then:<\/p>\n<p style=\"text-align: center\"><span class=\"katex-eq\" data-katex-display=\"false\"> \\displaystyle {\\text{R}_{{26}}}=\\frac{{{\\text{n}_{{16}}}}}{{{\\text{n}_{{12}}}}}=\\frac{{{\\text{n}_{{13}}}}}{{{\\text{n}_{{12}}}}}\\frac{{{\\text{n}_{{14}}}}}{{{\\text{n}_{{13}}}}}\\frac{{{\\text{n}_{{15}}}}}{{{\\text{n}_{{14}}}}}\\frac{{{\\text{n}_{{16}}}}}{{{\\text{n}_{{15}}}}}={\\text{R}_{{23}}}{\\text{R}_{{34}}}{\\text{R}_{{45}}}{\\text{R}_{{56}}}={{\\left( {-1} \\right)}^{4}}\\frac{{{\\text{T}_{2}}{\\text{T}_{3}}{\\text{T}_{4}}^{\\prime }{\\text{T}_{5}}^{\\prime }}}{{{\\text{T}_{3}}{\\text{T}_{4}}{\\text{T}_{5}}{\\text{T}_{6}}}}=\\frac{{{\\text{T}_{2}}{\\text{T}_{4}}^{\\prime }{\\text{T}_{5}}^{\\prime }}}{{{\\text{T}_{4}}{\\text{T}_{5}}{\\text{T}_{6}}}}<\/span><\/p>\n<p>Note that the gears that appear in the numerator are all driving gears and those that appear in the denominator are all driven gears. Also, each external gear mesh changes the sign of the gear ratio once. If the number of external gear meshes is odd, the gear ratio will be negative; if it is even, the gear ratio is positive. We can generalise the above result and define the gear ratio for any simple compound gear train as:<\/p>\n<p style=\"text-align: center\"><span class=\"katex-eq\" data-katex-display=\"false\"> \\displaystyle {\\text{R}_{\\text{ij}}}={\\text{N}_{\\text{ij}}}=\\frac{{{\\text{n}_{\\text{1j}}}}}{{{\\text{n}_{\\text{1i}}}}}={{\\left( {-1} \\right)}^{\\text{k}}}\\frac{{\\text{Tahrik eden di\u015f say\u0131lar\u0131n\u0131n \u00e7arp\u0131m\u0131}}}{{\\text{Tahrik edilen di\u015f say\u0131lar\u0131n\u0131n \u00e7arp\u0131m\u0131}}}<\/span><\/p>\n<p>where k \u00a0refers to the number of external gear pairs.<\/p>\n<p>The gear ratio is a constant. Therefore, the angular displacements and the angular accelerations are also related with the same gear ratio (e.g. if link i is rotated by\u00a0<span style=\"font-family: Symbol\">Dq<\/span><sub>1i<\/sub>the corresponding angular rotation of link j,\u00a0<span style=\"font-family: Symbol\">Dq<\/span><sub>1j<\/sub>, is:<\/p>\n<p style=\"text-align: center\">\u00a0\u0394\u03b8<sub>1j<\/sub>\u00a0= R<sub>ij<\/sub>\u0394\u03b8<sub>1i<\/sub><\/p>\n<p>We can generalise what we have obtained for simple gear trains to other linear mechanical systems. In case of belt drives the pulley diameters must be used instead of the tooth numbers. In roller drives one can use the roller diameters. For chain drives, one can either use the number of teeth on the sprocket or the sprocket diameter. Assuming that there is no slippage, for the friction drives we can write:<\/p>\n<span class=\"katex-eq\" data-katex-display=\"false\"> \\displaystyle {\\text{R}_{\\text{ij}}}=\\frac{{{\\text{n}_{\\text{1j}}}}}{{{\\text{n}_{\\text{1i}}}}}={{\\left( {-1} \\right)}^{\\text{k}}}\\frac{{\\text{Product of driving pulley (roller, sprocket) diameters}}}{{\\text{Product of driven pulley (roller, sprocket) diameters}}}<\/span>\n<p>In this case, k will refer to the number of externally meshed rollers or in case of chain and pulley drives, it will refer to the number of crossed chains or belts. An example is given\u00a0<span style=\"font-family: Arial, Helvetica, sans-serif\">below<\/span>.<\/p>\n<p align=\"center\"><img loading=\"lazy\" decoding=\"async\" class=\"aligncenter wp-image-1364\" src=\"https:\/\/blog.metu.edu.tr\/eresmech\/files\/2021\/09\/img7-5.gif\" alt=\"\" width=\"504\" height=\"330\" \/><\/p>\n<p align=\"center\">Open belt: \u00a0 \u00a0 \u00a0 \u00a0<span class=\"katex-eq\" data-katex-display=\"false\"> \\displaystyle {\\text{R}_{{23}}}=-\\frac{{{\\text{d}_{2}}}}{{{\\text{d}_{3}}}}<\/span>\u00a0 \u00a0 \u00a0 \u00a0 \u00a0,\u00a0 \u00a0 \u00a0 \u00a0 Crossed belt:\u00a0 \u00a0 \u00a0 \u00a0 \u00a0 <span class=\"katex-eq\" data-katex-display=\"false\"> \\displaystyle {\\text{R}_{{23}}}=+\\frac{{{\\text{d}_{2}}}}{{{\\text{d}_{3}}}}<\/span><\/p>\n<p align=\"center\"><img loading=\"lazy\" decoding=\"async\" class=\"aligncenter wp-image-1365\" src=\"https:\/\/blog.metu.edu.tr\/eresmech\/files\/2021\/09\/img8-4.gif\" alt=\"\" width=\"690\" height=\"360\" \/><\/p>\n<p align=\"left\">Another type of simple gear train is the gear train that is used to change the output speed for a constant input speed. Most common examples are the transmission boxes in cars or in machine tools. In general, they are called\u00a0<strong><em><span style=\"color: #cc0000\">speed-change gear trains<\/span><\/em><\/strong>\u00a0and they are made up of compound gear trains in which the output speed can be changed by meshing different gears in the train. For each speed ratio one can treat the gear train as a different compound gear train and thus obtain the gear ratio for that particular arrangement. Two examples are given\u00a0<span style=\"font-family: Arial, Helvetica, sans-serif\">below<\/span>\u00a0a four speed manual gear box is shown. Five speed gear boxes can also be seen in most cars that use the same principle (to increase the fuel efficiency). Using the gear shift lever one of the gears is engaged to the output shaft with one of three clutches. These clutches\u00a0<span style=\"font-family: Arial, Helvetica, sans-serif\">permit engagement while the shafts are rotating and are\u00a0<\/span>known as\u00a0<strong>\u201csynchromesh clutch&#8221;<\/strong>. This type of clutch permits some amount of slippage between the two mating parts in the first phase of engagement while the shafts rotate at different speeds and when the two shafts are at the same speed, a positive engagement is realized. \u00a0In these figures the side view of the gear trains are shown, since in the front view there will be several concentric circles.<\/p>\n<p align=\"center\"><img loading=\"lazy\" decoding=\"async\" class=\"alignnone wp-image-2199 size-full\" src=\"https:\/\/blog.metu.edu.tr\/eresmech\/files\/2022\/03\/6-1_clip_image054-1.gif\" alt=\"\" width=\"306\" height=\"260\" \/><img loading=\"lazy\" decoding=\"async\" class=\"alignnone wp-image-2200 size-full\" src=\"https:\/\/blog.metu.edu.tr\/eresmech\/files\/2022\/03\/6-1_clip_image056.jpg\" alt=\"\" width=\"186\" height=\"118\" srcset=\"https:\/\/blog.metu.edu.tr\/eresmech\/files\/2022\/03\/6-1_clip_image056.jpg 186w, https:\/\/blog.metu.edu.tr\/eresmech\/files\/2022\/03\/6-1_clip_image056-100x63.jpg 100w, https:\/\/blog.metu.edu.tr\/eresmech\/files\/2022\/03\/6-1_clip_image056-150x95.jpg 150w\" sizes=\"auto, (max-width: 186px) 100vw, 186px\" \/><\/p>\n<p style=\"text-align: center\" align=\"center\"><strong><span style=\"font-family: Arial, Helvetica, sans-serif\">4 speed gear box fro a car<\/span><\/strong><\/p>\n<p>One other future of the gear box is that all the mating gears have the same centre distances, or the sum of the radii of two mating gears (A-B, F-C, G-D) since the distance between the output and the intermediate shaft is constant. If the gears are to be made with the same pitch or module, than the sum of the number of teeth of any two mating gears must be the same (in Fig.<span style=\"font-family: Arial, Helvetica, sans-serif\">\u00a06<\/span>.7:\u00a0 17+43; 24+36; 33+27 are all equal to 60). Such a gear train arrangement is also known as\u00a0<strong>\u201creverted gear\u201d<\/strong>.<\/p>\n<p align=\"center\"><img loading=\"lazy\" decoding=\"async\" class=\"wp-image-2201 size-full aligncenter\" src=\"https:\/\/blog.metu.edu.tr\/eresmech\/files\/2022\/03\/6-1_clip_image058.gif\" alt=\"\" width=\"494\" height=\"405\" \/><\/p>\n<p style=\"text-align: center\" align=\"center\"><strong><span style=\"font-family: Arial, Helvetica, sans-serif\">Double Clutch Gear Box (6 speeds)<\/span>\u00a0\u00a0\u00a0<\/strong><\/p>\n<p>\u00a0In\u00a0 Fig.<span style=\"font-family: Arial, Helvetica, sans-serif\">6<\/span>.8\u00a0 a new type of car gear box known as\u00a0<strong>\u201cDouble clutch transmission\u201d\u00a0<\/strong>is shown schematically. This system is also a compound gear train. The main difference from the classical car transmission is that there are two intermediate shafts each used for even and odd gear speeds. The advantage is while one clutch is engaged, the next gear shift can be set in the other shaft so that the elapsed time during gear shifts is lowered. The system was first developed for race cars and nowadays are used\u00a0 as both manual or automatic gear box in standard cars.<\/p>\n<p>&nbsp;<\/p>\n<p style=\"text-align: center\"><img loading=\"lazy\" decoding=\"async\" class=\"alignnone wp-image-2202 size-full\" src=\"https:\/\/blog.metu.edu.tr\/eresmech\/files\/2022\/03\/6-1_clip_image060.gif\" alt=\"\" width=\"199\" height=\"123\" \/>(There is a sliding keyway between gears D,F,H and the output shaft)<img loading=\"lazy\" decoding=\"async\" class=\"alignnone wp-image-2203 size-full\" src=\"https:\/\/blog.metu.edu.tr\/eresmech\/files\/2022\/03\/6-1_clip_image062.gif\" alt=\"\" width=\"310\" height=\"234\" \/><\/p>\n<p style=\"text-align: center\" align=\"center\"><strong><span style=\"font-family: Arial, Helvetica, sans-serif\">Four speed Gear Box in machine tool<\/span><\/strong>\u00a0(note that the speed is changed after the input is stopped.<\/p>\n<p><strong><em><span style=\"color: #ff0000\">Example<\/span><\/em><\/strong><\/p>\n<p>In\u00a0<span style=\"font-family: Arial, Helvetica, sans-serif\">the figure shown below a\u00a0<\/span>six-speed gear box used in machine tools is shown. All the six speed ratios are to be determined.<\/p>\n<p>One can have two different gear meshes between shafts I and I I and three different gear meshes between shafts II and III thus yielding 6 different compound trains (A-C-F-I, A-C-E-H, A-C-G-Y, B-D-F-I, B-D-E-H and B-D-G-Y). Rather than solving for the gear ratios separately one can utilise a speed ratio diagram as shown in figure (b). The shafts I, I I and III are drawn and the two different speed ratios between shafts I and II are determined (56\/74 = 0.7568, 36\/94 = 0.3830). Between shafts II and III since gears F-I, E-H or G-J can be in mesh, the three different speed ratios are 53\/54 = 0.9815, 47\/60=0.7833, 42\/60 = 0.6462. Multiplication of the speed ratios between I and II with the speed ratios between II and III will<span style=\"font-family: Arial, Helvetica, sans-serif\">\u00a0<\/span>yield the overall speed ratios. If the horizontal axis is used to represent speed ratio in a certain scale, the final diagram thus obtained will indicate the difference between the speed ratios and the speed steps in such a gear box.<\/p>\n<p align=\"center\"><img loading=\"lazy\" decoding=\"async\" class=\"aligncenter wp-image-1368\" src=\"https:\/\/blog.metu.edu.tr\/eresmech\/files\/2021\/09\/img11-3.gif\" alt=\"\" width=\"666\" height=\"450\" \/><\/p>\n<p style=\"text-align: center\" align=\"center\"><strong><span style=\"font-family: Arial, Helvetica, sans-serif\">6 Speed Gear Box for a Machine Tool<\/span><\/strong><\/p>\n<p>&nbsp;<\/p>\n<\/div>\n<\/div><\/div><\/div><\/div><\/div>\n\n\n<p> <a href=\"https:\/\/blog.metu.edu.tr\/eresmech\/mechanisms\/ch5\/5-0\/\" data-type=\"page\"><img loading=\"lazy\" decoding=\"async\" width=\"38\" height=\"38\" class=\"wp-image-16\" style=\"width: 38px\" src=\"https:\/\/blog.metu.edu.tr\/eresmech\/files\/2021\/04\/back_button.gif\" alt=\"\" \/><\/a><a href=\"https:\/\/blog.metu.edu.tr\/eresmech\/mechanisms\/ch5\/\" data-type=\"page\" data-id=\"52\"><img loading=\"lazy\" decoding=\"async\" width=\"38\" height=\"38\" class=\"wp-image-17\" style=\"width: 38px\" src=\"https:\/\/blog.metu.edu.tr\/eresmech\/files\/2021\/04\/contents_button.gif\" alt=\"\" \/><\/a><a href=\"https:\/\/blog.metu.edu.tr\/eresmech\/mechanisms\/\" data-type=\"page\" data-id=\"47\"><img loading=\"lazy\" decoding=\"async\" width=\"38\" height=\"38\" class=\"wp-image-18\" style=\"width: 38px\" src=\"https:\/\/blog.metu.edu.tr\/eresmech\/files\/2021\/04\/home_button.gif\" alt=\"\" \/><\/a><a href=\"https:\/\/blog.metu.edu.tr\/eresmech\/mechanisms\/ch5\/5-2\" data-type=\"page\" data-id=\"92\"><img loading=\"lazy\" decoding=\"async\" width=\"38\" height=\"38\" class=\"wp-image-20\" style=\"width: 38px\" src=\"https:\/\/blog.metu.edu.tr\/eresmech\/files\/2021\/04\/next_button.gif\" alt=\"\" \/><\/a><img loading=\"lazy\" decoding=\"async\" width=\"119\" height=\"40\" class=\"wp-image-15\" style=\"width: 119px\" src=\"https:\/\/blog.metu.edu.tr\/eresmech\/files\/2021\/04\/ceres.gif\" alt=\"\" \/>        <\/p>\n","protected":false},"excerpt":{"rendered":"<p>5.1 SIMPLE GEAR TRAINS A gear train is called a simple gear train, if the axes of the gears are connected by revolute joints to the fixed link. The geometric representation of a gear train with one gear pair is &hellip;<\/p>\n<p class=\"read-more\"> <a class=\"more-link\" href=\"https:\/\/blog.metu.edu.tr\/eresmech\/mechanisms\/ch5\/5-1\/\"> <span class=\"screen-reader-text\">5-1<\/span> Devam\u0131n\u0131 Oku &raquo;<\/a><\/p>\n","protected":false},"author":7747,"featured_media":0,"parent":1973,"menu_order":0,"comment_status":"closed","ping_status":"closed","template":"full-width-page.php","meta":{"footnotes":"","_links_to":"","_links_to_target":""},"class_list":["post-2195","page","type-page","status-publish","hentry"],"_links":{"self":[{"href":"https:\/\/blog.metu.edu.tr\/eresmech\/wp-json\/wp\/v2\/pages\/2195","targetHints":{"allow":["GET"]}}],"collection":[{"href":"https:\/\/blog.metu.edu.tr\/eresmech\/wp-json\/wp\/v2\/pages"}],"about":[{"href":"https:\/\/blog.metu.edu.tr\/eresmech\/wp-json\/wp\/v2\/types\/page"}],"author":[{"embeddable":true,"href":"https:\/\/blog.metu.edu.tr\/eresmech\/wp-json\/wp\/v2\/users\/7747"}],"replies":[{"embeddable":true,"href":"https:\/\/blog.metu.edu.tr\/eresmech\/wp-json\/wp\/v2\/comments?post=2195"}],"version-history":[{"count":0,"href":"https:\/\/blog.metu.edu.tr\/eresmech\/wp-json\/wp\/v2\/pages\/2195\/revisions"}],"up":[{"embeddable":true,"href":"https:\/\/blog.metu.edu.tr\/eresmech\/wp-json\/wp\/v2\/pages\/1973"}],"wp:attachment":[{"href":"https:\/\/blog.metu.edu.tr\/eresmech\/wp-json\/wp\/v2\/media?parent=2195"}],"curies":[{"name":"wp","href":"https:\/\/api.w.org\/{rel}","templated":true}]}}