{"id":24,"date":"2018-04-05T16:32:01","date_gmt":"2018-04-05T16:32:01","guid":{"rendered":"http:\/\/blog.metu.edu.tr\/emrebuk\/?page_id=24"},"modified":"2024-11-20T18:47:04","modified_gmt":"2024-11-20T18:47:04","slug":"publications","status":"publish","type":"page","link":"https:\/\/blog.metu.edu.tr\/emrebuk\/publications\/","title":{"rendered":"Publications"},"content":{"rendered":"<ol>\n<li>\u00d6z\u015fahin AN, Bukusoglu E. Responsive Soft Interface Liquid Crystal Microfluidics. Advanced Materials Interfaces. 2024 Jan 1:2400334. <a href=\"https:\/\/onlinelibrary.wiley.com\/doi\/full\/10.1002\/admi.202400334\">link<\/a><\/li>\n<li>Sezer S, Bukusoglu E. Nanoparticle-Assisted Liquid Crystal Droplet Sensors Enable Analysis of Low-Concentration Species in Aqueous Medium. Langmuir. 2024 Jan 31;40(6):3154-67. <a href=\"https:\/\/pubs.acs.org\/doi\/full\/10.1021\/acs.langmuir.3c03598\">link<\/a><\/li>\n<li>\u0130\u00e7ten BC, Bukusoglu E, \u00c7ulfaz-Emecen PZ. Cross-Linked Cellulose Nanocrystal Membranes with Cholesteric Assembly. Langmuir. 2024 Jun 13. <a href=\"https:\/\/pubs.acs.org\/doi\/full\/10.1021\/acs.langmuir.4c01443\">link<\/a><\/li>\n<li>Kocaman C, Batir O, Bukusoglu E. Optically responsive dry cholesteric liquid crystal marbles. Journal of Colloid and Interface Science. 2024 May 25. <a href=\"https:\/\/www.sciencedirect.com\/science\/article\/pii\/S0021979724011822\">link<\/a><\/li>\n<li>Akman A, Bukusoglu E. Understanding directed assembly of concentrated nanoparticles at energetically heterogeneous interfaces of cholesteric liquid crystal droplets. Journal of Colloid and Interface Science. 2023 Nov 1;649:772-84. <a href=\"https:\/\/www.sciencedirect.com\/science\/article\/pii\/S0021979723011694\">link<\/a><\/li>\n<li>Dinc RU, Bukusoglu E. Controlled release of microcargo from water-in-liquid crystal emulsions via interfacial shear induced by synthetic microstirrers. Soft Matter. 2023;19(23):4304-14. <a href=\"https:\/\/pubs.rsc.org\/en\/content\/articlehtml\/2023\/sm\/d3sm00319a\">link<\/a><\/li>\n<li>Kocaman C, Bukusoglu E, Culfaz-Emecen PZ. Tuning electrostatic interactions for controlled structure and rejection of cellulose nanocrystal membranes. Journal of Membrane Science. 2022 Nov 5;661:120932. <a href=\"https:\/\/www.sciencedirect.com\/science\/article\/pii\/S0376738822006779\">link<\/a><\/li>\n<li>Beyazkilic P, Akcimen S, Elbuken C, Ortac B, Cai S, Bukusoglu E. Contactless pulsed and continuous microdroplet release using photothermal liquid crystals. Advanced Functional Materials. 2022 Oct;32(44):2205385. <a href=\"https:\/\/onlinelibrary.wiley.com\/doi\/full\/10.1002\/adfm.202205385\">link<\/a><\/li>\n<li>Batir O, Bat E, Bukusoglu E. Interpenetrating network based polymeric sensors with enhanced specificity, sensitivity, and reusability. Sensors and Actuators B: Chemical. 2022 Sep 15;367:132172. <a href=\"https:\/\/www.sciencedirect.com\/science\/article\/pii\/S0925400522008140\">link<\/a><\/li>\n<li>\u015eeng\u00fcl S, Aydo\u011fan N, Bukusoglu E. Nanoparticle adsorption induced configurations of nematic liquid crystal droplets. Journal of Colloid and Interface Science. 2022 Feb 15;608:2310-20. <a href=\"https:\/\/www.sciencedirect.com\/science\/article\/pii\/S0021979721018336\">link<\/a><\/li>\n<li>Kurt E, Bukusoglu E. Liquid crystal microcapillary-based sensors for affordable analytical applications. Soft Matter. 2022;18(20):4009-16. <a href=\"https:\/\/pubs.rsc.org\/en\/content\/articlehtml\/2022\/sm\/d2sm00131d\">link<\/a><\/li>\n<li>Kocaman C, Bukusoglu E, Culfaz-Emecen PZ. Controlling ultrafiltration membrane rejection via shear-aligned deposition of cellulose nanocrystals from aqueous suspensions. ACS Applied Materials &amp; Interfaces. 2021 Jul 20;13(30):36548-57. <a href=\"https:\/\/pubs.acs.org\/doi\/full\/10.1021\/acsami.1c09815\">link<\/a><\/li>\n<li>Karausta, A., Kocaman, C. and Bukusoglu, E. Controlling the shapes and internal complexity of the polymeric particles using liquid crystal-templates confined into microwells. <i>Journal of Molecular Liquids\u00a0<\/i>2021,\u00a0<i>324<\/i>, 114710. <a href=\"https:\/\/www.sciencedirect.com\/science\/article\/pii\/S016773222036952X?casa_token=MKEJXev0So8AAAAA:-rrmT6EJDPfDjZneiofIqVXOTUcFXK6efIYXFD2_GwaEfGtPtU0kz2q7CH8x1YtlzXX6Gbcy6Xk\">link<\/a><\/li>\n<li>Akdeniz, B., Batir, O., and Bukusoglu, E. Identification and sorting of particle chirality using liquid crystallinity. <i>Journal of colloid and interface science<\/i>\u00a02020,\u00a0<i>574<\/i>, 11-19. <a href=\"https:\/\/www.sciencedirect.com\/science\/article\/pii\/S0021979720304409?casa_token=zmgfKVXwR7EAAAAA:3imPMht6PxfjI9Lwq8q6rogMZaVdnUuZ0Q4C-W_yLUiEiQyWaGkx2mm_bRuOAkbJT5OeO-Wy_ss\">link<\/a><\/li>\n<li>Sadati, M., Martinez-Gonzalez, J.A., Zhou, Y., Qazvini, N.T., Kurtenbach, K., Li, X., Bukusoglu, E., Zhang, R., Abbott, N.L., Hernandez-Ortiz, J.P. and de Pablo, J.J. Prolate and oblate chiral liquid crystal spheroids. <i>Science advances<\/i> 2020,\u00a0<i>6<\/i>, eaba6728. <a href=\"https:\/\/advances.sciencemag.org\/content\/6\/28\/eaba6728.abstract\">link<\/a><\/li>\n<li>Fuster, H.A., Wang, X., Wang, X., Bukusoglu, E., Spagnolie, S.E. and Abbott, N.L. Programming van der Waals interactions with complex symmetries into microparticles using liquid crystallinity. <i>Science advances<\/i>\u00a02020,\u00a0<i>6<\/i>, eabb1327. <a href=\"https:\/\/advances.sciencemag.org\/content\/6\/25\/eabb1327.abstract\">link<\/a><\/li>\n<li>Bukusoglu, E., Koku, H. and \u00c7ulfaz-Emecen, P.Z. Addressing challenges in the ultrafiltration of biomolecules from complex aqueous environments. <i>Current Opinion in Colloid &amp; Interface Science<\/i>\u00a02020,\u00a0<i>46<\/i>, 52-64. <a href=\"https:\/\/www.sciencedirect.com\/science\/article\/pii\/S135902942030011X?casa_token=X_v3mX6OvD0AAAAA:k-IVzl3TYtavm92rV9dRdBzKIAHBa8ouaffyowBNvakLboLe8iKWBS1gVImVTIavOhRy9mvCays\">link<\/a><\/li>\n<li>Av\u015far, D.I. and Bukusoglu, E. Chameleon skin-inspired polymeric particles for the detection of toluene vapor. <i>Soft Matter<\/i>\u00a02020,\u00a0<i>16<\/i>, 8683-8691. <a href=\"https:\/\/pubs.rsc.org\/en\/content\/articlehtml\/2020\/sm\/d0sm01289k?casa_token=2_VCMZ7g6REAAAAA:MGTxyaIWiF9ijDns9aoTjYc_dwxO-XkMgS9eI_KroCb8otwP4Xq2sEiPqU3g_v_oqdeZdgbSIumAKWY\">link<\/a><\/li>\n<li>Batir, O., Bat, E. and Bukusoglu, E.. Strain-enhanced sensitivity of polymeric sensors templated from cholesteric liquid crystals. <i>Soft Matter<\/i>\u00a02020.\u00a0<i>16<\/i>, 6794-6802. <a href=\"https:\/\/pubs.rsc.org\/en\/content\/articlehtml\/2020\/sm\/d0sm00905a?casa_token=c5-SYtP-ZHkAAAAA:nQ4RagPDN4nokbII3KBmy6Nj4lSCJA_OuMyGFmSuDbbbxZGtDUgDk1LoBRN4ZVmZWEBqq3XIIVy__5U\">link<\/a><\/li>\n<li>Akdeniz, B. and Bukusoglu, E. Design Parameters and Principles of Liquid-Crystal-Templated Synthesis of Polymeric Materials via Photolithography. <i>Langmuir<\/i>\u00a02019,\u00a0<i>35<\/i>, 13126-13134. <a href=\"https:\/\/pubs.acs.org\/doi\/abs\/10.1021\/acs.langmuir.9b02293?casa_token=piC_2u9srFwAAAAA:XLjNlgYus_5kQRoHjP0dtuGq_Y_ZKo1u9wdgvqOp871TLwKA6FTrmRJ8KokXwMQX6ouzYIGy3xYATgL3\">link<\/a><\/li>\n<li>Akdeniz, B. and Bukusoglu, E. Liquid crystal templates combined with photolithography enable synthesis of chiral twisted polymeric microparticles. <i>Macromolecular rapid communications<\/i>\u00a02019,\u00a0<i>40<\/i>, 1900160. <a href=\"https:\/\/pubs.acs.org\/doi\/abs\/10.1021\/acs.langmuir.9b02293?casa_token=piC_2u9srFwAAAAA:XLjNlgYus_5kQRoHjP0dtuGq_Y_ZKo1u9wdgvqOp871TLwKA6FTrmRJ8KokXwMQX6ouzYIGy3xYATgL3\">link<\/a><\/li>\n<li>Karausta, A., and Bukusoglu, E. Liquid crystal-templated synthesis of mesoporous membranes with predetermined pore alignment, <em>ACS Applied Materials and Interfaces<\/em> 2018, 10, 33484-33492. <a href=\"https:\/\/pubs.acs.org\/doi\/abs\/10.1021\/acsami.8b14121\">link<\/a><\/li>\n<li>Kim, Y.-K., Wang, X., Mondkar, P., Bukusoglu, E., and Abbott, N. L. Self-reporting and self-regulating liquid crystals, <em>Nature<\/em> 2018, 557, 539-544. <a href=\"https:\/\/www.nature.com\/articles\/s41586-018-0098-y\">link<\/a><\/li>\n<li>Bukusoglu, E., Kal\u0131p\u00e7\u0131lar, H., and Y\u0131lmaz, L. Dehydration of Industrial Byproduct Solutions for Recycling via Pervaporation\u2013Adsorption Hybrid Process, <em>Industrial and Engineering Chemistry Research <\/em>2018, 57, 2277-2286. <a href=\"https:\/\/pubs.acs.org\/doi\/abs\/10.1021\/acs.iecr.7b04306\">link<\/a><\/li>\n<li>Mangal, R., Nayani, K., Kim, Y.-K., Bukusoglu, E., C\u00f3rdova-Figueroa, U. M. and Abbott, N. L., Active Janus Particles at Interfaces of Liquid Crystals, <em>Langmuir<\/em> 2017, 33, 10917-10926. <a href=\"https:\/\/pubs.acs.org\/doi\/abs\/10.1021\/acs.langmuir.7b02246\">link<\/a><\/li>\n<li>Bukusoglu, E., Martinez-Gonzalez, J. A., Wang, X., Zhou, Y., de Pablo, J. J., and Abbott, N. L. Strain-induced alignment and phase behavior of blue phase liquid crystals confined to thin films, <em>Soft Matter<\/em> 2017, 13, 8999-9006. <a href=\"http:\/\/pubs.rsc.org\/-\/content\/articlehtml\/2017\/sm\/c7sm01755c\">link<\/a><\/li>\n<li>Wang, X., Zhou, Y., Kim, Y.-K., Miller, D. S., Zhang, R., Martinez-Gonzalez, J. A., Bukusoglu, E., Zhang, B., Brown, T. M., de Pablo, J. J. and Abbott N. L. Patterned surface anchoring of nematic droplets at miscible liquid\u2013liquid interfaces, <em>Soft Matter<\/em> 2017, 13, 5714-5723. <a href=\"http:\/\/pubs.rsc.org\/-\/content\/articlehtml\/2017\/sm\/c7sm00975e\">link<\/a><\/li>\n<li>Wang, X., Bukusoglu, E., Miller, D. S., Bedolla-Pantoja, M. A., Xiang, J., Lavrentovich, O. D., and Abbott, N. L. Synthesis of Optically Complex, Porous, and Anisometric Polymeric Microparticles by Templating from Liquid Crystalline Droplets, <em>Advanced Functional Materials<\/em> 2016, 26, 7343-7351. <a href=\"https:\/\/onlinelibrary.wiley.com\/doi\/full\/10.1002\/adfm.201602262\">link<\/a><\/li>\n<li>Wang, X., Bukusoglu, E., and Abbott, N. L. A Practical Guide to the Preparation of Liquid Crystal-Templated Microparticles, <em>Chemistry ofMaterials<\/em> 2016, 29, 53-61. <a href=\"https:\/\/pubs.acs.org\/doi\/abs\/10.1021\/acs.chemmater.6b02668\">link<\/a><\/li>\n<li>Zhou, Y., Bukusoglu, E., Martinez-Gonzalez, J. A., Rahimi, M., Roberts, T. F., Zhang, R., Wang, X., Abbott, N. L., de Pablo, J. J. Structural Transitions in Cholesteric Liquid Crsytal Droplets, <em>ACS Nano<\/em> 2016, 10, 6484-6490. <a href=\"https:\/\/pubs.acs.org\/doi\/abs\/10.1021\/acsnano.6b01088\">link<\/a><\/li>\n<li>Bukusoglu, E., Wang, X., Zhou, Y., Mart\u00ednez-Gonz\u00e1lez, J. A., Rahimi, M., Wang, Q., de Pablo, J. J., and Abbott, N. L. Positioning Colloids at the Surfaces of Cholesteric Liquid Crystal Droplets, <em>Soft Matter<\/em> 2016, 12, 8781-8789. <a href=\"http:\/\/pubs.rsc.org\/-\/content\/articlehtml\/2016\/sm\/c6sm01661h\">link<\/a><\/li>\n<li>Wang, X., Kim, Y.-K., Bukusoglu, E., Zhang, B., Miller, D. S., and\u00a0 Abbott, N. L. Experimental Insights into the Nanostructure of the Cores of Topological Defects in Liquid Crystals, <em>Physical Review Letters<\/em> 2016, 116, 147801. <a href=\"https:\/\/journals.aps.org\/prl\/abstract\/10.1103\/PhysRevLett.116.147801\">link<\/a><\/li>\n<li>Bukusoglu, E., Bedolla, M., Mushenheim, P., Wang, X, and Abbott, N. L. Design of Responsive and Active (Soft) Materials using Liquid Crystals, <em>Annual Review of Chemical and Biochemical Engineering<\/em> 2016, 7, 163-196. (invited review article) <a href=\"https:\/\/www.annualreviews.org\/doi\/abs\/10.1146\/annurev-chembioeng-061114-123323\">link<\/a><\/li>\n<li>Martinez-Gonzalez, J. A., Zhou, Y., Rahimi, M., Bukusoglu, E., Abbott, N. L., and de Pablo, J. J. Blue Phase Liquid Crystal Droplets, <em>Proceedings of the National Academy of Sciences of the USA <\/em>2015,\u00a0112, 13195-13200. <a href=\"http:\/\/www.pnas.org\/content\/112\/43\/13195.short\">link<\/a><\/li>\n<li>Bukusoglu, E., Wang, X., Martinez-Gonzalez, J. A., de Pablo, J. J., and Abbott, N. L. Stimuli-Responsive Cubosomes Formed from Liquid Crystal Blue Phases, <em>Advanced Materials<\/em> 2015, 27, 6892-6898. <a href=\"https:\/\/onlinelibrary.wiley.com\/doi\/full\/10.1002\/adma.201503484\">link<\/a><\/li>\n<li>Wang, X., Miller, D., Bukusoglu, E., de Pablo, J. J., and Abbott, N. L. Topological Defects inLiquid Crystals as Templates for Molecular Self-Assembly, <em>Nature Materials <\/em>2016, 15, 2016-112. <a href=\"https:\/\/www.nature.com\/articles\/nmat4421\">link<\/a><\/li>\n<li>Rahimi, M., Roberts, T. F., Armas-P\u00e9rez, J. C., Wang, X., Bukusoglu, E., Abbott, N. L., and de Pablo, J. J. Nanoparticle Self-assembly at the Interface of Liquid Crystal Droplets.<em> Proceedings of the National Academy of Sciencesof the USA <\/em>2015,\u00a0112, 5297-5302. <a href=\"http:\/\/www.pnas.org\/content\/112\/17\/5297.short\">link<\/a><\/li>\n<li>Diestra-Cruz, H., Bukusoglu, E., Abbott, N. L., and Acevedo, A. Hierarchical Microstructures Formed by Bidisperse Colloidal Suspensions within Colloid-in-Liquid Crystal Gels.\u00a0<em>ACS Applied Materials &amp; Interfaces<\/em> 2015,\u00a07, 7153-7162. <a href=\"https:\/\/pubs.acs.org\/doi\/abs\/10.1021\/am509008m\">link<\/a><\/li>\n<li>Bukusoglu, E., Pal, S. K., de Pablo, J. J., and Abbott, N. L. Colloid-in-Liquid Crystal Gels Formed via Spinodal Decomposition.\u00a0<em>Soft Matter <\/em>2014,\u00a0<em>10<\/em>, 1602-1610. <a href=\"http:\/\/pubs.rsc.org\/-\/content\/articlehtml\/2014\/sm\/c3sm51877a\">link<\/a><\/li>\n<li>Agarwal, A., Sidiq, S., Setia, S., Bukusoglu, E., de Pablo, J. J., Pal, S. K. and Abbott, N. L., Colloid-in-Liquid Crystal Gels that Respond to Biomolecular Interactions.\u00a0<em>Small <\/em>2013,\u00a0<em>9<\/em>, 2785-2792. (cover article) <a href=\"https:\/\/onlinelibrary.wiley.com\/doi\/full\/10.1002\/smll.201202869\">link<\/a><\/li>\n<\/ol>\n<p><img loading=\"lazy\" decoding=\"async\" class=\"alignnone size-full wp-image-49\" src=\"https:\/\/blog.metu.edu.tr\/emrebuk\/files\/2018\/04\/nmat-v15-n1.gif\" alt=\"\" width=\"160\" height=\"210\" \/>\u00a0\u00a0<img loading=\"lazy\" decoding=\"async\" class=\"alignnone wp-image-47\" src=\"https:\/\/blog.metu.edu.tr\/emrebuk\/files\/2018\/04\/mcontent-225x300.jpg\" alt=\"\" width=\"155\" height=\"207\" srcset=\"https:\/\/blog.metu.edu.tr\/emrebuk\/files\/2018\/04\/mcontent-225x300.jpg 225w, https:\/\/blog.metu.edu.tr\/emrebuk\/files\/2018\/04\/mcontent.jpg 596w\" sizes=\"auto, (max-width: 155px) 100vw, 155px\" \/><\/p>\n","protected":false},"excerpt":{"rendered":"<p>\u00d6z\u015fahin AN, Bukusoglu E. Responsive Soft Interface Liquid Crystal Microfluidics. Advanced Materials Interfaces. 2024 Jan 1:2400334. link Sezer S, Bukusoglu E. Nanoparticle-Assisted Liquid Crystal Droplet Sensors Enable Analysis of Low-Concentration Species in Aqueous Medium. Langmuir. 2024 Jan 31;40(6):3154-67. link \u0130\u00e7ten BC, Bukusoglu E, \u00c7ulfaz-Emecen PZ. Cross-Linked Cellulose Nanocrystal Membranes with Cholesteric Assembly. Langmuir. 2024 Jun [&hellip;]<\/p>\n","protected":false},"author":5595,"featured_media":0,"parent":0,"menu_order":0,"comment_status":"closed","ping_status":"closed","template":"","meta":{"footnotes":"","_links_to":"","_links_to_target":""},"class_list":["post-24","page","type-page","status-publish","hentry"],"_links":{"self":[{"href":"https:\/\/blog.metu.edu.tr\/emrebuk\/wp-json\/wp\/v2\/pages\/24","targetHints":{"allow":["GET"]}}],"collection":[{"href":"https:\/\/blog.metu.edu.tr\/emrebuk\/wp-json\/wp\/v2\/pages"}],"about":[{"href":"https:\/\/blog.metu.edu.tr\/emrebuk\/wp-json\/wp\/v2\/types\/page"}],"author":[{"embeddable":true,"href":"https:\/\/blog.metu.edu.tr\/emrebuk\/wp-json\/wp\/v2\/users\/5595"}],"replies":[{"embeddable":true,"href":"https:\/\/blog.metu.edu.tr\/emrebuk\/wp-json\/wp\/v2\/comments?post=24"}],"version-history":[{"count":0,"href":"https:\/\/blog.metu.edu.tr\/emrebuk\/wp-json\/wp\/v2\/pages\/24\/revisions"}],"wp:attachment":[{"href":"https:\/\/blog.metu.edu.tr\/emrebuk\/wp-json\/wp\/v2\/media?parent=24"}],"curies":[{"name":"wp","href":"https:\/\/api.w.org\/{rel}","templated":true}]}}