{"id":77,"date":"2015-11-03T15:12:44","date_gmt":"2015-11-03T12:12:44","guid":{"rendered":"http:\/\/blog.metu.edu.tr\/ekentel\/?page_id=77"},"modified":"2020-01-29T16:24:49","modified_gmt":"2020-01-29T13:24:49","slug":"ce378","status":"publish","type":"page","link":"https:\/\/blog.metu.edu.tr\/ekentel\/courses\/ce378\/","title":{"rendered":"CE378"},"content":{"rendered":"<p><a href=\"http:\/\/blog.metu.edu.tr\/ekentel\/files\/2015\/11\/WP_20150826_0031.jpg\"><img loading=\"lazy\" decoding=\"async\" class=\"size-medium wp-image-80 alignright\" src=\"http:\/\/blog.metu.edu.tr\/ekentel\/files\/2015\/11\/WP_20150826_0031-225x300.jpg\" alt=\"WP_20150826_003\" width=\"225\" height=\"300\" srcset=\"https:\/\/blog.metu.edu.tr\/ekentel\/files\/2015\/11\/WP_20150826_0031-225x300.jpg 225w, https:\/\/blog.metu.edu.tr\/ekentel\/files\/2015\/11\/WP_20150826_0031-768x1024.jpg 768w, https:\/\/blog.metu.edu.tr\/ekentel\/files\/2015\/11\/WP_20150826_0031-624x832.jpg 624w, https:\/\/blog.metu.edu.tr\/ekentel\/files\/2015\/11\/WP_20150826_0031.jpg 1224w\" sizes=\"auto, (max-width: 225px) 100vw, 225px\" \/><\/a>Water Resources Engineering (4-0)4<\/p>\n<p>January 2020<\/p>\n<p><strong>Course Instructor:\u00a0 <\/strong>Dr. El\u00e7in Kentel (ekentel@metu.edu.tr)<\/p>\n<p><strong>Offices:<\/strong> K4-103 (210 5412)<\/p>\n<p><strong>\u00a0\u00a0\u00a0\u00a0\u00a0\u00a0\u00a0\u00a0\u00a0\u00a0\u00a0\u00a0\u00a0\u00a0\u00a0\u00a0\u00a0\u00a0\u00a0\u00a0\u00a0\u00a0\u00a0 <\/strong><\/p>\n<p><strong>Assistant: <\/strong>G\u00f6kalp Do\u011fukan Demirba\u015f<\/p>\n<p><strong>Web site: <\/strong><a href=\"http:\/\/www.ce.metu.edu.tr\/~ce378\">www2.ce.metu.edu.tr\/<sub>~<\/sub>ce378<\/a><\/p>\n<p><strong>Catalog description: <\/strong>Introduction to hydrology and water resources engineering. Basin and hydrologic processes: precipitation, streamflow, infiltration. Hydrograph analysis. Hydrologic flood routing. Groundwater hydrology. Dams and spillways. Municipal water supply systems. Wastewater and stormwater collection and removal. Irrigation and drainage. <em>Pre-requisite:<\/em> <em>CE 372<\/em><\/p>\n<p><strong><em>COURSE OUTLINE<\/em><\/strong><\/p>\n<p><strong>1 Introduction (2 hrs.)<\/strong><\/p>\n<ul>\n<li>Scope of the course<\/li>\n<li>Hydrologic cycle<\/li>\n<li>System concept<\/li>\n<\/ul>\n<p>2 Hydrologic Processes (8 hrs.)<\/p>\n<ul>\n<li>Basin<\/li>\n<li>Precipitation<\/li>\n<li>Stream flow<\/li>\n<li>Infiltration<\/li>\n<\/ul>\n<h1><strong>3 Hydrograph Analysis (9 hrs.)<\/strong><\/h1>\n<ul>\n<li>Components of runoff<\/li>\n<li>Hydrograph characteristics<\/li>\n<li>Unit hydrograph theory<\/li>\n<li>Synthetic unit hydrograph<\/li>\n<\/ul>\n<p><strong>4 Reservoir Routing (2 hrs.)<\/strong><\/p>\n<ul>\n<li>Introductory remarks<\/li>\n<\/ul>\n<ul>\n<li>Routing in reservoirs<\/li>\n<\/ul>\n<p>1<sup>st<\/sup> Midterm Exam<\/p>\n<p><strong>5 Dams and Spillways (15 hrs.)<\/strong><\/p>\n<ul>\n<li>Classification and parts of dams<\/li>\n<li>Reservoir capacity determination<\/li>\n<li>Dam construction principles<\/li>\n<li>Concrete gravity dams<\/li>\n<li>Arch dams<\/li>\n<li>Spillway design flow<\/li>\n<li>Hydraulics of overflow spillways<\/li>\n<li>Crest gates and spillway profile<\/li>\n<li>Energy dissipation facilities<\/li>\n<\/ul>\n<h1><strong>6 Groundwater Hydrology (8 hrs.)<\/strong><\/h1>\n<ul>\n<li>Fundamentals of groundwater flow<\/li>\n<li>Groundwater flow equations<\/li>\n<li>Well hydraulics<\/li>\n<\/ul>\n<p>2<sup>nd<\/sup> Midterm Exam<\/p>\n<p><strong>7 Water Supply (5 hrs.)<\/strong><\/p>\n<ul>\n<li>Municipal water requirements and population estimation<\/li>\n<li>Characteristics of municipal water supply systems<\/li>\n<li>Hydraulics and operation of gravity pipelines<\/li>\n<li>Design of gravity transmission lines<\/li>\n<\/ul>\n<p><strong>8 Waste Water Collection and Removal (3 hrs.)<\/strong><\/p>\n<ul>\n<li>Flow in sewers<\/li>\n<li>Design of storm sewer systems<\/li>\n<li>Design of sanitary sewer systems<\/li>\n<\/ul>\n<p><strong>9 Irrigation and Drainage (2 hrs.)<\/strong><\/p>\n<ul>\n<li>Introduction, land classification<\/li>\n<li>Characteristics of irrigation systems<\/li>\n<li>Design of classical irrigation systems by Demand Method<\/li>\n<li>Land drainage facilities<\/li>\n<\/ul>\n<p><strong><em>TEXT BOOKS<\/em><\/strong><\/p>\n<ol>\n<li>Usul, N. 2013. Engineering Hydrology, 3<sup>rd<\/sup> Edition, METU Press, Ankara<\/li>\n<li>Yanmaz, A.M. 2013. Applied Water Resources Engineering, 4<sup>th<\/sup> Edition, METU Press, Ankara<\/li>\n<\/ol>\n<p><strong><em>SUGGESTED REFERENCES<\/em><\/strong><\/p>\n<ol>\n<li>Chow, V.T., Maidment, D.R., and Mays, L.W., 1988. Applied Hydrology, McGraw Hill.<\/li>\n<li>Hansen, V.E., Israelsen, O.W., and Stringham, G.E., 1980. Irrigation Principles and Practices, John Wiley and Sons, New York<\/li>\n<li>Linsley, R.K., Kohler, M. A., and Paulhus, J.Lh. 1988. Hydrology for Engineers, Mc Graw Hill.<\/li>\n<li><a href=\"http:\/\/www.mcgraw-hill.com.au\/cgi-bin\/same_author.pl?author=Ray+Linsley\">Linsley<\/a>, R.K., <a href=\"http:\/\/www.mcgraw-hill.com.au\/cgi-bin\/same_author.pl?author=Joseph+Franzini\">Franzini<\/a>, J., <a href=\"http:\/\/www.mcgraw-hill.com.au\/cgi-bin\/same_author.pl?author=David+Freyberg\">Freyberg<\/a>, D., and <a href=\"http:\/\/www.mcgraw-hill.com.au\/cgi-bin\/same_author.pl?author=George+Tchobanoglous\">Tchobanoglous<\/a>, G. 1992. Water Resources Engineering, Mc Graw Hill<\/li>\n<li>Jansen, R.B., 1988. Advanced Dam Engineering, Van Nostrand Reinhold, New York.<\/li>\n<li>Luthin, J.N., 1966. \u201cDrainage Engineering\u201d, John Wiley and Sons, New York.<\/li>\n<li>Mc Ghee, T. J., 1991. Water Supply and Sewerage, Mc Graw Hill, Singapore.<\/li>\n<li>Robertson, J. A., Cassidy, J. J., and Chaudry, M. H. 1988. Hydraulic Engineering, Houghton Miffling Comp.<\/li>\n<li>Shaw, E.M., 1991. Hydrology in Practice<em>,<\/em> Chapman and Hall.<\/li>\n<li>Tworth, A.J., Law, F.M., Crowley, F.W., and Ratnayaka; D.D., 1994. Water Supply, Edward Arnold.<\/li>\n<li>USBR, 1987. Design of Small Dams, Water Resources Publications.<\/li>\n<\/ol>\n<p><strong><em>\u00a0<\/em><\/strong><\/p>\n<p><strong><em>TENTATIVE GRADING<\/em><\/strong><\/p>\n<p>Midterm exam 1 (25%), Midterm exam 2 (25%), Final exam (35%), Quiz (15%)<\/p>\n<p><strong><em>\u00a0<\/em><\/strong><\/p>\n<p><strong><em>NOTES<\/em><\/strong><\/p>\n<ol>\n<li>NA (Not Attended) grade will be given to those students who have\n<ul>\n<li>not taken at least 50% of the quizzes<\/li>\n<li>not taken midterm exams without official medical report, or<\/li>\n<li>taken very low grades from midterm exams, i.e. less than 20\/100 (average of 2 exams)<\/li>\n<\/ul>\n<\/li>\n<\/ol>\n<p>These students will be announced in the course web page before the final exam and they <strong>will NOT be allowed<\/strong> to take the final exam. <strong>ATTENDANCE IS STRICTLY SUGGESTED. Students receiving NA grade CANNOT take the resit exam at the end of the semester.<\/strong><\/p>\n<ol start=\"2\">\n<li>Recitations will be held on Tuesdays in DR1 at 12:40. <strong>ATTENDANCE IS STRICTLY SUGGESTED.<\/strong><\/li>\n<li>All the lecture notes and announcements will be posted on <a href=\"http:\/\/www.ce.metu.edu.tr\/~ce378\"><strong>www2.ce.metu.edu.tr\/<sub>~<\/sub>ce378<\/strong><\/a> and <strong>https:\/\/odtuclass.metu.edu.tr\/<\/strong>, respectively. Please check both of these web sites regularly.<\/li>\n<li>Those chapters and parts of the text books, which are included in CE378, are given in the course web page.<\/li>\n<\/ol>\n","protected":false},"excerpt":{"rendered":"<p>Water Resources Engineering (4-0)4 January 2020 Course Instructor:\u00a0 Dr. El\u00e7in Kentel (ekentel@metu.edu.tr) Offices: K4-103 (210 5412) \u00a0\u00a0\u00a0\u00a0\u00a0\u00a0\u00a0\u00a0\u00a0\u00a0\u00a0\u00a0\u00a0\u00a0\u00a0\u00a0\u00a0\u00a0\u00a0\u00a0\u00a0\u00a0\u00a0 Assistant: G\u00f6kalp Do\u011fukan Demirba\u015f Web site: www2.ce.metu.edu.tr\/~ce378 Catalog description: Introduction to hydrology and water resources engineering. Basin and hydrologic processes: precipitation, streamflow, infiltration. Hydrograph analysis. Hydrologic flood routing. Groundwater hydrology. Dams and spillways. Municipal water supply systems. Wastewater [&hellip;]<\/p>\n","protected":false},"author":1681,"featured_media":0,"parent":52,"menu_order":0,"comment_status":"closed","ping_status":"closed","template":"","meta":{"footnotes":"","_links_to":"","_links_to_target":""},"class_list":["post-77","page","type-page","status-publish","hentry"],"_links":{"self":[{"href":"https:\/\/blog.metu.edu.tr\/ekentel\/wp-json\/wp\/v2\/pages\/77","targetHints":{"allow":["GET"]}}],"collection":[{"href":"https:\/\/blog.metu.edu.tr\/ekentel\/wp-json\/wp\/v2\/pages"}],"about":[{"href":"https:\/\/blog.metu.edu.tr\/ekentel\/wp-json\/wp\/v2\/types\/page"}],"author":[{"embeddable":true,"href":"https:\/\/blog.metu.edu.tr\/ekentel\/wp-json\/wp\/v2\/users\/1681"}],"replies":[{"embeddable":true,"href":"https:\/\/blog.metu.edu.tr\/ekentel\/wp-json\/wp\/v2\/comments?post=77"}],"version-history":[{"count":0,"href":"https:\/\/blog.metu.edu.tr\/ekentel\/wp-json\/wp\/v2\/pages\/77\/revisions"}],"up":[{"embeddable":true,"href":"https:\/\/blog.metu.edu.tr\/ekentel\/wp-json\/wp\/v2\/pages\/52"}],"wp:attachment":[{"href":"https:\/\/blog.metu.edu.tr\/ekentel\/wp-json\/wp\/v2\/media?parent=77"}],"curies":[{"name":"wp","href":"https:\/\/api.w.org\/{rel}","templated":true}]}}