{"id":16,"date":"2025-10-15T12:07:26","date_gmt":"2025-10-15T12:07:26","guid":{"rendered":"https:\/\/blog.metu.edu.tr\/e274468\/?page_id=16"},"modified":"2025-10-15T23:21:17","modified_gmt":"2025-10-15T23:21:17","slug":"about-me","status":"publish","type":"page","link":"https:\/\/blog.metu.edu.tr\/e274468\/about-me\/","title":{"rendered":"About Me"},"content":{"rendered":"\n<p>Hi everyone,<\/p>\n\n\n\n<p>I&#8217;m Fahri Baran K\u00f6ro\u011flu. I received my B.Sc. (2020) and M.Sc. (2023) in Civil Engineering from the \u0130zmir Institute of Technology. I am pursuing my Ph.D. at Middle East Technical University under the supervision of Prof. Murat Altu\u011f Erberik, and I have been a Graduate Research Assistant at Harran University since 2022. In 2023, I spent a semester at the University of Nebraska-Lincoln as a Teaching Assistant.<\/p>\n\n\n\n<p>My research aims to bridge earthquake engineering and machine learning to develop efficient, data-driven solutions to contemporary seismic challenges. I primarily study reinforced-concrete buildings, while also working on structural reliability. I focus on problems related to small tabular data because the scarcity of large, labeled datasets in earthquake engineering. I generally implement my work in Python\/MATLAB depending on cases.<\/p>\n\n\n\n<p>Please see my research highlights and contact with me if you want to collaborate\/discuss ideas.<\/p>\n","protected":false},"excerpt":{"rendered":"<p>Hi everyone, I&#8217;m Fahri Baran K\u00f6ro\u011flu. I received my B.Sc. (2020) and M.Sc. (2023) in Civil Engineering from the \u0130zmir Institute of Technology. I am pursuing my Ph.D. at Middle East Technical University under the supervision of Prof. Murat Altu\u011f Erberik, and I have been a Graduate Research Assistant at Harran University since 2022. In [&hellip;]<\/p>\n","protected":false},"author":9438,"featured_media":0,"parent":0,"menu_order":1,"comment_status":"closed","ping_status":"closed","template":"","meta":{"footnotes":"","_links_to":"","_links_to_target":""},"class_list":["post-16","page","type-page","status-publish","hentry"],"_links":{"self":[{"href":"https:\/\/blog.metu.edu.tr\/e274468\/wp-json\/wp\/v2\/pages\/16","targetHints":{"allow":["GET"]}}],"collection":[{"href":"https:\/\/blog.metu.edu.tr\/e274468\/wp-json\/wp\/v2\/pages"}],"about":[{"href":"https:\/\/blog.metu.edu.tr\/e274468\/wp-json\/wp\/v2\/types\/page"}],"author":[{"embeddable":true,"href":"https:\/\/blog.metu.edu.tr\/e274468\/wp-json\/wp\/v2\/users\/9438"}],"replies":[{"embeddable":true,"href":"https:\/\/blog.metu.edu.tr\/e274468\/wp-json\/wp\/v2\/comments?post=16"}],"version-history":[{"count":0,"href":"https:\/\/blog.metu.edu.tr\/e274468\/wp-json\/wp\/v2\/pages\/16\/revisions"}],"wp:attachment":[{"href":"https:\/\/blog.metu.edu.tr\/e274468\/wp-json\/wp\/v2\/media?parent=16"}],"curies":[{"name":"wp","href":"https:\/\/api.w.org\/{rel}","templated":true}]}}