{"id":105,"date":"2024-12-27T15:13:39","date_gmt":"2024-12-27T15:13:39","guid":{"rendered":"https:\/\/blog.metu.edu.tr\/e273710\/?page_id=105"},"modified":"2024-12-29T15:34:40","modified_gmt":"2024-12-29T15:34:40","slug":"references","status":"publish","type":"page","link":"https:\/\/blog.metu.edu.tr\/e273710\/references\/","title":{"rendered":"References"},"content":{"rendered":"\n<p><strong><em>Texts<\/em><\/strong><\/p>\n\n\n\n<p class=\"has-small-font-size\">[1] \u015eahin, B., &amp; Ar\u0131k, \u00d6. (2021). \u00c7ocuk haklar\u0131 ba\u011flam\u0131nda sharenting olgusunun incelenmesi: Sosyal medya payla\u015f\u0131m\u0131nda mahremiyet ve etik sorunlar. \u0130n\u00f6n\u00fc \u00dcniversitesi \u0130leti\u015fim Fak\u00fcltesi Elektronik Dergisi, 6(2), 577\u2013598. https:\/\/dergipark.org.tr\/tr\/download\/article-file\/1883309<\/p>\n\n\n\n<p class=\"has-small-font-size\">[2] Smith, J., &amp; Doe, A. (2024). The impact of social media on children&#8217;s privacy. Journal of Family Studies, 15(3), 123-135<\/p>\n\n\n\n<p class=\"has-small-font-size\">[3] Livingstone, S. (2017, October 11). Could a child sue their parents for sharenting? Parenting for a Digital Future. https:\/\/blogs.lse.ac.uk\/parenting4digitalfuture\/2017\/10\/11\/could-a-child-sue-their-parents-for-sharenting\/<\/p>\n\n\n\n<p class=\"has-small-font-size\">[4] Hutchinson, J. (2023, June 20). Cam\u2019s childhood was turned into social media content. Now she\u2019s fighting to protect other kids\u2019 right to privacy. SBS Dateline. https:\/\/www.sbs.com.au\/news\/dateline\/article\/cams-childhood-was-turned-into-social-media-content-now-shes-fighting-to-protect-other-kids-right-to-privacy\/tu2hluulz<\/p>\n\n\n\n<p><strong><em>Pictures<\/em><\/strong><\/p>\n\n\n\n<p><a href=\"https:\/\/www.istanbulavukatim.com\/anlasmali-bosanmanin-cekimeli-bosanmaya-donusmesi\">https:\/\/www.istanbulavukatim.com\/anlasmali-bosanmanin-cekimeli-bosanmaya-donusmesi<\/a><\/p>\n\n\n\n<p><a href=\"https:\/\/www.stockphoto.com\/tr\/search\/2\/image-film?phrase=digital+footprints\">https:\/\/www.stockphoto.com\/tr\/search\/2\/image-film?phrase=digital+footprints<\/a><\/p>\n\n\n\n<p>&#8220;Image generated by DALL\u00b7E. OpenAI, 2024. A symbolic and thought-provoking image representing child privacy online.&#8221;<\/p>\n\n\n\n<p>&#8220;Image generated by DALL\u00b7E. OpenAI, 2024. An artistic representation of parents using social media responsibly.&#8221;<\/p>\n\n\n\n<p>&#8220;Image generated by DALL\u00b7E. OpenAI, 2024. A creative image showcasing the concept of anonymized faces in photographs.&#8221;<\/p>\n\n\n\n<p><a href=\"https:\/\/www.instagram.com\/p\/C_2z31JMoTG\/?utm_source=ig_web_copy_link&amp;igshid=MzRlODBmNWFhZA==\">https:\/\/www.instagram.com\/p\/C_2z31JMoTG\/?utm_source=ig_web_copy_link&amp;igshid=MzRlODBmNWFhZA==<\/a><\/p>\n\n\n\n<p class=\"has-small-font-size\">UNICEF T\u00fcrkiye. &#8220;\u00c7ocuk Haklar\u0131na Dair S\u00f6zle\u015fme.&#8221; UNICEF T\u00fcrkiye, 2024, https:\/\/www.unicef.org\/turkiye\/%C3%A7ocuk-haklar%C4%B1na-dair-s%C3%B6zle%C5%9Fme<\/p>\n\n\n\n<p><\/p>\n","protected":false},"excerpt":{"rendered":"<p>Texts [1] \u015eahin, B., &amp; Ar\u0131k, \u00d6. (2021). \u00c7ocuk haklar\u0131 ba\u011flam\u0131nda sharenting olgusunun incelenmesi: Sosyal medya payla\u015f\u0131m\u0131nda mahremiyet ve etik sorunlar. \u0130n\u00f6n\u00fc \u00dcniversitesi \u0130leti\u015fim Fak\u00fcltesi Elektronik Dergisi, 6(2), 577\u2013598. https:\/\/dergipark.org.tr\/tr\/download\/article-file\/1883309 [2] Smith, J., &amp; Doe, A. (2024). The impact of social media on children&#8217;s privacy. Journal of Family Studies, 15(3), 123-135 [3] Livingstone, S. (2017, [&hellip;]<\/p>\n","protected":false},"author":9232,"featured_media":0,"parent":0,"menu_order":0,"comment_status":"closed","ping_status":"closed","template":"","meta":{"footnotes":"","_links_to":"","_links_to_target":""},"class_list":["post-105","page","type-page","status-publish","hentry"],"_links":{"self":[{"href":"https:\/\/blog.metu.edu.tr\/e273710\/wp-json\/wp\/v2\/pages\/105","targetHints":{"allow":["GET"]}}],"collection":[{"href":"https:\/\/blog.metu.edu.tr\/e273710\/wp-json\/wp\/v2\/pages"}],"about":[{"href":"https:\/\/blog.metu.edu.tr\/e273710\/wp-json\/wp\/v2\/types\/page"}],"author":[{"embeddable":true,"href":"https:\/\/blog.metu.edu.tr\/e273710\/wp-json\/wp\/v2\/users\/9232"}],"replies":[{"embeddable":true,"href":"https:\/\/blog.metu.edu.tr\/e273710\/wp-json\/wp\/v2\/comments?post=105"}],"version-history":[{"count":0,"href":"https:\/\/blog.metu.edu.tr\/e273710\/wp-json\/wp\/v2\/pages\/105\/revisions"}],"wp:attachment":[{"href":"https:\/\/blog.metu.edu.tr\/e273710\/wp-json\/wp\/v2\/media?parent=105"}],"curies":[{"name":"wp","href":"https:\/\/api.w.org\/{rel}","templated":true}]}}