{"id":54,"date":"2025-04-07T20:52:45","date_gmt":"2025-04-07T20:52:45","guid":{"rendered":"https:\/\/blog.metu.edu.tr\/e270199\/?page_id=54"},"modified":"2025-04-07T20:52:46","modified_gmt":"2025-04-07T20:52:46","slug":"zihnin-kontrol-edilemeyen-dongusu","status":"publish","type":"page","link":"https:\/\/blog.metu.edu.tr\/e270199\/zihnin-kontrol-edilemeyen-dongusu\/","title":{"rendered":"Zihnin Kontrol Edilemeyen D\u00f6ng\u00fcs\u00fc"},"content":{"rendered":"<p align=\"justify\"><span style=\"font-size: medium\">Herkesin zaman zaman akl\u0131ndan \u00e7\u0131kmayan d\u00fc\u015f\u00fcnceleri olabilir. Ancak baz\u0131 insanlar i\u00e7in bu d\u00fc\u015f\u00fcnceler, s\u00fcrekli tekrar eder ve g\u00fcnl\u00fck ya\u015fam\u0131 <\/span><span style=\"color: #0563c1\"><a href=\"https:\/\/ankarapsikolog1.com\/psikolog-fiyatlari\/\"><span style=\"color: #000000\"><span style=\"font-size: medium\">psikolog seans \u00fccretleri<\/span><\/span><\/a><\/span><span style=\"font-size: medium\"> olumsuz etkilemeye ba\u015flar. \u0130\u015fte bu noktada \u201ctak\u0131nt\u0131lar\u201d devreye girer. Psikolojide \u201cobsesyon\u201d olarak adland\u0131r\u0131lan bu durum, bireyin zihinsel sa\u011fl\u0131\u011f\u0131n\u0131 zorlayabilir. Bu yaz\u0131da tak\u0131nt\u0131lar\u0131n ne oldu\u011funu, nas\u0131l ortaya \u00e7\u0131kt\u0131\u011f\u0131n\u0131 ve ba\u015fa \u00e7\u0131kma yollar\u0131n\u0131 d\u00f6rt ba\u015fl\u0131k alt\u0131nda inceleyece\u011fiz.<\/span><\/p>\n<p align=\"justify\"><span style=\"font-size: medium\"><b>1. Tak\u0131nt\u0131 Nedir?<\/b><\/span><\/p>\n<p align=\"justify\"><span style=\"font-size: medium\">Tak\u0131nt\u0131, ki\u015finin iste\u011fi d\u0131\u015f\u0131nda zihnine giren ve <\/span><span style=\"font-size: medium\"><b>tekrarlay\u0131c\u0131 \u015fekilde gelen d\u00fc\u015f\u00fcnceler, imgeler veya d\u00fcrt\u00fclerdir<\/b><\/span><span style=\"font-size: medium\">. Bu d\u00fc\u015f\u00fcnceler ki\u015fide yo\u011fun bir huzursuzluk ve kayg\u0131 yarat\u0131r. \u00d6rne\u011fin, kap\u0131n\u0131n kilitli olup olmad\u0131\u011f\u0131n\u0131 defalarca kontrol etme iste\u011fi ya da ellerin yeterince temiz olmad\u0131\u011f\u0131na dair s\u00fcrekli bir ku\u015fku, tak\u0131nt\u0131n\u0131n tipik \u00f6rneklerindendir.<\/span><\/p>\n<p align=\"justify\"><span style=\"font-size: medium\">Bu d\u00fc\u015f\u00fcncelerin mant\u0131ks\u0131z oldu\u011funu bilmek, genellikle <\/span><span style=\"color: #0563c1\"><a href=\"https:\/\/ankarapsikolog1.com\/psikolog-fiyatlari\/\"><span style=\"color: #000000\"><span style=\"font-size: medium\">klinik psikolog ankara<\/span><\/span><\/a><\/span><span style=\"font-size: medium\"> onlar\u0131 durdurmaya yetmez. Bu da ki\u015fide su\u00e7luluk, \u00e7aresizlik ve s\u0131k\u0131\u015fm\u0131\u015fl\u0131k hissine neden olabilir.<\/span><\/p>\n<p align=\"justify\"><span style=\"font-size: medium\"><b>2. Tak\u0131nt\u0131lar Neden Olu\u015fur?<\/b><\/span><\/p>\n<p align=\"justify\"><span style=\"font-size: medium\">Tak\u0131nt\u0131lar\u0131n olu\u015fumunda genetik, biyolojik ve \u00e7evresel bir\u00e7ok fakt\u00f6r etkili olabilir. Beyindeki <\/span><span style=\"font-size: medium\"><b>serotonin dengesizlikleri<\/b><\/span><span style=\"font-size: medium\">, stresli ya\u015fam olaylar\u0131, \u00e7ocukluk travmalar\u0131 ve m\u00fckemmeliyet\u00e7i ki\u015filik yap\u0131lar\u0131 tak\u0131nt\u0131 geli\u015fimini tetikleyebilir. Ayr\u0131ca a\u015f\u0131r\u0131 <\/span><span style=\"color: #0563c1\"><a href=\"https:\/\/ankarapsikolog1.com\/cift-terapisi\/\"><span style=\"color: #000000\"><span style=\"font-size: medium\">aile terapisi<\/span><\/span><\/a><\/span><span style=\"font-size: medium\"> kontrol ihtiyac\u0131, belirsizli\u011fe tahamm\u00fcls\u00fczl\u00fck ve y\u00fcksek sorumluluk duygusu da bu s\u00fcreci besleyen \u00f6nemli psikolojik \u00f6zelliklerdendir.<\/span><\/p>\n<p align=\"justify\"><a name=\"_GoBack\"><\/a> <span style=\"font-size: medium\">Tak\u0131nt\u0131lar\u0131n temelinde genellikle \u201ck\u00f6t\u00fc bir \u015fey olmas\u0131n\u201d kayg\u0131s\u0131 yatar. Ki\u015fi bu d\u00fc\u015f\u00fcncelerle ba\u015f edebilmek i\u00e7in \u00e7e\u015fitli zihinsel ya da davran\u0131\u015fsal rit\u00fceller (kompulsiyonlar) geli\u015ftirir.<\/span><\/p>\n<p align=\"justify\"><span style=\"font-size: medium\"><b>3. Tak\u0131nt\u0131lar\u0131n G\u00fcnl\u00fck Hayata Etkisi<\/b><\/span><\/p>\n<p align=\"justify\"><span style=\"font-size: medium\">Tak\u0131nt\u0131lar zamanla <\/span><span style=\"font-size: medium\"><b>ki\u015finin g\u00fcnl\u00fck ya\u015fam\u0131n\u0131 \u00f6nemli \u00f6l\u00e7\u00fcde k\u0131s\u0131tlayabilir<\/b><\/span><span style=\"font-size: medium\">. \u0130\u015fe ya da okula odaklanmak zorla\u015fabilir, sosyal ili\u015fkiler zarar g\u00f6rebilir ve birey kendini s\u00fcrekli zihinsel bir d\u00f6ng\u00fcn\u00fcn i\u00e7inde bulabilir. Basit kararlar almak bile b\u00fcy\u00fck bir stres kayna\u011f\u0131 haline gelebilir. Tak\u0131nt\u0131larla ya\u015famak, zihinsel olarak yorucu ve duygusal olarak y\u0131prat\u0131c\u0131d\u0131r.<\/span><\/p>\n<p align=\"justify\"><span style=\"font-size: medium\">Ayr\u0131ca bu durum zamanla depresyon, uykusuzluk ve \u00f6zg\u00fcven problemleriyle birlikte g\u00f6r\u00fclebilir. Bu y\u00fczden tak\u0131nt\u0131lar hafife al\u0131nmamal\u0131 ve gerekti\u011finde profesyonel destek al\u0131nmal\u0131d\u0131r.<\/span><\/p>\n<p align=\"justify\"><span style=\"font-size: medium\"><b>4. Tak\u0131nt\u0131larla Ba\u015fa \u00c7\u0131kma Yollar\u0131<\/b><\/span><\/p>\n<p align=\"justify\"><span style=\"font-size: medium\">Tak\u0131nt\u0131larla ba\u015f etmenin ilk ad\u0131m\u0131, <\/span><span style=\"font-size: medium\"><b>bu d\u00fc\u015f\u00fcncelerin fark\u0131nda olmak ve onlar\u0131 bast\u0131rmaya \u00e7al\u0131\u015fmak yerine kabul etmektir<\/b><\/span><span style=\"font-size: medium\">. Ard\u0131ndan \u015fu y\u00f6ntemler etkili olabilir:<\/span><\/p>\n<ul>\n<li>\n<p align=\"justify\"><span style=\"font-size: medium\"><b>Bili\u015fsel Davran\u0131\u015f\u00e7\u0131 Terapi (BDT):<\/b><\/span><span style=\"font-size: medium\"> D\u00fc\u015f\u00fcnce-davran\u0131\u015f d\u00f6ng\u00fcs\u00fcn\u00fc anlamaya ve de\u011fi\u015ftirmeye yard\u0131mc\u0131 olur.<\/span><\/p>\n<\/li>\n<li>\n<p align=\"justify\"><span style=\"font-size: medium\"><b>Maruz b\u0131rakma ve tepkiyi \u00f6nleme (ERP):<\/b><\/span><span style=\"font-size: medium\"> Korkulan duruma kontroll\u00fc \u015fekilde maruz kalmay\u0131 ve al\u0131\u015f\u0131lm\u0131\u015f tepkileri vermemeyi hedefler.<\/span><\/p>\n<\/li>\n<li>\n<p align=\"justify\"><span style=\"font-size: medium\"><b>Gev\u015feme teknikleri ve mindfulness:<\/b><\/span><span style=\"font-size: medium\"> Anda kalma becerisi geli\u015ftirerek kayg\u0131n\u0131n azalmas\u0131na katk\u0131 sa\u011flar.<\/span><\/p>\n<\/li>\n<li>\n<p align=\"justify\"><span style=\"font-size: medium\"><b>Psikiyatrist deste\u011fiyle ila\u00e7 tedavisi<\/b><\/span><span style=\"font-size: medium\"> gerekebilir, \u00f6zellikle obsesif kompulsif bozukluk (OKB) s\u00f6z konusuysa.<\/span><\/p>\n<\/li>\n<\/ul>\n<p align=\"justify\"><span style=\"font-size: medium\">Unutulmamal\u0131d\u0131r ki, tak\u0131nt\u0131larla ba\u015f etmek m\u00fcmk\u00fcnd\u00fcr. \u00d6nemli olan, bu s\u00fcreci yaln\u0131z y\u00fcr\u00fcmek zorunda olmad\u0131\u011f\u0131n\u0131z\u0131 bilmek ve destek almaktan \u00e7ekinmemektir.<\/span><\/p>\n<p align=\"justify\">\n","protected":false},"excerpt":{"rendered":"<p>Herkesin zaman zaman akl\u0131ndan \u00e7\u0131kmayan d\u00fc\u015f\u00fcnceleri olabilir. Ancak baz\u0131 insanlar i\u00e7in bu d\u00fc\u015f\u00fcnceler, s\u00fcrekli tekrar eder ve g\u00fcnl\u00fck ya\u015fam\u0131 psikolog seans \u00fccretleri olumsuz etkilemeye ba\u015flar. \u0130\u015fte bu noktada \u201ctak\u0131nt\u0131lar\u201d devreye girer. Psikolojide \u201cobsesyon\u201d olarak adland\u0131r\u0131lan bu durum, bireyin zihinsel sa\u011fl\u0131\u011f\u0131n\u0131 zorlayabilir. Bu yaz\u0131da tak\u0131nt\u0131lar\u0131n ne oldu\u011funu, nas\u0131l ortaya \u00e7\u0131kt\u0131\u011f\u0131n\u0131 ve ba\u015fa \u00e7\u0131kma yollar\u0131n\u0131 d\u00f6rt ba\u015fl\u0131k [&hellip;]<\/p>\n","protected":false},"author":9149,"featured_media":0,"parent":0,"menu_order":0,"comment_status":"closed","ping_status":"closed","template":"","meta":{"footnotes":"","_links_to":"","_links_to_target":""},"class_list":["post-54","page","type-page","status-publish","hentry"],"_links":{"self":[{"href":"https:\/\/blog.metu.edu.tr\/e270199\/wp-json\/wp\/v2\/pages\/54","targetHints":{"allow":["GET"]}}],"collection":[{"href":"https:\/\/blog.metu.edu.tr\/e270199\/wp-json\/wp\/v2\/pages"}],"about":[{"href":"https:\/\/blog.metu.edu.tr\/e270199\/wp-json\/wp\/v2\/types\/page"}],"author":[{"embeddable":true,"href":"https:\/\/blog.metu.edu.tr\/e270199\/wp-json\/wp\/v2\/users\/9149"}],"replies":[{"embeddable":true,"href":"https:\/\/blog.metu.edu.tr\/e270199\/wp-json\/wp\/v2\/comments?post=54"}],"version-history":[{"count":0,"href":"https:\/\/blog.metu.edu.tr\/e270199\/wp-json\/wp\/v2\/pages\/54\/revisions"}],"wp:attachment":[{"href":"https:\/\/blog.metu.edu.tr\/e270199\/wp-json\/wp\/v2\/media?parent=54"}],"curies":[{"name":"wp","href":"https:\/\/api.w.org\/{rel}","templated":true}]}}