{"id":49,"date":"2025-03-28T13:40:51","date_gmt":"2025-03-28T13:40:51","guid":{"rendered":"https:\/\/blog.metu.edu.tr\/e270199\/?page_id=49"},"modified":"2025-03-28T13:40:52","modified_gmt":"2025-03-28T13:40:52","slug":"minimalizm","status":"publish","type":"page","link":"https:\/\/blog.metu.edu.tr\/e270199\/minimalizm\/","title":{"rendered":"Minimalizm"},"content":{"rendered":"<p align=\"justify\"><span style=\"font-size: medium\">G\u00fcn\u00fcm\u00fczde karma\u015fadan uzak, sade bir ya\u015fam tarz\u0131 aray\u0131\u015f\u0131 giderek daha fazla insan\u0131 <\/span><span style=\"font-size: medium\"><b>minimalizme<\/b><\/span><span style=\"font-size: medium\"> y\u00f6neltiyor. Peki, minimalizm sadece daha az <\/span><span style=\"color: #0563c1\"><u><a href=\"https:\/\/ankarapsikolog1.com\/ankara-psikolog\/\"><span style=\"color: #000000\"><span style=\"font-size: medium\">ankara psikolog<\/span><\/span><\/a><\/u><\/span><span style=\"font-size: medium\"> e\u015fyaya sahip olmak m\u0131 demek? Asl\u0131nda \u00e7ok daha fazlas\u0131. \u0130\u015fte minimalizmi anlaman\u0131za yard\u0131mc\u0131 olacak d\u00f6rt temel ba\u015fl\u0131k:<\/span><\/p>\n<p align=\"justify\"><span style=\"font-size: medium\"><b>1. Minimalizm Nedir?<\/b><\/span><\/p>\n<p align=\"justify\"><span style=\"font-size: medium\">Minimalizm, gereksiz olan\u0131 hayat\u0131m\u0131zdan \u00e7\u0131kararak, bize ger\u00e7ekten de\u011fer katan \u015feylere odaklanma felsefesidir. Bu, yaln\u0131zca maddi e\u015fyalar\u0131 azaltmakla kalmaz; zihinsel y\u00fcklerden, gereksiz ili\u015fkilerden, dikkat <\/span><span style=\"color: #0563c1\"><u><a href=\"https:\/\/ankarapsikolog1.com\/ankara-psikolog\/\"><span style=\"color: #000000\"><span style=\"font-size: medium\">psikolog ankara<\/span><\/span><\/a><\/u><\/span><span style=\"font-size: medium\"> da\u011f\u0131t\u0131c\u0131lardan da ar\u0131nmay\u0131 kapsar. Minimalist bir ya\u015fam tarz\u0131, sadeli\u011fi ve bilin\u00e7li ya\u015famay\u0131 temel al\u0131r.<\/span><\/p>\n<p align=\"justify\"><a name=\"_GoBack\"><\/a> <span style=\"font-size: medium\"><b>2. E\u015fyalar\u0131n \u00d6tesinde Bir Ya\u015fam<\/b><\/span><\/p>\n<p align=\"justify\"><span style=\"font-size: medium\">Minimalizm \u00e7o\u011fu zaman az e\u015fya ile ya\u015famakla \u00f6zde\u015fle\u015ftirilse de, asl\u0131nda bu yakla\u015f\u0131m yaln\u0131zca ba\u015flang\u0131\u00e7t\u0131r. Ger\u00e7ek minimalizm, zaman\u0131m\u0131z\u0131 ve enerjimizi nas\u0131l harcad\u0131\u011f\u0131m\u0131z\u0131 sorgulamam\u0131za neden olur. Gerekli olmayan toplant\u0131lardan, <\/span><span style=\"color: #0563c1\"><u><a href=\"https:\/\/ankarapsikolog1.com\/\"><span style=\"color: #000000\"><span style=\"font-size: medium\">ankarapsikolog1.com<\/span><\/span><\/a><\/u><\/span><span style=\"font-size: medium\"> anlams\u0131z sosyal medya kullan\u0131mlar\u0131ndan veya size iyi gelmeyen aktivitelerden uzakla\u015farak, ya\u015fam kalitenizi art\u0131rabilirsiniz.<\/span><\/p>\n<p align=\"justify\"><span style=\"font-size: medium\"><b>3. Ruhsal ve Zihinsel Ferahl\u0131k<\/b><\/span><\/p>\n<p align=\"justify\"><span style=\"font-size: medium\">Daha sade bir ya\u015fam tarz\u0131, zihinsel bir ferahl\u0131k da getirir. \u00c7evremizdeki karma\u015fa azald\u0131k\u00e7a, zihnimiz de daha berrak hale gelir. Azla yetinmek; stres, kayg\u0131 ve t\u00fckenmi\u015flik gibi duygularla ba\u015f etmede g\u00fc\u00e7l\u00fc bir ara\u00e7 olabilir. Minimalizm, bilin\u00e7li fark\u0131ndal\u0131kla el ele gider ve anda kalmay\u0131 kolayla\u015ft\u0131r\u0131r.<\/span><\/p>\n<p align=\"justify\"><span style=\"font-size: medium\"><b>4. Minimalist Ya\u015fama Ge\u00e7i\u015f<\/b><\/span><\/p>\n<p align=\"justify\"><span style=\"font-size: medium\">Minimalist bir ya\u015fam tarz\u0131na ge\u00e7mek i\u00e7in b\u00fcy\u00fck ad\u0131mlar atman\u0131za gerek yok. K\u00fc\u00e7\u00fck ve istikrarl\u0131 de\u011fi\u015fikliklerle ba\u015flayabilirsiniz. \u00d6rne\u011fin:<\/span><\/p>\n<ul>\n<li>\n<p align=\"justify\"><span style=\"font-size: medium\">Kullanmad\u0131\u011f\u0131n\u0131z e\u015fyalar\u0131 ba\u011f\u0131\u015flay\u0131n.<\/span><\/p>\n<\/li>\n<li>\n<p align=\"justify\"><span style=\"font-size: medium\">Dijital alan\u0131n\u0131z\u0131 sadele\u015ftirin.<\/span><\/p>\n<\/li>\n<li>\n<p align=\"justify\"><span style=\"font-size: medium\">G\u00fcnl\u00fck rutininizi g\u00f6zden ge\u00e7irin ve sadele\u015ftirin.<\/span><\/p>\n<\/li>\n<li>\n<p align=\"justify\">\u201c<span style=\"font-size: medium\">Ger\u00e7ekten gerekli mi?\u201d sorusunu al\u0131\u015fveri\u015flerde kendinize sorun.<\/span><\/p>\n<\/li>\n<\/ul>\n<p align=\"justify\"><span style=\"font-size: medium\">Unutmay\u0131n, minimalizm bir hedef de\u011fil, bir yolculuktur. Her birey i\u00e7in farkl\u0131 g\u00f6r\u00fcnebilir. \u00d6nemli olan, sizin i\u00e7in neyin anlaml\u0131 oldu\u011funu bulmak ve ona daha \u00e7ok yer a\u00e7mak.<\/span><\/p>\n<p align=\"justify\"><span style=\"font-family: Times New Roman, serif\"><span style=\"font-size: medium\"><span style=\"font-family: Calibri, serif\">Tabii! A\u015fa\u011f\u0131ya iki ba\u015fl\u0131k daha ve toplamda yakla\u015f\u0131k 200 kelimelik bir ek yaz\u0131 b\u0131rak\u0131yorum. B\u00f6ylece blog yaz\u0131n alt\u0131 ba\u015fl\u0131\u011fa \u00e7\u0131km\u0131\u015f olacak.<\/span><\/span><\/span><\/p>\n<h2 class=\"western\" align=\"justify\"><span style=\"font-family: Calibri, serif\"><span style=\"font-size: medium\">5. T\u00fcketim Al\u0131\u015fkanl\u0131klar\u0131n\u0131 G\u00f6zden Ge\u00e7irmek<\/span><\/span><\/h2>\n<p align=\"justify\"><span style=\"font-family: Times New Roman, serif\"><span style=\"font-size: medium\"><span style=\"font-family: Calibri, serif\">Minimalizm, al\u0131\u015fveri\u015f al\u0131\u015fkanl\u0131klar\u0131m\u0131z\u0131 sorgulamam\u0131za da yard\u0131mc\u0131 olur. Ger\u00e7ekten ihtiyac\u0131m\u0131z olmayan \u015feyleri neden sat\u0131n al\u0131yoruz? Duygusal bo\u015fluklar, reklamlar ya da anl\u0131k mutluluk aray\u0131\u015f\u0131 m\u0131 bizi buna itiyor? Minimalist bir yakla\u015f\u0131m, her al\u0131\u015fveri\u015fte durup d\u00fc\u015f\u00fcnmeyi, \u201cBu bana uzun vadede ne katacak?\u201d sorusunu sormay\u0131 \u00f6\u011fretir. Bu sayede hem b\u00fct\u00e7emizi hem de \u00e7evreyi koruyabiliriz.<\/span><\/span><\/span><\/p>\n<h2 class=\"western\" align=\"justify\"><span style=\"font-family: Calibri, serif\"><span style=\"font-size: medium\">6. Daha Anlaml\u0131 \u0130li\u015fkiler Kurmak<\/span><\/span><\/h2>\n<p align=\"justify\"><span style=\"font-family: Times New Roman, serif\"><span style=\"font-size: medium\"><span style=\"font-family: Calibri, serif\">Hayat\u0131m\u0131zdaki ili\u015fkiler de sadele\u015fmeye ihtiya\u00e7 duyar. Zaman ve enerji, s\u0131n\u0131rl\u0131 kaynaklar\u0131m\u0131zd\u0131r. Minimalist ya\u015fam tarz\u0131, y\u00fczeysel ya da toksik ili\u015fkiler yerine, derin ve anlaml\u0131 ba\u011flara odaklanmay\u0131 te\u015fvik eder. Ger\u00e7ekten zaman ge\u00e7irmek istedi\u011finiz insanlara yer a\u00e7mak, duygusal doyumu ve i\u00e7 huzuru art\u0131r\u0131r. Az ama \u00f6z ili\u015fkiler, hayattan al\u0131nan keyfi derinle\u015ftirir.<\/span><\/span><\/span><\/p>\n<p align=\"justify\">\n","protected":false},"excerpt":{"rendered":"<p>G\u00fcn\u00fcm\u00fczde karma\u015fadan uzak, sade bir ya\u015fam tarz\u0131 aray\u0131\u015f\u0131 giderek daha fazla insan\u0131 minimalizme y\u00f6neltiyor. Peki, minimalizm sadece daha az ankara psikolog e\u015fyaya sahip olmak m\u0131 demek? Asl\u0131nda \u00e7ok daha fazlas\u0131. \u0130\u015fte minimalizmi anlaman\u0131za yard\u0131mc\u0131 olacak d\u00f6rt temel ba\u015fl\u0131k: 1. Minimalizm Nedir? Minimalizm, gereksiz olan\u0131 hayat\u0131m\u0131zdan \u00e7\u0131kararak, bize ger\u00e7ekten de\u011fer katan \u015feylere odaklanma felsefesidir. Bu, yaln\u0131zca [&hellip;]<\/p>\n","protected":false},"author":9149,"featured_media":0,"parent":0,"menu_order":0,"comment_status":"closed","ping_status":"closed","template":"","meta":{"footnotes":"","_links_to":"","_links_to_target":""},"class_list":["post-49","page","type-page","status-publish","hentry"],"_links":{"self":[{"href":"https:\/\/blog.metu.edu.tr\/e270199\/wp-json\/wp\/v2\/pages\/49","targetHints":{"allow":["GET"]}}],"collection":[{"href":"https:\/\/blog.metu.edu.tr\/e270199\/wp-json\/wp\/v2\/pages"}],"about":[{"href":"https:\/\/blog.metu.edu.tr\/e270199\/wp-json\/wp\/v2\/types\/page"}],"author":[{"embeddable":true,"href":"https:\/\/blog.metu.edu.tr\/e270199\/wp-json\/wp\/v2\/users\/9149"}],"replies":[{"embeddable":true,"href":"https:\/\/blog.metu.edu.tr\/e270199\/wp-json\/wp\/v2\/comments?post=49"}],"version-history":[{"count":0,"href":"https:\/\/blog.metu.edu.tr\/e270199\/wp-json\/wp\/v2\/pages\/49\/revisions"}],"wp:attachment":[{"href":"https:\/\/blog.metu.edu.tr\/e270199\/wp-json\/wp\/v2\/media?parent=49"}],"curies":[{"name":"wp","href":"https:\/\/api.w.org\/{rel}","templated":true}]}}