{"id":37,"date":"2024-11-25T17:31:45","date_gmt":"2024-11-25T17:31:45","guid":{"rendered":"https:\/\/blog.metu.edu.tr\/e270199\/?page_id=37"},"modified":"2024-11-25T17:31:54","modified_gmt":"2024-11-25T17:31:54","slug":"fyodor-insanciklar-romani","status":"publish","type":"page","link":"https:\/\/blog.metu.edu.tr\/e270199\/fyodor-insanciklar-romani\/","title":{"rendered":"Fyodor \u0130nsanc\u0131klar Roman\u0131"},"content":{"rendered":"<p>Fyodor Dostoyevski\u2019nin ilk roman\u0131 olan <em>\u0130nsanc\u0131klar<\/em> (1846), yazar\u0131n edebiyat d\u00fcnyas\u0131na \u00e7arp\u0131c\u0131 bir giri\u015f yapt\u0131\u011f\u0131 eserdir. Bir mektup-roman formunda kaleme al\u0131nan bu eser, yoksulluk, yaln\u0131zl\u0131k ve insan ili\u015fkileri gibi evrensel temalar\u0131 ele al\u0131rken, <a href=\"https:\/\/urolojidunyasi.com\/sistit-nedir\/\">sistit<\/a> toplumsal adaletsizliklere kar\u015f\u0131 duyarl\u0131l\u0131\u011f\u0131n\u0131 ve insan do\u011fas\u0131n\u0131 anlama konusundaki derinli\u011fini ortaya koyar. Roman, d\u00f6nemin ele\u015ftirmenlerinden Belinski\u2019nin de \u00f6vg\u00fcs\u00fcn\u00fc alm\u0131\u015f ve Dostoyevski\u2019nin bir edebiyat d\u00e2hisi olarak kabul edilmesini sa\u011flam\u0131\u015ft\u0131r.<\/p>\n<p>Roman\u0131n ana karakterleri, yoksul bir memur olan Makar Devu\u015fkin ile uzaktan akrabas\u0131 ve kom\u015fusu olan Varvara Alekseyevna\u2019d\u0131r. \u0130kilinin aras\u0131ndaki ili\u015fki, mektuplar arac\u0131l\u0131\u011f\u0131yla anlat\u0131l\u0131r. Bu mektuplar, hem onlar\u0131n i\u00e7 d\u00fcnyalar\u0131n\u0131 <a href=\"https:\/\/urolojidunyasi.com\/prostat-iltihabi-nedir\/\">prostatit iltihab\u0131<\/a> hem de birbirlerine kar\u015f\u0131 olan duygular\u0131n\u0131 okuyucuya a\u00e7\u0131k bir \u015fekilde sunar. Dostoyevski, bu iki karakterin ya\u015fam\u0131n\u0131 ve onlar\u0131n toplumdaki yerlerini ele al\u0131rken, bireylerin maddi ko\u015fullar ve toplumsal stat\u00fclerle nas\u0131l s\u0131k\u0131\u015f\u0131p kald\u0131klar\u0131n\u0131 etkileyici bir \u015fekilde g\u00f6zler \u00f6n\u00fcne serer.<\/p>\n<p>Makar Devu\u015fkin, k\u00fc\u00e7\u00fck d\u00fc\u015f\u00fcr\u00fcc\u00fc bir yoksullu\u011fun pen\u00e7esinde ya\u015fayan ve kendine olan sayg\u0131s\u0131n\u0131 kaybetmemek i\u00e7in \u00e7\u0131rp\u0131nan bir adamd\u0131r. Varvara ise <a href=\"https:\/\/urolojidunyasi.com\/\">\u00fcrolog ankara<\/a> ge\u00e7mi\u015fte ya\u015fad\u0131\u011f\u0131 ac\u0131 deneyimlerden dolay\u0131 savunmas\u0131z bir gen\u00e7 kad\u0131nd\u0131r. Makar\u2019\u0131n Varvara\u2019ya kar\u015f\u0131 hissetti\u011fi \u015fefkat ve sevgi, roman boyunca y\u00fcrek burkan bir ger\u00e7eklikle aktar\u0131l\u0131r. Ancak bu ili\u015fki, ne tam anlam\u0131yla romantik bir a\u015fka ne de s\u0131radan bir dostlu\u011fa s\u0131\u011far; bu, iki yaln\u0131z ruhun birbirine duydu\u011fu derin bir ba\u011fl\u0131l\u0131k olarak tan\u0131mlanabilir.<\/p>\n<p>Roman\u0131n temel temalar\u0131ndan biri, yoksullu\u011fun bireyler \u00fczerindeki y\u0131k\u0131c\u0131 etkisidir. Dostoyevski, Makar\u2019\u0131n g\u00fcndelik ya\u015fam\u0131n\u0131 ayr\u0131nt\u0131l\u0131 bir \u015fekilde tasvir ederek, onun sefalet i\u00e7inde nas\u0131l hayatta kalmaya \u00e7al\u0131\u015ft\u0131\u011f\u0131n\u0131 ve toplumun bu duruma nas\u0131l kay\u0131ts\u0131z kald\u0131\u011f\u0131n\u0131 g\u00f6zler \u00f6n\u00fcne serer. \u00d6zellikle Makar\u2019\u0131n, kendi onurunu korumak ad\u0131na yazd\u0131\u011f\u0131 mektuplardaki samimi ifadeleri, okuyucuyu derinden etkiler. Varvara\u2019n\u0131n ya\u015fad\u0131\u011f\u0131 zorluklar ise, kad\u0131nlar\u0131n toplumdaki k\u0131r\u0131lgan konumunu ve ekonomik ba\u011f\u0131ml\u0131l\u0131klar\u0131n\u0131n yaratt\u0131\u011f\u0131 \u00e7aresizli\u011fi yans\u0131t\u0131r.<\/p>\n<p>Roman ayn\u0131 zamanda insani ba\u011flar\u0131n g\u00fcc\u00fcn\u00fc ve bu ba\u011flar\u0131n bireylerin ya\u015fam\u0131n\u0131 nas\u0131l anlamland\u0131rd\u0131\u011f\u0131n\u0131 vurgular. Makar ve Varvara\u2019n\u0131n birbirine yazd\u0131\u011f\u0131 mektuplar, onlar\u0131n hayatta tutunabildi\u011fi tek dal olur. Ancak bu ba\u011f, yoksulluk ve toplumsal bask\u0131lar kar\u015f\u0131s\u0131nda giderek zay\u0131flar. Roman\u0131n sonlar\u0131na do\u011fru, Varvara\u2019n\u0131n daha iyi bir ya\u015fam umuduyla bir ba\u015fkas\u0131yla evlenmeyi tercih etmesi, Makar\u2019\u0131n \u00e7aresizli\u011fini ve yaln\u0131zl\u0131\u011f\u0131n\u0131 art\u0131r\u0131r. Bu karar, okuyucuda hem Varvara\u2019ya kar\u015f\u0131 bir anlay\u0131\u015f hem de Makar i\u00e7in bir ac\u0131ma hissi uyand\u0131r\u0131r.<\/p>\n<p>Dostoyevski\u2019nin <em>\u0130nsanc\u0131klar<\/em> roman\u0131, bireylerin toplum i\u00e7indeki k\u00fc\u00e7\u00fck ya\u015famlar\u0131na odaklanarak, onlar\u0131n duygusal d\u00fcnyas\u0131n\u0131 ve toplumsal s\u0131k\u0131\u015fm\u0131\u015fl\u0131klar\u0131n\u0131 derinlemesine inceler. Yazar, bu eserinde insan ruhunun karma\u015f\u0131kl\u0131\u011f\u0131n\u0131 ve ac\u0131lar\u0131n\u0131 daha ilk roman\u0131nda ustal\u0131kla yans\u0131tmay\u0131 ba\u015far\u0131r. Her ne kadar <em>\u0130nsanc\u0131klar<\/em>, Dostoyevski\u2019nin sonraki ba\u015fyap\u0131tlar\u0131 olan <em>Su\u00e7 ve Ceza<\/em> ya da <em>Karamazov Karde\u015fler<\/em> kadar kapsaml\u0131 olmasa da, onun edebi dehas\u0131n\u0131n temel ta\u015flar\u0131n\u0131 bar\u0131nd\u0131r\u0131r. Roman, yaln\u0131zca bir bireyin hik\u00e2yesini de\u011fil, ayn\u0131 zamanda insanl\u0131\u011f\u0131n k\u0131r\u0131lganl\u0131\u011f\u0131n\u0131 ve toplumun zalimli\u011fini anlatan evrensel bir a\u011f\u0131t olarak okunabilir.<\/p>\n","protected":false},"excerpt":{"rendered":"<p>Fyodor Dostoyevski\u2019nin ilk roman\u0131 olan \u0130nsanc\u0131klar (1846), yazar\u0131n edebiyat d\u00fcnyas\u0131na \u00e7arp\u0131c\u0131 bir giri\u015f yapt\u0131\u011f\u0131 eserdir. Bir mektup-roman formunda kaleme al\u0131nan bu eser, yoksulluk, yaln\u0131zl\u0131k ve insan ili\u015fkileri gibi evrensel temalar\u0131 ele al\u0131rken, sistit toplumsal adaletsizliklere kar\u015f\u0131 duyarl\u0131l\u0131\u011f\u0131n\u0131 ve insan do\u011fas\u0131n\u0131 anlama konusundaki derinli\u011fini ortaya koyar. Roman, d\u00f6nemin ele\u015ftirmenlerinden Belinski\u2019nin de \u00f6vg\u00fcs\u00fcn\u00fc alm\u0131\u015f ve Dostoyevski\u2019nin bir [&hellip;]<\/p>\n","protected":false},"author":9149,"featured_media":0,"parent":0,"menu_order":0,"comment_status":"closed","ping_status":"closed","template":"","meta":{"footnotes":"","_links_to":"","_links_to_target":""},"class_list":["post-37","page","type-page","status-publish","hentry"],"_links":{"self":[{"href":"https:\/\/blog.metu.edu.tr\/e270199\/wp-json\/wp\/v2\/pages\/37","targetHints":{"allow":["GET"]}}],"collection":[{"href":"https:\/\/blog.metu.edu.tr\/e270199\/wp-json\/wp\/v2\/pages"}],"about":[{"href":"https:\/\/blog.metu.edu.tr\/e270199\/wp-json\/wp\/v2\/types\/page"}],"author":[{"embeddable":true,"href":"https:\/\/blog.metu.edu.tr\/e270199\/wp-json\/wp\/v2\/users\/9149"}],"replies":[{"embeddable":true,"href":"https:\/\/blog.metu.edu.tr\/e270199\/wp-json\/wp\/v2\/comments?post=37"}],"version-history":[{"count":0,"href":"https:\/\/blog.metu.edu.tr\/e270199\/wp-json\/wp\/v2\/pages\/37\/revisions"}],"wp:attachment":[{"href":"https:\/\/blog.metu.edu.tr\/e270199\/wp-json\/wp\/v2\/media?parent=37"}],"curies":[{"name":"wp","href":"https:\/\/api.w.org\/{rel}","templated":true}]}}