{"id":29,"date":"2024-11-10T06:21:10","date_gmt":"2024-11-10T06:21:10","guid":{"rendered":"https:\/\/blog.metu.edu.tr\/e270199\/?page_id=29"},"modified":"2024-11-10T06:21:18","modified_gmt":"2024-11-10T06:21:18","slug":"delikanli","status":"publish","type":"page","link":"https:\/\/blog.metu.edu.tr\/e270199\/delikanli\/","title":{"rendered":"Delikanl\u0131"},"content":{"rendered":"<p><em>Delikanl\u0131<\/em>, Dostoyevski\u2019nin gen\u00e7 bir adam\u0131n kimlik aray\u0131\u015f\u0131n\u0131 ve kendini kan\u0131tlama \u00e7abas\u0131n\u0131 anlatt\u0131\u011f\u0131 derin bir romand\u0131r. Roman\u0131n ba\u015fkahraman\u0131, 19 ya\u015f\u0131ndaki Arkadiy Dolgorukiy, gayrime\u015fru bir \u00e7ocuktur ve varl\u0131kl\u0131 bir toprak a\u011fas\u0131 olan babas\u0131 Versilov ile daha yeni tan\u0131\u015fm\u0131\u015ft\u0131r. Arkadiy, soylu ve ba\u015far\u0131l\u0131 bir insan olma hayalleri kurar. <a href=\"https:\/\/urolojidunyasi.com\/viagra-zararli-mi\/\">Viagra zararl\u0131m\u0131<\/a> ancak, kimlik karma\u015fas\u0131, topluma yabanc\u0131la\u015fma ve ailesiyle olan ili\u015fkilerindeki belirsizlikler, onun hayat\u0131nda derin \u00e7eli\u015fkiler yarat\u0131r. Kendisini babas\u0131na kan\u0131tlama ve toplum i\u00e7inde de\u011ferli bir yer edinme arzusu, hikayenin ana dinamiklerinden birini olu\u015fturur. Bu durum, Arkadiy\u2019in i\u00e7sel \u00e7at\u0131\u015fmalar\u0131n\u0131 ve ahlaki sorgulamalar\u0131n\u0131 roman boyunca \u015fekillendirir.<\/p>\n<p><strong>Birey ve Toplum Aras\u0131ndaki \u00c7at\u0131\u015fma<\/strong><\/p>\n<p><em>Delikanl\u0131<\/em>, bireyin toplumdaki yerini bulma ve kendi kimli\u011fini in\u015fa etme \u00e7abas\u0131n\u0131 derinlemesine i\u015fler. <a href=\"https:\/\/urolojidunyasi.com\/erkegin-sertlesmesi-icin-kadin-ne-yapmali\/\">Sertle\u015fme sorunu<\/a> Arkadiy, ideal bir insan olma ve sayg\u0131n bir yer edinme hevesindedir; fakat toplumun dayatt\u0131\u011f\u0131 normlar, \u00e7\u0131kar ili\u015fkileri ve y\u00fczeysel de\u011ferlerle \u00e7eli\u015fir. Babas\u0131 Versilov, toplumun ve aristokrasinin temsilcisi olarak Arkadiy i\u00e7in hem bir rol model hem de bir d\u00fc\u015fman fig\u00fcr\u00fcd\u00fcr. Arkadiy, babas\u0131n\u0131n ya\u015fad\u0131\u011f\u0131 \u00e7eli\u015fkileri ve ahlaki zaaflar\u0131 g\u00f6rd\u00fck\u00e7e ona olan hayranl\u0131\u011f\u0131 azalmaya ba\u015flar. Bu karma\u015f\u0131k baba-o\u011ful ili\u015fkisi, Arkadiy\u2019in d\u00fcnyaya olan bak\u0131\u015f a\u00e7\u0131s\u0131n\u0131 etkiler ve topluma olan \u00f6fkesini art\u0131r\u0131r. Dostoyevski, gen\u00e7 bir bireyin toplumun dayatt\u0131\u011f\u0131 beklentilerle kendi hayalleri aras\u0131ndaki ikilemini ve i\u00e7sel m\u00fccadelesini g\u00f6zler \u00f6n\u00fcne serer.<\/p>\n<p><strong>Ahlaki Sorgulamalar ve Kimlik Aray\u0131\u015f\u0131<\/strong><\/p>\n<p>Roman, Arkadiy\u2019in kendini ve ahlaki de\u011ferlerini ke\u015ffetme s\u00fcreciyle \u015fekillenir. Ba\u015flang\u0131\u00e7ta, Arkadiy, toplumda sayg\u0131nl\u0131k kazanman\u0131n yollar\u0131n\u0131 ara\u015ft\u0131r\u0131rken kendi i\u00e7indeki \u00e7eli\u015fkilerle y\u00fczle\u015fir. <a href=\"https:\/\/urolojidunyasi.com\/kadin-cinselliginde-merak-edilenler\/\">Kad\u0131n cinselli\u011fi<\/a> bir yandan b\u00fcy\u00fck bir servet kazanarak toplumsal olarak y\u00fckselmek isterken, di\u011fer yandan ahlaki de\u011ferlerinden \u00f6d\u00fcn vermek istemez. Ancak, toplumsal hiyerar\u015fi i\u00e7inde y\u00fckselmenin \u00e7o\u011fu zaman yozla\u015fmay\u0131 gerektirdi\u011fini fark eder. Bu s\u00fcre\u00e7te Arkadiy\u2019in ahlaki de\u011ferleri, d\u00fcr\u00fcstl\u00fc\u011f\u00fc ve kendini bulma \u00e7abas\u0131 s\u0131nan\u0131r. Kimli\u011fini bulma yolculu\u011funda, kendi prensipleri ile toplumun yozla\u015fm\u0131\u015f de\u011ferleri aras\u0131nda gidip gelir. Dostoyevski, bu karakter arac\u0131l\u0131\u011f\u0131yla insan\u0131n kimlik ve de\u011fer aray\u0131\u015f\u0131ndaki zorluklar\u0131n\u0131, toplumun birey \u00fczerinde yaratt\u0131\u011f\u0131 bask\u0131lar\u0131 ve i\u00e7sel ahlaki sorgulamalar\u0131 derinlemesine i\u015fler.<\/p>\n<p>Sonu\u00e7 olarak, <em>Delikanl\u0131<\/em>, bireyin toplumsal ve ailevi ba\u011flardan s\u0131yr\u0131larak kimlik bulma m\u00fccadelesini i\u015flerken, Dostoyevski\u2019nin insan ruhunun derinliklerine inmeyi ba\u015fard\u0131\u011f\u0131 bir eserdir. Roman, bireysel \u00f6zg\u00fcrl\u00fc\u011f\u00fcn, ahlak\u0131n ve kimlik aray\u0131\u015f\u0131n\u0131n \u00e7etrefilli yollar\u0131n\u0131 ba\u015far\u0131l\u0131 bir \u015fekilde yans\u0131t\u0131r.<\/p>\n","protected":false},"excerpt":{"rendered":"<p>Delikanl\u0131, Dostoyevski\u2019nin gen\u00e7 bir adam\u0131n kimlik aray\u0131\u015f\u0131n\u0131 ve kendini kan\u0131tlama \u00e7abas\u0131n\u0131 anlatt\u0131\u011f\u0131 derin bir romand\u0131r. Roman\u0131n ba\u015fkahraman\u0131, 19 ya\u015f\u0131ndaki Arkadiy Dolgorukiy, gayrime\u015fru bir \u00e7ocuktur ve varl\u0131kl\u0131 bir toprak a\u011fas\u0131 olan babas\u0131 Versilov ile daha yeni tan\u0131\u015fm\u0131\u015ft\u0131r. Arkadiy, soylu ve ba\u015far\u0131l\u0131 bir insan olma hayalleri kurar. Viagra zararl\u0131m\u0131 ancak, kimlik karma\u015fas\u0131, topluma yabanc\u0131la\u015fma ve ailesiyle olan [&hellip;]<\/p>\n","protected":false},"author":9149,"featured_media":0,"parent":0,"menu_order":0,"comment_status":"closed","ping_status":"closed","template":"","meta":{"footnotes":"","_links_to":"","_links_to_target":""},"class_list":["post-29","page","type-page","status-publish","hentry"],"_links":{"self":[{"href":"https:\/\/blog.metu.edu.tr\/e270199\/wp-json\/wp\/v2\/pages\/29","targetHints":{"allow":["GET"]}}],"collection":[{"href":"https:\/\/blog.metu.edu.tr\/e270199\/wp-json\/wp\/v2\/pages"}],"about":[{"href":"https:\/\/blog.metu.edu.tr\/e270199\/wp-json\/wp\/v2\/types\/page"}],"author":[{"embeddable":true,"href":"https:\/\/blog.metu.edu.tr\/e270199\/wp-json\/wp\/v2\/users\/9149"}],"replies":[{"embeddable":true,"href":"https:\/\/blog.metu.edu.tr\/e270199\/wp-json\/wp\/v2\/comments?post=29"}],"version-history":[{"count":0,"href":"https:\/\/blog.metu.edu.tr\/e270199\/wp-json\/wp\/v2\/pages\/29\/revisions"}],"wp:attachment":[{"href":"https:\/\/blog.metu.edu.tr\/e270199\/wp-json\/wp\/v2\/media?parent=29"}],"curies":[{"name":"wp","href":"https:\/\/api.w.org\/{rel}","templated":true}]}}