{"id":83,"date":"2025-03-02T12:12:15","date_gmt":"2025-03-02T12:12:15","guid":{"rendered":"https:\/\/blog.metu.edu.tr\/e265438\/?page_id=83"},"modified":"2026-01-23T14:07:11","modified_gmt":"2026-01-23T14:07:11","slug":"sayisal-sonuclar","status":"publish","type":"page","link":"https:\/\/blog.metu.edu.tr\/e265438\/arastirma\/sayisal-sonuclar\/","title":{"rendered":"Say\u0131sal Sonu\u00e7lar"},"content":{"rendered":"\n<div class=\"wp-block-query is-layout-flow wp-block-query-is-layout-flow\"><ul class=\"wp-block-post-template has-small-font-size is-layout-flow wp-block-post-template-is-layout-flow\"><li class=\"wp-block-post post-200 post type-post status-publish format-standard hentry category-sayisal-sonuclar\">\n\n<div class=\"wp-block-columns are-vertically-aligned-center is-layout-flex wp-container-core-columns-is-layout-d7b32ef9 wp-block-columns-is-layout-flex\">\n<div class=\"wp-block-column is-vertically-aligned-center is-layout-flow wp-block-column-is-layout-flow\" style=\"flex-basis:100px\"><\/div>\n\n\n\n<div class=\"wp-block-column is-vertically-aligned-center is-layout-flow wp-block-column-is-layout-flow\"><h2 style=\"margin-bottom:0.5rem;\" class=\"wp-block-post-title has-medium-font-size\"><a href=\"https:\/\/blog.metu.edu.tr\/e265438\/rich-fuel-combustion-2d-hot-supersonic-impinging-jet\/\" target=\"_self\" >Rich Fuel Combustion &#8211; 2D Hot Supersonic Impinging Jet<\/a><\/h2>\n\n<div style=\"margin-bottom:0.5rem;\" class=\"wp-block-post-excerpt\"><p class=\"wp-block-post-excerpt__excerpt\"><\/p><p class=\"wp-block-post-excerpt__more-text\"><a class=\"wp-block-post-excerpt__more-link\" href=\"https:\/\/blog.metu.edu.tr\/e265438\/rich-fuel-combustion-2d-hot-supersonic-impinging-jet\/\">Devam\u0131n\u0131 oku<\/a><\/p><\/div>\n\n\n<div class=\"wp-block-group is-nowrap is-layout-flex wp-container-core-group-is-layout-9510437d wp-block-group-is-layout-flex\"><div style=\"color:#999999;\" class=\"wp-block-post-date has-text-color has-x-small-font-size\"><time datetime=\"2025-10-15T14:50:29+00:00\">October 15, 2025<\/time><\/div>\n\n<div style=\"color:#999999;\" class=\"wp-block-post-author has-text-color has-x-small-font-size\"><div class=\"wp-block-post-author__content\"><p class=\"wp-block-post-author__name\">tohid ghorbani iriolya<\/p><\/div><\/div><\/div>\n<\/div>\n<\/div>\n\n<\/li><li class=\"wp-block-post post-195 post type-post status-publish format-standard hentry category-sayisal-sonuclar\">\n\n<div class=\"wp-block-columns are-vertically-aligned-center is-layout-flex wp-container-core-columns-is-layout-d7b32ef9 wp-block-columns-is-layout-flex\">\n<div class=\"wp-block-column is-vertically-aligned-center is-layout-flow wp-block-column-is-layout-flow\" style=\"flex-basis:100px\"><\/div>\n\n\n\n<div class=\"wp-block-column is-vertically-aligned-center is-layout-flow wp-block-column-is-layout-flow\"><h2 style=\"margin-bottom:0.5rem;\" class=\"wp-block-post-title has-medium-font-size\"><a href=\"https:\/\/blog.metu.edu.tr\/e265438\/water-injection-on-2d-hot-supersonic-impinging-jet\/\" target=\"_self\" >Water Injection On 2D Hot Supersonic Impinging Jet<\/a><\/h2>\n\n<div style=\"margin-bottom:0.5rem;\" class=\"wp-block-post-excerpt\"><p class=\"wp-block-post-excerpt__excerpt\"><\/p><p class=\"wp-block-post-excerpt__more-text\"><a class=\"wp-block-post-excerpt__more-link\" href=\"https:\/\/blog.metu.edu.tr\/e265438\/water-injection-on-2d-hot-supersonic-impinging-jet\/\">Devam\u0131n\u0131 oku<\/a><\/p><\/div>\n\n\n<div class=\"wp-block-group is-nowrap is-layout-flex wp-container-core-group-is-layout-9510437d wp-block-group-is-layout-flex\"><div style=\"color:#999999;\" class=\"wp-block-post-date has-text-color has-x-small-font-size\"><time datetime=\"2025-10-15T14:32:56+00:00\">October 15, 2025<\/time><\/div>\n\n<div style=\"color:#999999;\" class=\"wp-block-post-author has-text-color has-x-small-font-size\"><div class=\"wp-block-post-author__content\"><p class=\"wp-block-post-author__name\">tohid ghorbani iriolya<\/p><\/div><\/div><\/div>\n<\/div>\n<\/div>\n\n<\/li><li class=\"wp-block-post post-190 post type-post status-publish format-standard hentry category-sayisal-sonuclar\">\n\n<div class=\"wp-block-columns are-vertically-aligned-center is-layout-flex wp-container-core-columns-is-layout-d7b32ef9 wp-block-columns-is-layout-flex\">\n<div class=\"wp-block-column is-vertically-aligned-center is-layout-flow wp-block-column-is-layout-flow\" style=\"flex-basis:100px\"><\/div>\n\n\n\n<div class=\"wp-block-column is-vertically-aligned-center is-layout-flow wp-block-column-is-layout-flow\"><h2 style=\"margin-bottom:0.5rem;\" class=\"wp-block-post-title has-medium-font-size\"><a href=\"https:\/\/blog.metu.edu.tr\/e265438\/non-reactive-hot-air-2d-supersonic-impinging-jet\/\" target=\"_self\" >Non-reactive-Hot Air- 2D Supersonic Impinging Jet<\/a><\/h2>\n\n<div style=\"margin-bottom:0.5rem;\" class=\"wp-block-post-excerpt\"><p class=\"wp-block-post-excerpt__excerpt\"><\/p><p class=\"wp-block-post-excerpt__more-text\"><a class=\"wp-block-post-excerpt__more-link\" href=\"https:\/\/blog.metu.edu.tr\/e265438\/non-reactive-hot-air-2d-supersonic-impinging-jet\/\">Devam\u0131n\u0131 oku<\/a><\/p><\/div>\n\n\n<div class=\"wp-block-group is-nowrap is-layout-flex wp-container-core-group-is-layout-9510437d wp-block-group-is-layout-flex\"><div style=\"color:#999999;\" class=\"wp-block-post-date has-text-color has-x-small-font-size\"><time datetime=\"2025-10-15T14:19:40+00:00\">October 15, 2025<\/time><\/div>\n\n<div style=\"color:#999999;\" class=\"wp-block-post-author has-text-color has-x-small-font-size\"><div class=\"wp-block-post-author__content\"><p class=\"wp-block-post-author__name\">tohid ghorbani iriolya<\/p><\/div><\/div><\/div>\n<\/div>\n<\/div>\n\n<\/li><li class=\"wp-block-post post-188 post type-post status-publish format-standard hentry category-sayisal-sonuclar\">\n\n<div class=\"wp-block-columns are-vertically-aligned-center is-layout-flex wp-container-core-columns-is-layout-d7b32ef9 wp-block-columns-is-layout-flex\">\n<div class=\"wp-block-column is-vertically-aligned-center is-layout-flow wp-block-column-is-layout-flow\" style=\"flex-basis:100px\"><\/div>\n\n\n\n<div class=\"wp-block-column is-vertically-aligned-center is-layout-flow wp-block-column-is-layout-flow\"><h2 style=\"margin-bottom:0.5rem;\" class=\"wp-block-post-title has-medium-font-size\"><a href=\"https:\/\/blog.metu.edu.tr\/e265438\/correctly-expanded-supersonic-free-jet-1-63-exit-mach\/\" target=\"_self\" >Correctly Expanded Supersonic Free Jet 1.63 Exit Mach<\/a><\/h2>\n\n<div style=\"margin-bottom:0.5rem;\" class=\"wp-block-post-excerpt\"><p class=\"wp-block-post-excerpt__excerpt\"><\/p><p class=\"wp-block-post-excerpt__more-text\"><a class=\"wp-block-post-excerpt__more-link\" href=\"https:\/\/blog.metu.edu.tr\/e265438\/correctly-expanded-supersonic-free-jet-1-63-exit-mach\/\">Devam\u0131n\u0131 oku<\/a><\/p><\/div>\n\n\n<div class=\"wp-block-group is-nowrap is-layout-flex wp-container-core-group-is-layout-9510437d wp-block-group-is-layout-flex\"><div style=\"color:#999999;\" class=\"wp-block-post-date has-text-color has-x-small-font-size\"><time datetime=\"2025-10-15T14:16:17+00:00\">October 15, 2025<\/time><\/div>\n\n<div style=\"color:#999999;\" class=\"wp-block-post-author has-text-color has-x-small-font-size\"><div class=\"wp-block-post-author__content\"><p class=\"wp-block-post-author__name\">tohid ghorbani iriolya<\/p><\/div><\/div><\/div>\n<\/div>\n<\/div>\n\n<\/li><li class=\"wp-block-post post-186 post type-post status-publish format-standard hentry category-sayisal-sonuclar\">\n\n<div class=\"wp-block-columns are-vertically-aligned-center is-layout-flex wp-container-core-columns-is-layout-d7b32ef9 wp-block-columns-is-layout-flex\">\n<div class=\"wp-block-column is-vertically-aligned-center is-layout-flow wp-block-column-is-layout-flow\" style=\"flex-basis:100px\"><\/div>\n\n\n\n<div class=\"wp-block-column is-vertically-aligned-center is-layout-flow wp-block-column-is-layout-flow\"><h2 style=\"margin-bottom:0.5rem;\" class=\"wp-block-post-title has-medium-font-size\"><a href=\"https:\/\/blog.metu.edu.tr\/e265438\/correctly-expanded-supersonic-free-jet-1-8-exit-mach\/\" target=\"_self\" >Correctly Expanded Supersonic Free Jet 1.8 Exit Mach<\/a><\/h2>\n\n<div style=\"margin-bottom:0.5rem;\" class=\"wp-block-post-excerpt\"><p class=\"wp-block-post-excerpt__excerpt\"><\/p><p class=\"wp-block-post-excerpt__more-text\"><a class=\"wp-block-post-excerpt__more-link\" href=\"https:\/\/blog.metu.edu.tr\/e265438\/correctly-expanded-supersonic-free-jet-1-8-exit-mach\/\">Devam\u0131n\u0131 oku<\/a><\/p><\/div>\n\n\n<div class=\"wp-block-group is-nowrap is-layout-flex wp-container-core-group-is-layout-9510437d wp-block-group-is-layout-flex\"><div style=\"color:#999999;\" class=\"wp-block-post-date has-text-color has-x-small-font-size\"><time datetime=\"2025-10-15T14:13:35+00:00\">October 15, 2025<\/time><\/div>\n\n<div style=\"color:#999999;\" class=\"wp-block-post-author has-text-color has-x-small-font-size\"><div class=\"wp-block-post-author__content\"><p class=\"wp-block-post-author__name\">tohid ghorbani iriolya<\/p><\/div><\/div><\/div>\n<\/div>\n<\/div>\n\n<\/li><li class=\"wp-block-post post-153 post type-post status-publish format-standard has-post-thumbnail hentry category-sayisal-sonuclar\">\n\n<div class=\"wp-block-columns are-vertically-aligned-center is-layout-flex wp-container-core-columns-is-layout-d7b32ef9 wp-block-columns-is-layout-flex\">\n<div class=\"wp-block-column is-vertically-aligned-center is-layout-flow wp-block-column-is-layout-flow\" style=\"flex-basis:100px\"><figure style=\"aspect-ratio:1;width:100px;height:100px;\" class=\"wp-block-post-featured-image\"><a href=\"https:\/\/blog.metu.edu.tr\/e265438\/kore-kalkis-rampasi-modellemesi\/\" target=\"_self\"  style=\"height:100px\"><img loading=\"lazy\" decoding=\"async\" width=\"150\" height=\"150\" src=\"https:\/\/blog.metu.edu.tr\/e265438\/files\/2025\/04\/WhatsApp-Image-2025-03-18-at-16.47.461-150x150.jpeg\" class=\"attachment-thumbnail size-thumbnail wp-post-image\" alt=\"3-Boyutlu Kalk\u0131\u015f Rampas\u0131 Modellemesi\" style=\"border-radius:8px;width:100%;height:100%;object-fit:cover;\" srcset=\"https:\/\/blog.metu.edu.tr\/e265438\/files\/2025\/04\/WhatsApp-Image-2025-03-18-at-16.47.461-150x150.jpeg 150w, https:\/\/blog.metu.edu.tr\/e265438\/files\/2025\/04\/WhatsApp-Image-2025-03-18-at-16.47.461-375x375.jpeg 375w\" sizes=\"auto, (max-width: 150px) 100vw, 150px\" \/><\/a><\/figure><\/div>\n\n\n\n<div class=\"wp-block-column is-vertically-aligned-center is-layout-flow wp-block-column-is-layout-flow\"><h2 style=\"margin-bottom:0.5rem;\" class=\"wp-block-post-title has-medium-font-size\"><a href=\"https:\/\/blog.metu.edu.tr\/e265438\/kore-kalkis-rampasi-modellemesi\/\" target=\"_self\" >3-Boyutlu Kalk\u0131\u015f Rampas\u0131 Modellemesi<\/a><\/h2>\n\n<div style=\"margin-bottom:0.5rem;\" class=\"wp-block-post-excerpt\"><p class=\"wp-block-post-excerpt__excerpt\">Kore yap\u0131m\u0131 uzay arac\u0131 olan KSLV-II (Korea Space Launch Vehicle-II) ve bu arac\u0131n kalk\u0131\u015f rampas\u0131 konfig\u00fcrasyonu a\u00e7\u0131k-kaynak kodlu Hesaplamal\u0131 Ak\u0131\u015fkanlar Dinami\u011fi yaz\u0131l\u0131mlar\u0131 ile incelenmi\u015ftir. Geometri&hellip;<\/p><p class=\"wp-block-post-excerpt__more-text\"><a class=\"wp-block-post-excerpt__more-link\" href=\"https:\/\/blog.metu.edu.tr\/e265438\/kore-kalkis-rampasi-modellemesi\/\">Devam\u0131n\u0131 oku<\/a><\/p><\/div>\n\n\n<div class=\"wp-block-group is-nowrap is-layout-flex wp-container-core-group-is-layout-9510437d wp-block-group-is-layout-flex\"><div style=\"color:#999999;\" class=\"wp-block-post-date has-text-color has-x-small-font-size\"><time datetime=\"2025-04-07T10:36:34+00:00\">April 7, 2025<\/time><\/div>\n\n<div style=\"color:#999999;\" class=\"wp-block-post-author has-text-color has-x-small-font-size\"><div class=\"wp-block-post-author__content\"><p class=\"wp-block-post-author__name\">ercan umut danisan<\/p><\/div><\/div><\/div>\n<\/div>\n<\/div>\n\n<\/li><li class=\"wp-block-post post-151 post type-post status-publish format-standard has-post-thumbnail hentry category-sayisal-sonuclar\">\n\n<div class=\"wp-block-columns are-vertically-aligned-center is-layout-flex wp-container-core-columns-is-layout-d7b32ef9 wp-block-columns-is-layout-flex\">\n<div class=\"wp-block-column is-vertically-aligned-center is-layout-flow wp-block-column-is-layout-flow\" style=\"flex-basis:100px\"><figure style=\"aspect-ratio:1;width:100px;height:100px;\" class=\"wp-block-post-featured-image\"><a href=\"https:\/\/blog.metu.edu.tr\/e265438\/su2da-discrete-adjoint-yontemi-ile-tasarim-optimizasyonu-yapmak\/\" target=\"_self\"  style=\"height:100px\"><img loading=\"lazy\" decoding=\"async\" width=\"150\" height=\"150\" src=\"https:\/\/blog.metu.edu.tr\/e265438\/files\/2025\/03\/deneme.0100-150x150.png\" class=\"attachment-thumbnail size-thumbnail wp-post-image\" alt=\"SU2&#8217;da Discrete Adjoint Y\u00f6ntemi ile Tasar\u0131m Optimizasyonu Yapmak\" style=\"border-radius:8px;width:100%;height:100%;object-fit:cover;\" srcset=\"https:\/\/blog.metu.edu.tr\/e265438\/files\/2025\/03\/deneme.0100-150x150.png 150w, https:\/\/blog.metu.edu.tr\/e265438\/files\/2025\/03\/deneme.0100-375x375.png 375w\" sizes=\"auto, (max-width: 150px) 100vw, 150px\" \/><\/a><\/figure><\/div>\n\n\n\n<div class=\"wp-block-column is-vertically-aligned-center is-layout-flow wp-block-column-is-layout-flow\"><h2 style=\"margin-bottom:0.5rem;\" class=\"wp-block-post-title has-medium-font-size\"><a href=\"https:\/\/blog.metu.edu.tr\/e265438\/su2da-discrete-adjoint-yontemi-ile-tasarim-optimizasyonu-yapmak\/\" target=\"_self\" >SU2&#8217;da Discrete Adjoint Y\u00f6ntemi ile Tasar\u0131m Optimizasyonu Yapmak<\/a><\/h2>\n\n<div style=\"margin-bottom:0.5rem;\" class=\"wp-block-post-excerpt\"><p class=\"wp-block-post-excerpt__excerpt\">SU2 \u00e7\u00f6z\u00fcc\u00fcs\u00fc, yo\u011funluk-tabanl\u0131 (density-based) ak\u0131\u015flarda, \u00f6ncelikle aerodinamik tasar\u0131m optimizasyonu ve genel HAD \u00e7\u00f6z\u00fcmleri i\u00e7in geli\u015ftirilmi\u015ftir. Bu kapsamda SU2 i\u00e7erisinde e\u011fim(gradyan)-tabanl\u0131 Continous ve Discrete Adjoint y\u00f6ntemleri&hellip;<\/p><p class=\"wp-block-post-excerpt__more-text\"><a class=\"wp-block-post-excerpt__more-link\" href=\"https:\/\/blog.metu.edu.tr\/e265438\/su2da-discrete-adjoint-yontemi-ile-tasarim-optimizasyonu-yapmak\/\">Devam\u0131n\u0131 oku<\/a><\/p><\/div>\n\n\n<div class=\"wp-block-group is-nowrap is-layout-flex wp-container-core-group-is-layout-9510437d wp-block-group-is-layout-flex\"><div style=\"color:#999999;\" class=\"wp-block-post-date has-text-color has-x-small-font-size\"><time datetime=\"2025-03-08T14:01:53+00:00\">March 8, 2025<\/time><\/div>\n\n<div style=\"color:#999999;\" class=\"wp-block-post-author has-text-color has-x-small-font-size\"><div class=\"wp-block-post-author__content\"><p class=\"wp-block-post-author__name\">ercan umut danisan<\/p><\/div><\/div><\/div>\n<\/div>\n<\/div>\n\n<\/li><li class=\"wp-block-post post-119 post type-post status-publish format-standard has-post-thumbnail hentry category-sayisal-sonuclar\">\n\n<div class=\"wp-block-columns are-vertically-aligned-center is-layout-flex wp-container-core-columns-is-layout-d7b32ef9 wp-block-columns-is-layout-flex\">\n<div class=\"wp-block-column is-vertically-aligned-center is-layout-flow wp-block-column-is-layout-flow\" style=\"flex-basis:100px\"><figure style=\"aspect-ratio:1;width:100px;height:100px;\" class=\"wp-block-post-featured-image\"><a href=\"https:\/\/blog.metu.edu.tr\/e265438\/3-boyutlu-lule-analizi\/\" target=\"_self\"  style=\"height:100px\"><img loading=\"lazy\" decoding=\"async\" width=\"150\" height=\"150\" src=\"https:\/\/blog.metu.edu.tr\/e265438\/files\/2025\/03\/Screenshot-from-2025-03-04-11-22-21-150x150.png\" class=\"attachment-thumbnail size-thumbnail wp-post-image\" alt=\"3-Boyutlu L\u00fcle Analizi\" style=\"border-radius:8px;width:100%;height:100%;object-fit:cover;\" srcset=\"https:\/\/blog.metu.edu.tr\/e265438\/files\/2025\/03\/Screenshot-from-2025-03-04-11-22-21-150x150.png 150w, https:\/\/blog.metu.edu.tr\/e265438\/files\/2025\/03\/Screenshot-from-2025-03-04-11-22-21-375x375.png 375w\" sizes=\"auto, (max-width: 150px) 100vw, 150px\" \/><\/a><\/figure><\/div>\n\n\n\n<div class=\"wp-block-column is-vertically-aligned-center is-layout-flow wp-block-column-is-layout-flow\"><h2 style=\"margin-bottom:0.5rem;\" class=\"wp-block-post-title has-medium-font-size\"><a href=\"https:\/\/blog.metu.edu.tr\/e265438\/3-boyutlu-lule-analizi\/\" target=\"_self\" >3-Boyutlu L\u00fcle Analizi<\/a><\/h2>\n\n<div style=\"margin-bottom:0.5rem;\" class=\"wp-block-post-excerpt\"><p class=\"wp-block-post-excerpt__excerpt\"><\/p><p class=\"wp-block-post-excerpt__more-text\"><a class=\"wp-block-post-excerpt__more-link\" href=\"https:\/\/blog.metu.edu.tr\/e265438\/3-boyutlu-lule-analizi\/\">Devam\u0131n\u0131 oku<\/a><\/p><\/div>\n\n\n<div class=\"wp-block-group is-nowrap is-layout-flex wp-container-core-group-is-layout-9510437d wp-block-group-is-layout-flex\"><div style=\"color:#999999;\" class=\"wp-block-post-date has-text-color has-x-small-font-size\"><time datetime=\"2025-03-03T08:55:52+00:00\">March 3, 2025<\/time><\/div>\n\n<div style=\"color:#999999;\" class=\"wp-block-post-author has-text-color has-x-small-font-size\"><div class=\"wp-block-post-author__content\"><p class=\"wp-block-post-author__name\">ercan umut danisan<\/p><\/div><\/div><\/div>\n<\/div>\n<\/div>\n\n<\/li><\/ul>\n\n\n\n<\/div>\n","protected":false},"excerpt":{"rendered":"","protected":false},"author":9337,"featured_media":160,"parent":75,"menu_order":0,"comment_status":"closed","ping_status":"closed","template":"","meta":{"footnotes":"","_links_to":"","_links_to_target":""},"class_list":["post-83","page","type-page","status-publish","has-post-thumbnail","hentry"],"_links":{"self":[{"href":"https:\/\/blog.metu.edu.tr\/e265438\/wp-json\/wp\/v2\/pages\/83","targetHints":{"allow":["GET"]}}],"collection":[{"href":"https:\/\/blog.metu.edu.tr\/e265438\/wp-json\/wp\/v2\/pages"}],"about":[{"href":"https:\/\/blog.metu.edu.tr\/e265438\/wp-json\/wp\/v2\/types\/page"}],"author":[{"embeddable":true,"href":"https:\/\/blog.metu.edu.tr\/e265438\/wp-json\/wp\/v2\/users\/9337"}],"replies":[{"embeddable":true,"href":"https:\/\/blog.metu.edu.tr\/e265438\/wp-json\/wp\/v2\/comments?post=83"}],"version-history":[{"count":0,"href":"https:\/\/blog.metu.edu.tr\/e265438\/wp-json\/wp\/v2\/pages\/83\/revisions"}],"up":[{"embeddable":true,"href":"https:\/\/blog.metu.edu.tr\/e265438\/wp-json\/wp\/v2\/pages\/75"}],"wp:featuredmedia":[{"embeddable":true,"href":"https:\/\/blog.metu.edu.tr\/e265438\/wp-json\/wp\/v2\/media\/160"}],"wp:attachment":[{"href":"https:\/\/blog.metu.edu.tr\/e265438\/wp-json\/wp\/v2\/media?parent=83"}],"curies":[{"name":"wp","href":"https:\/\/api.w.org\/{rel}","templated":true}]}}